{"id":3958,"date":"2024-03-11T15:19:40","date_gmt":"2024-03-11T21:19:40","guid":{"rendered":"https:\/\/libreriahistoriasdebolsillo.com\/?post_type=product&#038;p=3958"},"modified":"2026-01-30T18:23:46","modified_gmt":"2026-01-31T00:23:46","slug":"el-aroma-a-lavanda","status":"publish","type":"product","link":"https:\/\/libreriahistoriasdebolsillo.com\/index.php\/producto\/el-aroma-a-lavanda\/","title":{"rendered":"El aroma a lavanda"},"content":{"rendered":"<p><b>UNA TR\u00c1GICA HISTORIA<\/b>\u00a0<b>QUE MUESTRA QUE EL AMOR EXISTE<\/b>\u00a0<b>INCLUSO CUANDO TODO VA EN CONTRA, INCLUSO A PESAR DEL DOLOR.<\/b><\/p>\n<p>Luego de recibir amenazas de\u00a0<b>muerte<\/b>\u00a0Franco debe\u00a0<b>huir<\/b>\u00a0al pueblo de su madre. Ah\u00ed se da cuenta de que la vida no es tan f\u00e1cil como sol\u00eda ser en la ciudad: no tiene amigos, la gente es\u00a0<b>hostil<\/b>\u00a0y, adem\u00e1s, las costumbres del pueblo son un tanto\u00a0<b>conservadoras<\/b>.<\/p>\n<p>Todo va mal hasta que conoce a\u00a0<b>\u00c1ureo<\/b>, un chico cabizbajo y t\u00edmido que siempre est\u00e1 sentado<\/p>\n<p>al fondo del sal\u00f3n y a quien todos\u00a0<b>molestan<\/b>.<\/p>\n<p>\u00bfQui\u00e9n dir\u00eda que se volver\u00edan amigos en\u00a0<b>secreto<\/b>&#8230;e incluso m\u00e1s que eso?<\/p>\n","protected":false},"excerpt":{"rendered":"<p>Dara Cabushtak<\/p>\n","protected":false},"featured_media":3959,"template":"","meta":{"_joinchat":[]},"product_brand":[],"product_cat":[38],"product_tag":[34],"class_list":{"0":"post-3958","1":"product","2":"type-product","3":"status-publish","4":"has-post-thumbnail","6":"product_cat-lgbtq","7":"product_tag-penguin-random-house","9":"first","10":"outofstock","11":"shipping-taxable","12":"purchasable","13":"product-type-simple"},"_links":{"self":[{"href":"https:\/\/libreriahistoriasdebolsillo.com\/index.php\/wp-json\/wp\/v2\/product\/3958","targetHints":{"allow":["GET"]}}],"collection":[{"href":"https:\/\/libreriahistoriasdebolsillo.com\/index.php\/wp-json\/wp\/v2\/product"}],"about":[{"href":"https:\/\/libreriahistoriasdebolsillo.com\/index.php\/wp-json\/wp\/v2\/types\/product"}],"wp:featuredmedia":[{"embeddable":true,"href":"https:\/\/libreriahistoriasdebolsillo.com\/index.php\/wp-json\/wp\/v2\/media\/3959"}],"wp:attachment":[{"href":"https:\/\/libreriahistoriasdebolsillo.com\/index.php\/wp-json\/wp\/v2\/media?parent=3958"}],"wp:term":[{"taxonomy":"product_brand","embeddable":true,"href":"https:\/\/libreriahistoriasdebolsillo.com\/index.php\/wp-json\/wp\/v2\/product_brand?post=3958"},{"taxonomy":"product_cat","embeddable":true,"href":"https:\/\/libreriahistoriasdebolsillo.com\/index.php\/wp-json\/wp\/v2\/product_cat?post=3958"},{"taxonomy":"product_tag","embeddable":true,"href":"https:\/\/libreriahistoriasdebolsillo.com\/index.php\/wp-json\/wp\/v2\/product_tag?post=3958"}],"curies":[{"name":"wp","href":"https:\/\/api.w.org\/{rel}","templated":true}]}}