{"id":3980,"date":"2024-03-15T15:01:06","date_gmt":"2024-03-15T21:01:06","guid":{"rendered":"https:\/\/libreriahistoriasdebolsillo.com\/?post_type=product&#038;p=3980"},"modified":"2026-03-11T22:31:45","modified_gmt":"2026-03-12T04:31:45","slug":"pequenos-clasicos-caperucita-roja","status":"publish","type":"product","link":"https:\/\/libreriahistoriasdebolsillo.com\/index.php\/producto\/pequenos-clasicos-caperucita-roja\/","title":{"rendered":"Peque\u00f1os cl\u00e1sicos. Caperucita roja"},"content":{"rendered":"<p>\u00a1Cuentos para leer y compartir hoy y siempre! Revive los cl\u00e1sicos infantiles con esta colecci\u00f3n. Adaptado al p\u00fablico m\u00e1s joven, fomentar\u00e1n el desarrollo de la lectura. Estimulando su imaginaci\u00f3n y creatividad.<\/p>\n","protected":false},"excerpt":{"rendered":"<p>\u00a1Cuentos para leer y compartir hoy y siempre! Revive los cl\u00e1sicos infantiles con esta colecci\u00f3n. Adaptado al p\u00fablico m\u00e1s joven, fomentar\u00e1n el desarrollo de la lectura. Estimulando su imaginaci\u00f3n y creatividad.<\/p>\n","protected":false},"featured_media":3981,"template":"","meta":{"_joinchat":[]},"product_brand":[],"product_cat":[54,51],"product_tag":[48],"class_list":{"0":"post-3980","1":"product","2":"type-product","3":"status-publish","4":"has-post-thumbnail","6":"product_cat-infantil","7":"product_cat-oferta","8":"product_tag-vr-editoras","10":"first","11":"instock","12":"shipping-taxable","13":"purchasable","14":"product-type-simple"},"_links":{"self":[{"href":"https:\/\/libreriahistoriasdebolsillo.com\/index.php\/wp-json\/wp\/v2\/product\/3980","targetHints":{"allow":["GET"]}}],"collection":[{"href":"https:\/\/libreriahistoriasdebolsillo.com\/index.php\/wp-json\/wp\/v2\/product"}],"about":[{"href":"https:\/\/libreriahistoriasdebolsillo.com\/index.php\/wp-json\/wp\/v2\/types\/product"}],"wp:featuredmedia":[{"embeddable":true,"href":"https:\/\/libreriahistoriasdebolsillo.com\/index.php\/wp-json\/wp\/v2\/media\/3981"}],"wp:attachment":[{"href":"https:\/\/libreriahistoriasdebolsillo.com\/index.php\/wp-json\/wp\/v2\/media?parent=3980"}],"wp:term":[{"taxonomy":"product_brand","embeddable":true,"href":"https:\/\/libreriahistoriasdebolsillo.com\/index.php\/wp-json\/wp\/v2\/product_brand?post=3980"},{"taxonomy":"product_cat","embeddable":true,"href":"https:\/\/libreriahistoriasdebolsillo.com\/index.php\/wp-json\/wp\/v2\/product_cat?post=3980"},{"taxonomy":"product_tag","embeddable":true,"href":"https:\/\/libreriahistoriasdebolsillo.com\/index.php\/wp-json\/wp\/v2\/product_tag?post=3980"}],"curies":[{"name":"wp","href":"https:\/\/api.w.org\/{rel}","templated":true}]}}