{"id":3984,"date":"2024-03-15T15:07:47","date_gmt":"2024-03-15T21:07:47","guid":{"rendered":"https:\/\/libreriahistoriasdebolsillo.com\/?post_type=product&#038;p=3984"},"modified":"2025-11-26T18:15:46","modified_gmt":"2025-11-27T00:15:46","slug":"la-ninera","status":"publish","type":"product","link":"https:\/\/libreriahistoriasdebolsillo.com\/index.php\/producto\/la-ninera\/","title":{"rendered":"La ni\u00f1era"},"content":{"rendered":"<p>Despu\u00e9s de perder su trabajo, Cassie Evans tiene dos opciones: o consigue un nuevo trabajo (y r\u00e1pido) o vuelve a abrir su cuenta de OnlyFans. Pero trabajo no hay y en cuanto a OnlyFans&#8230; bueno, hay razones por las que no puede volver. Justo cuando ha perdido todas las esperanzas, un anuncio de un puesto de ni\u00f1era parece la soluci\u00f3n a todos sus problemas, hasta que conoce a su posible empleador. Pronto descubre que Aiden (su empleador) no es un extra\u00f1o, sino alguien que est\u00e1 muy familiarizado con ella, o al menos con su cuerpo. Cassie no sabe qu\u00e9 hacer, ya que \u00e9l no la recuerda. A medida que su relaci\u00f3n se calienta m\u00e1s que cualquier cocina en la que Aiden haya trabajado, Cassie se debate entre contarle la verdad y la posibilidad m\u00e1s aterradora: perder la mejor oportunidad de ser feliz que ha tenido.<\/p>\n","protected":false},"excerpt":{"rendered":"<p>Lana Ferguson<\/p>\n","protected":false},"featured_media":3985,"template":"","meta":{"_joinchat":[]},"product_brand":[],"product_cat":[35],"product_tag":[48],"class_list":{"0":"post-3984","1":"product","2":"type-product","3":"status-publish","4":"has-post-thumbnail","6":"product_cat-romantica","7":"product_tag-vr-editoras","9":"first","10":"instock","11":"shipping-taxable","12":"purchasable","13":"product-type-simple"},"_links":{"self":[{"href":"https:\/\/libreriahistoriasdebolsillo.com\/index.php\/wp-json\/wp\/v2\/product\/3984","targetHints":{"allow":["GET"]}}],"collection":[{"href":"https:\/\/libreriahistoriasdebolsillo.com\/index.php\/wp-json\/wp\/v2\/product"}],"about":[{"href":"https:\/\/libreriahistoriasdebolsillo.com\/index.php\/wp-json\/wp\/v2\/types\/product"}],"wp:featuredmedia":[{"embeddable":true,"href":"https:\/\/libreriahistoriasdebolsillo.com\/index.php\/wp-json\/wp\/v2\/media\/3985"}],"wp:attachment":[{"href":"https:\/\/libreriahistoriasdebolsillo.com\/index.php\/wp-json\/wp\/v2\/media?parent=3984"}],"wp:term":[{"taxonomy":"product_brand","embeddable":true,"href":"https:\/\/libreriahistoriasdebolsillo.com\/index.php\/wp-json\/wp\/v2\/product_brand?post=3984"},{"taxonomy":"product_cat","embeddable":true,"href":"https:\/\/libreriahistoriasdebolsillo.com\/index.php\/wp-json\/wp\/v2\/product_cat?post=3984"},{"taxonomy":"product_tag","embeddable":true,"href":"https:\/\/libreriahistoriasdebolsillo.com\/index.php\/wp-json\/wp\/v2\/product_tag?post=3984"}],"curies":[{"name":"wp","href":"https:\/\/api.w.org\/{rel}","templated":true}]}}