{"id":4003,"date":"2024-03-19T13:22:01","date_gmt":"2024-03-19T19:22:01","guid":{"rendered":"https:\/\/libreriahistoriasdebolsillo.com\/?post_type=product&#038;p=4003"},"modified":"2025-02-14T17:58:28","modified_gmt":"2025-02-14T23:58:28","slug":"oraculo-de-las-diosas","status":"publish","type":"product","link":"https:\/\/libreriahistoriasdebolsillo.com\/index.php\/producto\/oraculo-de-las-diosas\/","title":{"rendered":"Or\u00e1culo de las diosas"},"content":{"rendered":"<div id=\"detpestanias\">\n<div id=\"tabsinopsis\">\n<p class=\"bodytext\">Este Or\u00e1culo de las Diosas nos presenta la oportunidad de abrirnos a un conocimiento ancestral, no solo desde lo cognitivo sino adem\u00e1s desde lo espiritual para adentrarnos en el autoconocimiento. Nos invita a un viaje por el universo de los arquetipos femeninos de diferentes culturas y universos mitol\u00f3gicos que trascienden las fronteras, los tiempos y las creencias. Amorosas, protectoras y combativas, ellas son las portadoras y voceras de la esencia femenina. Este or\u00e1culo te hablar\u00e1 y responder\u00e1 con voz de mujer, una voz sabia y poderosa que rescata las ra\u00edces ancestrales y se presentan como en una constelaci\u00f3n brillante para indicarte el camino.<\/p>\n<\/div>\n<\/div>\n","protected":false},"excerpt":{"rendered":"<p>Gaba Robin y Bruja Pop<\/p>\n","protected":false},"featured_media":4004,"template":"","meta":{"_joinchat":[]},"product_brand":[],"product_cat":[59,41],"product_tag":[48],"class_list":{"0":"post-4003","1":"product","2":"type-product","3":"status-publish","4":"has-post-thumbnail","6":"product_cat-esoterismo","7":"product_cat-desarrollo-humano","8":"product_tag-vr-editoras","10":"first","11":"outofstock","12":"shipping-taxable","13":"purchasable","14":"product-type-simple"},"_links":{"self":[{"href":"https:\/\/libreriahistoriasdebolsillo.com\/index.php\/wp-json\/wp\/v2\/product\/4003","targetHints":{"allow":["GET"]}}],"collection":[{"href":"https:\/\/libreriahistoriasdebolsillo.com\/index.php\/wp-json\/wp\/v2\/product"}],"about":[{"href":"https:\/\/libreriahistoriasdebolsillo.com\/index.php\/wp-json\/wp\/v2\/types\/product"}],"wp:featuredmedia":[{"embeddable":true,"href":"https:\/\/libreriahistoriasdebolsillo.com\/index.php\/wp-json\/wp\/v2\/media\/4004"}],"wp:attachment":[{"href":"https:\/\/libreriahistoriasdebolsillo.com\/index.php\/wp-json\/wp\/v2\/media?parent=4003"}],"wp:term":[{"taxonomy":"product_brand","embeddable":true,"href":"https:\/\/libreriahistoriasdebolsillo.com\/index.php\/wp-json\/wp\/v2\/product_brand?post=4003"},{"taxonomy":"product_cat","embeddable":true,"href":"https:\/\/libreriahistoriasdebolsillo.com\/index.php\/wp-json\/wp\/v2\/product_cat?post=4003"},{"taxonomy":"product_tag","embeddable":true,"href":"https:\/\/libreriahistoriasdebolsillo.com\/index.php\/wp-json\/wp\/v2\/product_tag?post=4003"}],"curies":[{"name":"wp","href":"https:\/\/api.w.org\/{rel}","templated":true}]}}