{"id":4005,"date":"2024-03-19T13:26:10","date_gmt":"2024-03-19T19:26:10","guid":{"rendered":"https:\/\/libreriahistoriasdebolsillo.com\/?post_type=product&#038;p=4005"},"modified":"2024-10-01T20:16:53","modified_gmt":"2024-10-02T02:16:53","slug":"preguntale-al-oraculo","status":"publish","type":"product","link":"https:\/\/libreriahistoriasdebolsillo.com\/index.php\/producto\/preguntale-al-oraculo\/","title":{"rendered":"Preg\u00fantale al or\u00e1culo"},"content":{"rendered":"<p>Preg\u00fantale al or\u00e1culo y reg\u00e1late un instante para ti. Crea esa magia sagrada que surge al mirar en tu interior y conecta contigo a trav\u00e9s de los mensajes secretos de este libro. Lee en orden una carta por d\u00eda o haz una pregunta, luego \u00e1brelo al azar y descubre qu\u00e9 te responde el universo. D\u00e9jate abrazar por el momento de reflexi\u00f3n e introspecci\u00f3n que tanto necesitas. Inspiradas por la secci\u00f3n #Comentarot de su programa de radio, Ingrid Coronado y Tamara Vargas decidieron crear una herramienta que te gu\u00ede y te brinde la confianza que necesitas para tomar acci\u00f3n en tu vida. El m\u00e9todo es simple: cuesti\u00f3nate, deja que el or\u00e1culo conteste y adapta la respuesta a tus circunstancias cotidianas. Constituido por 108 cartas, Preg\u00fantale al or\u00e1culo es un libro perfectamente pensado para traer la armon\u00eda a tu vida a partir del poderoso significado de estos d\u00edgitos y que ha trascendido durante siglos.<\/p>\n","protected":false},"excerpt":{"rendered":"<p>Ingrid Coronado y Tamara Vargas<\/p>\n","protected":false},"featured_media":4006,"template":"","meta":{"_joinchat":[]},"product_brand":[],"product_cat":[59,41],"product_tag":[48],"class_list":{"0":"post-4005","1":"product","2":"type-product","3":"status-publish","4":"has-post-thumbnail","6":"product_cat-esoterismo","7":"product_cat-desarrollo-humano","8":"product_tag-vr-editoras","10":"first","11":"outofstock","12":"shipping-taxable","13":"purchasable","14":"product-type-simple"},"_links":{"self":[{"href":"https:\/\/libreriahistoriasdebolsillo.com\/index.php\/wp-json\/wp\/v2\/product\/4005","targetHints":{"allow":["GET"]}}],"collection":[{"href":"https:\/\/libreriahistoriasdebolsillo.com\/index.php\/wp-json\/wp\/v2\/product"}],"about":[{"href":"https:\/\/libreriahistoriasdebolsillo.com\/index.php\/wp-json\/wp\/v2\/types\/product"}],"wp:featuredmedia":[{"embeddable":true,"href":"https:\/\/libreriahistoriasdebolsillo.com\/index.php\/wp-json\/wp\/v2\/media\/4006"}],"wp:attachment":[{"href":"https:\/\/libreriahistoriasdebolsillo.com\/index.php\/wp-json\/wp\/v2\/media?parent=4005"}],"wp:term":[{"taxonomy":"product_brand","embeddable":true,"href":"https:\/\/libreriahistoriasdebolsillo.com\/index.php\/wp-json\/wp\/v2\/product_brand?post=4005"},{"taxonomy":"product_cat","embeddable":true,"href":"https:\/\/libreriahistoriasdebolsillo.com\/index.php\/wp-json\/wp\/v2\/product_cat?post=4005"},{"taxonomy":"product_tag","embeddable":true,"href":"https:\/\/libreriahistoriasdebolsillo.com\/index.php\/wp-json\/wp\/v2\/product_tag?post=4005"}],"curies":[{"name":"wp","href":"https:\/\/api.w.org\/{rel}","templated":true}]}}