{"id":4020,"date":"2024-03-21T13:46:07","date_gmt":"2024-03-21T19:46:07","guid":{"rendered":"https:\/\/libreriahistoriasdebolsillo.com\/?post_type=product&#038;p=4020"},"modified":"2026-04-16T10:16:47","modified_gmt":"2026-04-16T16:16:47","slug":"la-larga-marcha-nueva-portada","status":"publish","type":"product","link":"https:\/\/libreriahistoriasdebolsillo.com\/index.php\/producto\/la-larga-marcha-nueva-portada\/","title":{"rendered":"La larga marcha"},"content":{"rendered":"<p><b>Una inquietante novela futurista donde la realidad<\/b>\u00a0<b>supera a la fantas\u00eda m\u00e1s terror\u00edfica.<\/b><\/p>\n<p>El escenario: una sociedad\u00a0<b>ultraconservadora<\/b>\u00a0que ha llevado al paroxismo sus rasgos m\u00e1s perversos, dominada por un estado\u00a0<b>policial<\/b>. El acontecimiento: la m\u00e1s extraordinaria competici\u00f3n\u00a0<b>deportiva<\/b>, una agotadora marcha a pie, sin ayudas, sin poder disminuir la velocidad, sin meta, donde un solo resbal\u00f3n puede ser el\u00a0<b>\u00faltimo<\/b>. Los competidores: cien adolescentes elegidos por sorteo decididos a pasar sobre los cad\u00e1veres de sus compa\u00f1eros para ganar. El premio:\u00a0<b>fama y fortuna<\/b>de por vida para el ganador, el \u00faltimo que quede en pie, el \u00fanico superviviente. Solo uno triunfar\u00e1; los 99 restantes morir\u00e1n.<\/p>\n<p>Stephen King construye esta historia cruel y descarnada como solo \u00e9l puede hacerlo, manteniendo al lector sin aliento cual participante de la Larga Marcha.<\/p>\n","protected":false},"excerpt":{"rendered":"<p>Stephen King<\/p>\n","protected":false},"featured_media":4021,"template":"","meta":{"_joinchat":[]},"product_brand":[],"product_cat":[37,36],"product_tag":[34],"class_list":{"0":"post-4020","1":"product","2":"type-product","3":"status-publish","4":"has-post-thumbnail","6":"product_cat-misterio-y-thriller","7":"product_cat-terror-y-paranormal","8":"product_tag-penguin-random-house","10":"first","11":"instock","12":"shipping-taxable","13":"purchasable","14":"product-type-simple"},"_links":{"self":[{"href":"https:\/\/libreriahistoriasdebolsillo.com\/index.php\/wp-json\/wp\/v2\/product\/4020","targetHints":{"allow":["GET"]}}],"collection":[{"href":"https:\/\/libreriahistoriasdebolsillo.com\/index.php\/wp-json\/wp\/v2\/product"}],"about":[{"href":"https:\/\/libreriahistoriasdebolsillo.com\/index.php\/wp-json\/wp\/v2\/types\/product"}],"wp:featuredmedia":[{"embeddable":true,"href":"https:\/\/libreriahistoriasdebolsillo.com\/index.php\/wp-json\/wp\/v2\/media\/4021"}],"wp:attachment":[{"href":"https:\/\/libreriahistoriasdebolsillo.com\/index.php\/wp-json\/wp\/v2\/media?parent=4020"}],"wp:term":[{"taxonomy":"product_brand","embeddable":true,"href":"https:\/\/libreriahistoriasdebolsillo.com\/index.php\/wp-json\/wp\/v2\/product_brand?post=4020"},{"taxonomy":"product_cat","embeddable":true,"href":"https:\/\/libreriahistoriasdebolsillo.com\/index.php\/wp-json\/wp\/v2\/product_cat?post=4020"},{"taxonomy":"product_tag","embeddable":true,"href":"https:\/\/libreriahistoriasdebolsillo.com\/index.php\/wp-json\/wp\/v2\/product_tag?post=4020"}],"curies":[{"name":"wp","href":"https:\/\/api.w.org\/{rel}","templated":true}]}}