{"id":4035,"date":"2024-03-21T14:17:03","date_gmt":"2024-03-21T20:17:03","guid":{"rendered":"https:\/\/libreriahistoriasdebolsillo.com\/?post_type=product&#038;p=4035"},"modified":"2024-06-11T16:29:33","modified_gmt":"2024-06-11T22:29:33","slug":"el-plan-fenix","status":"publish","type":"product","link":"https:\/\/libreriahistoriasdebolsillo.com\/index.php\/producto\/el-plan-fenix\/","title":{"rendered":"El plan f\u00e9nix"},"content":{"rendered":"<p><b>Resurge de las cenizas con las 12 cualidades de las personas exitosas.<\/b><\/p>\n<p>Tal y como lo plantea\u00a0<b>el mito del Ave F\u00e9nix<\/b>, es posible\u00a0<b>resurgir de nuestras cenizas<\/b>\u00a0sin importar los fracasos anteriores. En una \u00e9poca de\u00a0<b>pospandemia por covid-19<\/b>, con un entorno complicado de alta inflaci\u00f3n, tanto individuos como empresas de todo tipo est\u00e1n obligados a reinventarse y salir fortalecidos, si es que quieren sobrevivir. Pero no todos lo logran a menos que sepanc\u00f3mo hacerlo.\u00a0<b>Brian Tracy, autor bestseller experto en temas de desarrollo personal<\/b>, nos muestra que, sin importar la problem\u00e1tica que nos aqueje, es posible levantarse de nuevo si incorporamos a nuestra vida diaria las\u00a0<b>12 cualidades de la gente exitosa\u00a0<\/b>que ense\u00f1a en estas p\u00e1ginas.<\/p>\n<p>En este libro aprender\u00e1s a:<\/p>\n<p>\u2022 Desarrollar un autoconcepto s\u00f3lido.<\/p>\n<p>\u2022 Lograr tus objetivos m\u00e1s r\u00e1pido de lo que nunca so\u00f1aste posible.<\/p>\n<p>\u2022 Establecer metas flexibles que se adapten a una econom\u00eda que cambia con rapidez.<\/p>\n<p>\u2022 Duplicar tu capacidad intelectual y agudizar tu intuici\u00f3n.<\/p>\n<p>\u2022 Borrar las emociones negativas.<\/p>\n<p>\u2022 Eliminar las distracciones causadas por el correo electr\u00f3nico, la mensajer\u00eda instant\u00e1nea y otros dispositivos de comunicaci\u00f3n electr\u00f3nica.<\/p>\n<p>\u2022 Dominar una f\u00f3rmula infalible de 12 puntos que cuadriplicar\u00e1 tu productividad.<\/p>\n<p>\u2022 Nutrir tus relaciones m\u00e1s importantes y dejar un legado. \u00a1Y mucho m\u00e1s!<\/p>\n","protected":false},"excerpt":{"rendered":"<p>Brian Tracy<\/p>\n","protected":false},"featured_media":4036,"template":"","meta":{"_joinchat":[]},"product_brand":[],"product_cat":[58,41],"product_tag":[34],"class_list":{"0":"post-4035","1":"product","2":"type-product","3":"status-publish","4":"has-post-thumbnail","6":"product_cat-desarrollo-humano-y-superacion","7":"product_cat-desarrollo-humano","8":"product_tag-penguin-random-house","10":"first","11":"outofstock","12":"shipping-taxable","13":"purchasable","14":"product-type-simple"},"_links":{"self":[{"href":"https:\/\/libreriahistoriasdebolsillo.com\/index.php\/wp-json\/wp\/v2\/product\/4035","targetHints":{"allow":["GET"]}}],"collection":[{"href":"https:\/\/libreriahistoriasdebolsillo.com\/index.php\/wp-json\/wp\/v2\/product"}],"about":[{"href":"https:\/\/libreriahistoriasdebolsillo.com\/index.php\/wp-json\/wp\/v2\/types\/product"}],"wp:featuredmedia":[{"embeddable":true,"href":"https:\/\/libreriahistoriasdebolsillo.com\/index.php\/wp-json\/wp\/v2\/media\/4036"}],"wp:attachment":[{"href":"https:\/\/libreriahistoriasdebolsillo.com\/index.php\/wp-json\/wp\/v2\/media?parent=4035"}],"wp:term":[{"taxonomy":"product_brand","embeddable":true,"href":"https:\/\/libreriahistoriasdebolsillo.com\/index.php\/wp-json\/wp\/v2\/product_brand?post=4035"},{"taxonomy":"product_cat","embeddable":true,"href":"https:\/\/libreriahistoriasdebolsillo.com\/index.php\/wp-json\/wp\/v2\/product_cat?post=4035"},{"taxonomy":"product_tag","embeddable":true,"href":"https:\/\/libreriahistoriasdebolsillo.com\/index.php\/wp-json\/wp\/v2\/product_tag?post=4035"}],"curies":[{"name":"wp","href":"https:\/\/api.w.org\/{rel}","templated":true}]}}