{"id":4058,"date":"2024-04-05T14:06:24","date_gmt":"2024-04-05T20:06:24","guid":{"rendered":"https:\/\/libreriahistoriasdebolsillo.com\/?post_type=product&#038;p=4058"},"modified":"2025-11-26T18:17:39","modified_gmt":"2025-11-27T00:17:39","slug":"empireo-2-alas-de-hierro","status":"publish","type":"product","link":"https:\/\/libreriahistoriasdebolsillo.com\/index.php\/producto\/empireo-2-alas-de-hierro\/","title":{"rendered":"Emp\u00edreo 2. Alas de hierro"},"content":{"rendered":"<p>Todos esperaban que Violet Sorrengail muriera en su primer a\u00f1o en el Colegio de Guerra de Basgiath, incluso ella misma. Pero la Trilla fue tan solo la primera de una serie de pruebas imposibles destinadas a deshacerse de los pusil\u00e1nimes, los indignos y los desafortunados.<\/p>\n<p>Ahora comienza el verdadero entrenamiento y Violet no sabe c\u00f3mo lograr\u00e1 superarlo. No solo porque es brutal y agotador ni porque est\u00e1 dise\u00f1ado para llevar al l\u00edmite el umbral del dolor de los jinetes, sino porque el nuevo vicecomandante est\u00e1 empe\u00f1ado en demostrar a Violet lo d\u00e9bil que es a menos que traicione al hombre que ama.<\/p>\n<p>Aunque el cuerpo de Violet es m\u00e1s fr\u00e1gil que el de sus compa\u00f1eros, su fuerza radica en su ingenio y voluntad de hierro. Adem\u00e1s, los l\u00edderes est\u00e1n olvidando la lecci\u00f3n m\u00e1s importante que Basgiath les ha ense\u00f1ado: los jinetes de dragones crean sus propias reglas.<\/p>\n<p>La voluntad de sobrevivir no ser\u00e1 suficiente este a\u00f1o, porque Violet conoce el secreto que se oculta entre los muros del colegio y nada, ni siquiera el fuego de drag\u00f3n, ser\u00e1 suficiente para salvarlos.<\/p>\n","protected":false},"excerpt":{"rendered":"<p>Rebecca Yarros<\/p>\n","protected":false},"featured_media":4059,"template":"","meta":{"_joinchat":[]},"product_brand":[],"product_cat":[39],"product_tag":[45],"class_list":{"0":"post-4058","1":"product","2":"type-product","3":"status-publish","4":"has-post-thumbnail","6":"product_cat-fantasia","7":"product_tag-planeta","9":"first","10":"outofstock","11":"shipping-taxable","12":"purchasable","13":"product-type-simple"},"_links":{"self":[{"href":"https:\/\/libreriahistoriasdebolsillo.com\/index.php\/wp-json\/wp\/v2\/product\/4058","targetHints":{"allow":["GET"]}}],"collection":[{"href":"https:\/\/libreriahistoriasdebolsillo.com\/index.php\/wp-json\/wp\/v2\/product"}],"about":[{"href":"https:\/\/libreriahistoriasdebolsillo.com\/index.php\/wp-json\/wp\/v2\/types\/product"}],"wp:featuredmedia":[{"embeddable":true,"href":"https:\/\/libreriahistoriasdebolsillo.com\/index.php\/wp-json\/wp\/v2\/media\/4059"}],"wp:attachment":[{"href":"https:\/\/libreriahistoriasdebolsillo.com\/index.php\/wp-json\/wp\/v2\/media?parent=4058"}],"wp:term":[{"taxonomy":"product_brand","embeddable":true,"href":"https:\/\/libreriahistoriasdebolsillo.com\/index.php\/wp-json\/wp\/v2\/product_brand?post=4058"},{"taxonomy":"product_cat","embeddable":true,"href":"https:\/\/libreriahistoriasdebolsillo.com\/index.php\/wp-json\/wp\/v2\/product_cat?post=4058"},{"taxonomy":"product_tag","embeddable":true,"href":"https:\/\/libreriahistoriasdebolsillo.com\/index.php\/wp-json\/wp\/v2\/product_tag?post=4058"}],"curies":[{"name":"wp","href":"https:\/\/api.w.org\/{rel}","templated":true}]}}