{"id":4196,"date":"2024-04-23T10:38:22","date_gmt":"2024-04-23T16:38:22","guid":{"rendered":"https:\/\/libreriahistoriasdebolsillo.com\/?post_type=product&#038;p=4196"},"modified":"2025-11-26T18:19:18","modified_gmt":"2025-11-27T00:19:18","slug":"el-museo","status":"publish","type":"product","link":"https:\/\/libreriahistoriasdebolsillo.com\/index.php\/producto\/el-museo\/","title":{"rendered":"El museo"},"content":{"rendered":"<p><b>De la pluma del autor superventas Owen King, llega una nueva novela de fantas\u00eda dickensiana en la que los gatos son considerados dioses, los ladrones son nobles, los eruditos son radicales y los conjuradores son los criminales m\u00e1s magn\u00edficos que puedas imaginar.<\/b><\/p>\n<p><b>***Uno de los mejores libros de ciencia ficci\u00f3n de 2023 seg\u00fan la cadena de librer\u00edas Waterstones***<\/b><\/p>\n<p>Para la joven Dora, una asistenta en la universidad, la revoluci\u00f3n trae consigo la liberaci\u00f3n. Pasa a frecuentar la compa\u00f1\u00eda de uno de los estudiantes m\u00e1s radicales, Robert, y al fin puede investigar lo que le sucedi\u00f3 a Ambrose, su hermano, en el Instituto de Investigaci\u00f3n Ps\u00edquica justo antes de morir.<\/p>\n<p>No obstante, a Dora se le encarga cuidar de otra instituci\u00f3n, el Museo de los Trabajadores: un extra\u00f1o y olvidado edificio ocupado por figuras de cera de mineros, enfermeras, dependientes&#8230;<\/p>\n<p>Conforme la revoluci\u00f3n y su oposici\u00f3n dan rienda suelta a una oscuridad aterradora, la b\u00fasqueda de Dora para desentra\u00f1ar un misterio que lleva mucho tiempo ocultando har\u00e1 que una conspiraci\u00f3n monstruosa salga a la luz&#8230; algo que la conducir\u00e1 a los l\u00edmites de los mundos.<\/p>\n<p>&nbsp;<\/p>\n","protected":false},"excerpt":{"rendered":"<p>Owen King<\/p>\n","protected":false},"featured_media":4197,"template":"","meta":{"_joinchat":[]},"product_brand":[],"product_cat":[37],"product_tag":[34],"class_list":{"0":"post-4196","1":"product","2":"type-product","3":"status-publish","4":"has-post-thumbnail","6":"product_cat-misterio-y-thriller","7":"product_tag-penguin-random-house","9":"first","10":"instock","11":"shipping-taxable","12":"purchasable","13":"product-type-simple"},"_links":{"self":[{"href":"https:\/\/libreriahistoriasdebolsillo.com\/index.php\/wp-json\/wp\/v2\/product\/4196","targetHints":{"allow":["GET"]}}],"collection":[{"href":"https:\/\/libreriahistoriasdebolsillo.com\/index.php\/wp-json\/wp\/v2\/product"}],"about":[{"href":"https:\/\/libreriahistoriasdebolsillo.com\/index.php\/wp-json\/wp\/v2\/types\/product"}],"wp:featuredmedia":[{"embeddable":true,"href":"https:\/\/libreriahistoriasdebolsillo.com\/index.php\/wp-json\/wp\/v2\/media\/4197"}],"wp:attachment":[{"href":"https:\/\/libreriahistoriasdebolsillo.com\/index.php\/wp-json\/wp\/v2\/media?parent=4196"}],"wp:term":[{"taxonomy":"product_brand","embeddable":true,"href":"https:\/\/libreriahistoriasdebolsillo.com\/index.php\/wp-json\/wp\/v2\/product_brand?post=4196"},{"taxonomy":"product_cat","embeddable":true,"href":"https:\/\/libreriahistoriasdebolsillo.com\/index.php\/wp-json\/wp\/v2\/product_cat?post=4196"},{"taxonomy":"product_tag","embeddable":true,"href":"https:\/\/libreriahistoriasdebolsillo.com\/index.php\/wp-json\/wp\/v2\/product_tag?post=4196"}],"curies":[{"name":"wp","href":"https:\/\/api.w.org\/{rel}","templated":true}]}}