{"id":4200,"date":"2024-04-23T10:44:26","date_gmt":"2024-04-23T16:44:26","guid":{"rendered":"https:\/\/libreriahistoriasdebolsillo.com\/?post_type=product&#038;p=4200"},"modified":"2025-11-26T18:19:29","modified_gmt":"2025-11-27T00:19:29","slug":"el-secreto-de-las-ocho-citas","status":"publish","type":"product","link":"https:\/\/libreriahistoriasdebolsillo.com\/index.php\/producto\/el-secreto-de-las-ocho-citas\/","title":{"rendered":"El secreto de las ocho citas"},"content":{"rendered":"<p><b>UN M\u00c9TODO BASADO EN LA EVIDENCIA CIENT\u00cdFICA,<\/b><\/p>\n<p><b>DEL MAYOR EXPERTO EN RELACIONES A NIVEL MUNDIAL<\/b><\/p>\n<p>Ocho citas con tu pareja: es todo lo que necesitas. Este m\u00e9todo pr\u00e1ctico te ofrece reflexiones, preguntas y di\u00e1logos que reforzar\u00e1n vuestra conexi\u00f3n: una puesta a punto para abordar la relaci\u00f3n de una forma m\u00e1s enriquecedora y mejorar la comunicaci\u00f3n. La confianza, la diversi\u00f3n, el sexo y la intimidad&#8230; La ciencia ha encontrado el secreto del amor para toda la vida, y est\u00e1 a tu alcance.<\/p>\n<p>\u00abTanto si ya estabas en una relaci\u00f3n como si comienzas una, El secreto de las ocho citas es una gu\u00eda esencial para construir y mantener un amor verdadero y duradero. Basado en d\u00e9cadas de estudios cient\u00edficos y en el conocimiento cl\u00ednico de los principales expertos en relaciones, este fabuloso libro te permitir\u00e1 entablar conversaciones divertidas y constructivas para nutrir un amor que puede crecer para toda la vida\u00bb.\u00a0<b>Daniel J. Siegel<\/b><\/p>\n","protected":false},"excerpt":{"rendered":"<p>John Gottman<\/p>\n","protected":false},"featured_media":4201,"template":"","meta":{"_joinchat":[]},"product_brand":[],"product_cat":[41],"product_tag":[34],"class_list":{"0":"post-4200","1":"product","2":"type-product","3":"status-publish","4":"has-post-thumbnail","6":"product_cat-desarrollo-humano","7":"product_tag-penguin-random-house","9":"first","10":"outofstock","11":"shipping-taxable","12":"purchasable","13":"product-type-simple"},"_links":{"self":[{"href":"https:\/\/libreriahistoriasdebolsillo.com\/index.php\/wp-json\/wp\/v2\/product\/4200","targetHints":{"allow":["GET"]}}],"collection":[{"href":"https:\/\/libreriahistoriasdebolsillo.com\/index.php\/wp-json\/wp\/v2\/product"}],"about":[{"href":"https:\/\/libreriahistoriasdebolsillo.com\/index.php\/wp-json\/wp\/v2\/types\/product"}],"wp:featuredmedia":[{"embeddable":true,"href":"https:\/\/libreriahistoriasdebolsillo.com\/index.php\/wp-json\/wp\/v2\/media\/4201"}],"wp:attachment":[{"href":"https:\/\/libreriahistoriasdebolsillo.com\/index.php\/wp-json\/wp\/v2\/media?parent=4200"}],"wp:term":[{"taxonomy":"product_brand","embeddable":true,"href":"https:\/\/libreriahistoriasdebolsillo.com\/index.php\/wp-json\/wp\/v2\/product_brand?post=4200"},{"taxonomy":"product_cat","embeddable":true,"href":"https:\/\/libreriahistoriasdebolsillo.com\/index.php\/wp-json\/wp\/v2\/product_cat?post=4200"},{"taxonomy":"product_tag","embeddable":true,"href":"https:\/\/libreriahistoriasdebolsillo.com\/index.php\/wp-json\/wp\/v2\/product_tag?post=4200"}],"curies":[{"name":"wp","href":"https:\/\/api.w.org\/{rel}","templated":true}]}}