{"id":4217,"date":"2024-04-26T11:28:35","date_gmt":"2024-04-26T17:28:35","guid":{"rendered":"https:\/\/libreriahistoriasdebolsillo.com\/?post_type=product&#038;p=4217"},"modified":"2024-07-01T12:17:54","modified_gmt":"2024-07-01T18:17:54","slug":"posdata-te-amo","status":"publish","type":"product","link":"https:\/\/libreriahistoriasdebolsillo.com\/index.php\/producto\/posdata-te-amo\/","title":{"rendered":"Posdata: Te amo"},"content":{"rendered":"<p>Hay personas que esperan toda la vida para encontrar a su\u00a0<b>alma gemela,<\/b>\u00a0pero este no es el caso de Holly y Gerry. Novios desde el instituto, se sent\u00edan como si siempre hubiesen estado\u00a0<b>juntos<\/b>. Pod\u00edan acabar las frases del otro, e incluso cuando discut\u00edan sobre qui\u00e9n deb\u00eda salir de la cama para apagar la luz cada noche lo hac\u00edan\u00a0<b>riendo<\/b>.<\/p>\n<p>Holly no sab\u00eda qu\u00e9 ser\u00eda de ella sin Gerry.\u00a0<b>Nadie lo sab\u00eda<\/b>. De pronto, la joven pareja se enfrenta a lo inimaginable: Gerry contrae una\u00a0<b>enfermedad fatal y fallece<\/b>. Tres meses despu\u00e9s de su muerte, Holly sale de su casa para recoger un misterioso\u00a0<b>paquete\u00a0<\/b>que ha recibido su madre para ella.<\/p>\n<p>Cuando lo abre se encuentra con que Gerry le ha dejado \u00abla lista\u00bb, una serie de\u00a0<b>cartas con instrucciones<\/b>\u00a0para cada mes. Todas van firmadas con \u00abPosdata: Te amo\u00bb.<\/p>\n<p><i>\u00abPosdata: Te amo\u00a0<\/i>es una novela tierna, divertida e inesperadamente rom\u00e1ntica que los lectores atesorar\u00e1n en la mente y el coraz\u00f3n mucho despu\u00e9s de cerrar sus p\u00e1ginas\u00bb.<\/p>\n<p>Harriet Klausner,\u00a0<i>The Best Reviews<\/i><\/p>\n","protected":false},"excerpt":{"rendered":"<p>Cecelia Ahern<\/p>\n","protected":false},"featured_media":4218,"template":"","meta":{"_joinchat":[]},"product_brand":[],"product_cat":[35],"product_tag":[34],"class_list":{"0":"post-4217","1":"product","2":"type-product","3":"status-publish","4":"has-post-thumbnail","6":"product_cat-romantica","7":"product_tag-penguin-random-house","9":"first","10":"outofstock","11":"shipping-taxable","12":"purchasable","13":"product-type-simple"},"_links":{"self":[{"href":"https:\/\/libreriahistoriasdebolsillo.com\/index.php\/wp-json\/wp\/v2\/product\/4217","targetHints":{"allow":["GET"]}}],"collection":[{"href":"https:\/\/libreriahistoriasdebolsillo.com\/index.php\/wp-json\/wp\/v2\/product"}],"about":[{"href":"https:\/\/libreriahistoriasdebolsillo.com\/index.php\/wp-json\/wp\/v2\/types\/product"}],"wp:featuredmedia":[{"embeddable":true,"href":"https:\/\/libreriahistoriasdebolsillo.com\/index.php\/wp-json\/wp\/v2\/media\/4218"}],"wp:attachment":[{"href":"https:\/\/libreriahistoriasdebolsillo.com\/index.php\/wp-json\/wp\/v2\/media?parent=4217"}],"wp:term":[{"taxonomy":"product_brand","embeddable":true,"href":"https:\/\/libreriahistoriasdebolsillo.com\/index.php\/wp-json\/wp\/v2\/product_brand?post=4217"},{"taxonomy":"product_cat","embeddable":true,"href":"https:\/\/libreriahistoriasdebolsillo.com\/index.php\/wp-json\/wp\/v2\/product_cat?post=4217"},{"taxonomy":"product_tag","embeddable":true,"href":"https:\/\/libreriahistoriasdebolsillo.com\/index.php\/wp-json\/wp\/v2\/product_tag?post=4217"}],"curies":[{"name":"wp","href":"https:\/\/api.w.org\/{rel}","templated":true}]}}