{"id":4227,"date":"2024-04-26T11:41:44","date_gmt":"2024-04-26T17:41:44","guid":{"rendered":"https:\/\/libreriahistoriasdebolsillo.com\/?post_type=product&#038;p=4227"},"modified":"2024-07-01T12:19:01","modified_gmt":"2024-07-01T18:19:01","slug":"el-amante-japones","status":"publish","type":"product","link":"https:\/\/libreriahistoriasdebolsillo.com\/index.php\/producto\/el-amante-japones\/","title":{"rendered":"El amante japon\u00e9s"},"content":{"rendered":"<p><b>La nueva novela de Isabel Allende, autora de\u00a0<i>La casa de los esp\u00edritus\u00a0<\/i>y<i>\u00a0De amor y de sombra.<\/i><\/b><\/p>\n<p><b>La historia de amor entre la joven Alma Velasco y el jardinero japon\u00e9s Ichimei conduce al lector por un recorrido desde la Polonia de la Segunda Guerra Mundial hasta el San Francisco de nuestros d\u00edas.<\/b><\/p>\n<p>A los veintid\u00f3s a\u00f1os, sospechando que ten\u00edan el tiempo contado, Ichimei y Alma se atragantaron de amor para consumirlo entero, pero mientras m\u00e1s intentaban agotarlo, m\u00e1s imprudente era el deseo, y quien diga que todo fuego se apaga solo tarde o temprano, se equivoca: hay pasiones que son incendios hasta que las ahoga el destino de un zarpazo y aun as\u00ed quedan brasas calientes listas para arder apenas se les da ox\u00edgeno.<\/p>\n","protected":false},"excerpt":{"rendered":"<p>Isabel Allende<\/p>\n","protected":false},"featured_media":4228,"template":"","meta":{"_joinchat":[]},"product_brand":[],"product_cat":[78],"product_tag":[34],"class_list":{"0":"post-4227","1":"product","2":"type-product","3":"status-publish","4":"has-post-thumbnail","6":"product_cat-contemporanea","7":"product_tag-penguin-random-house","9":"first","10":"outofstock","11":"shipping-taxable","12":"purchasable","13":"product-type-simple"},"_links":{"self":[{"href":"https:\/\/libreriahistoriasdebolsillo.com\/index.php\/wp-json\/wp\/v2\/product\/4227","targetHints":{"allow":["GET"]}}],"collection":[{"href":"https:\/\/libreriahistoriasdebolsillo.com\/index.php\/wp-json\/wp\/v2\/product"}],"about":[{"href":"https:\/\/libreriahistoriasdebolsillo.com\/index.php\/wp-json\/wp\/v2\/types\/product"}],"wp:featuredmedia":[{"embeddable":true,"href":"https:\/\/libreriahistoriasdebolsillo.com\/index.php\/wp-json\/wp\/v2\/media\/4228"}],"wp:attachment":[{"href":"https:\/\/libreriahistoriasdebolsillo.com\/index.php\/wp-json\/wp\/v2\/media?parent=4227"}],"wp:term":[{"taxonomy":"product_brand","embeddable":true,"href":"https:\/\/libreriahistoriasdebolsillo.com\/index.php\/wp-json\/wp\/v2\/product_brand?post=4227"},{"taxonomy":"product_cat","embeddable":true,"href":"https:\/\/libreriahistoriasdebolsillo.com\/index.php\/wp-json\/wp\/v2\/product_cat?post=4227"},{"taxonomy":"product_tag","embeddable":true,"href":"https:\/\/libreriahistoriasdebolsillo.com\/index.php\/wp-json\/wp\/v2\/product_tag?post=4227"}],"curies":[{"name":"wp","href":"https:\/\/api.w.org\/{rel}","templated":true}]}}