{"id":4286,"date":"2024-04-26T13:50:10","date_gmt":"2024-04-26T19:50:10","guid":{"rendered":"https:\/\/libreriahistoriasdebolsillo.com\/?post_type=product&#038;p=4286"},"modified":"2024-07-01T12:21:39","modified_gmt":"2024-07-01T18:21:39","slug":"trilogia-de-la-fundacion-2-fundacion-e-imperio","status":"publish","type":"product","link":"https:\/\/libreriahistoriasdebolsillo.com\/index.php\/producto\/trilogia-de-la-fundacion-2-fundacion-e-imperio\/","title":{"rendered":"Trilog\u00eda de la fundaci\u00f3n 2. Fundaci\u00f3n e imperio"},"content":{"rendered":"<p><b>Los sucesores de Hari Seldon, a la cabeza de la Primera Fundaci\u00f3n, se enfrentan a la crisis provocada por la existencia de un mutante.<\/b><\/p>\n<p><b>DEBOLS!LLO relanza t\u00edtulos esenciales del maestro del g\u00e9nero de la ciencia ficci\u00f3n, Isaac Asimov, con nuevas cubiertas espectaculares.<\/b><\/p>\n<p>Los sucesores de Hari Seldon, a la cabeza de la Primera Fundaci\u00f3n, se enfrentan a la crisis provocada por la existencia de un mutante llamado \u00abel Mulo\u00bb y dotado de poderes paranormales. Su objetivo es modificar el curso de la historia para conducirla a la orientaci\u00f3n inicialmente prevista por el fundador.<\/p>\n","protected":false},"excerpt":{"rendered":"<p>Isaac Asimov<\/p>\n","protected":false},"featured_media":4287,"template":"","meta":{"_joinchat":[]},"product_brand":[],"product_cat":[40],"product_tag":[34],"class_list":{"0":"post-4286","1":"product","2":"type-product","3":"status-publish","4":"has-post-thumbnail","6":"product_cat-ciencia-ficcion","7":"product_tag-penguin-random-house","9":"first","10":"outofstock","11":"shipping-taxable","12":"purchasable","13":"product-type-simple"},"_links":{"self":[{"href":"https:\/\/libreriahistoriasdebolsillo.com\/index.php\/wp-json\/wp\/v2\/product\/4286","targetHints":{"allow":["GET"]}}],"collection":[{"href":"https:\/\/libreriahistoriasdebolsillo.com\/index.php\/wp-json\/wp\/v2\/product"}],"about":[{"href":"https:\/\/libreriahistoriasdebolsillo.com\/index.php\/wp-json\/wp\/v2\/types\/product"}],"wp:featuredmedia":[{"embeddable":true,"href":"https:\/\/libreriahistoriasdebolsillo.com\/index.php\/wp-json\/wp\/v2\/media\/4287"}],"wp:attachment":[{"href":"https:\/\/libreriahistoriasdebolsillo.com\/index.php\/wp-json\/wp\/v2\/media?parent=4286"}],"wp:term":[{"taxonomy":"product_brand","embeddable":true,"href":"https:\/\/libreriahistoriasdebolsillo.com\/index.php\/wp-json\/wp\/v2\/product_brand?post=4286"},{"taxonomy":"product_cat","embeddable":true,"href":"https:\/\/libreriahistoriasdebolsillo.com\/index.php\/wp-json\/wp\/v2\/product_cat?post=4286"},{"taxonomy":"product_tag","embeddable":true,"href":"https:\/\/libreriahistoriasdebolsillo.com\/index.php\/wp-json\/wp\/v2\/product_tag?post=4286"}],"curies":[{"name":"wp","href":"https:\/\/api.w.org\/{rel}","templated":true}]}}