{"id":4307,"date":"2024-04-26T14:16:48","date_gmt":"2024-04-26T20:16:48","guid":{"rendered":"https:\/\/libreriahistoriasdebolsillo.com\/?post_type=product&#038;p=4307"},"modified":"2024-07-01T12:23:44","modified_gmt":"2024-07-01T18:23:44","slug":"creatividad","status":"publish","type":"product","link":"https:\/\/libreriahistoriasdebolsillo.com\/index.php\/producto\/creatividad\/","title":{"rendered":"Creatividad"},"content":{"rendered":"<p>A pesar de que los publicitarios se hayan apropiado en cierto modo del concepto, la creatividad no es patrimonio de ninguna profesi\u00f3n en particular ya que casi todas las ocupaciones han generado creativos brillantes. La creatividad, tal como la entiende Luis Bassat, es una facultad innata del hombre, que va mucho m\u00e1s all\u00e1 de un invento concreto. Se trata de la capacidad de aportar grandes avances que pueden modificar el rumbo de la historia y cambiar las condiciones de vida de toda la humanidad.<\/p>\n<p>En\u00a0<i>La creatividad<\/i>\u00a0Luis Bassat hace un breve repaso de la historia de esta maravillosa facultad y presenta las caracter\u00edsticas de la personalidad creadora, a trav\u00e9s de su propia trayectoria y la de los creativos m\u00e1s destacados del pa\u00eds. Ense\u00f1a adem\u00e1s, una serie de caminos creativos que permitir\u00e1n que el lector aplique en la pr\u00e1ctica de su profesi\u00f3n, sea esta la que sea, las ense\u00f1anzas de uno de los creativos m\u00e1s respetados del panorama actual.<\/p>\n<p>A pesar de que los publicitarios se hayan apropiado en cierto modo del concepto, la creatividad no es patrimonio de ninguna profesi\u00f3n en particular ya que casi todas las ocupaciones han generado creativos brillantes. La creatividad, tal como la entiende Luis Bassat, es una facultad innata del hombre, que va mucho m\u00e1s all\u00e1 de un invento concreto. Se trata de la capacidad de aportar grandes avances que pueden modificar el rumbo de la historia y cambiar las condiciones de vida de toda la humanidad.<\/p>\n<p>En\u00a0<i>La creatividad<\/i>\u00a0Luis Bassat hace un breve repaso de la historia de esta maravillosa facultad y presenta las caracter\u00edsticas de la personalidad creadora, a trav\u00e9s de su propia trayectoria y la de los creativos m\u00e1s destacados del pa\u00eds. Ense\u00f1a adem\u00e1s, una serie de caminos creativos que permitir\u00e1n que el lector aplique en la pr\u00e1ctica de su profesi\u00f3n, sea esta la que sea, las ense\u00f1anzas de uno de los creativos m\u00e1s respetados del panorama actual.<\/p>\n<p>A pesar de que los publicitarios se hayan apropiado en cierto modo del concepto, la creatividad no es patrimonio de ninguna profesi\u00f3n en particular ya que casi todas las ocupaciones han generado creativos brillantes. La creatividad, tal como la entiende Luis Bassat, es una facultad innata del hombre, que va mucho m\u00e1s all\u00e1 de un invento concreto. Se trata de la capacidad de aportar grandes avances que pueden modificar el rumbo de la historia y cambiar las condiciones de vida de toda la humanidad.<\/p>\n<p>En\u00a0<i>La creatividad<\/i>\u00a0Luis Bassat hace un breve repaso de la historia de esta maravillosa facultad y presenta las caracter\u00edsticas de la personalidad creadora, a trav\u00e9s de su propia trayectoria y la de los creativos m\u00e1s destacados del pa\u00eds. Ense\u00f1a adem\u00e1s, una serie de caminos creativos que permitir\u00e1n que el lector aplique en la pr\u00e1ctica de su profesi\u00f3n, sea esta la que sea, las ense\u00f1anzas de uno de los creativos m\u00e1s respetados del panorama actual.<\/p>\n","protected":false},"excerpt":{"rendered":"<p>Luis Bassat<\/p>\n","protected":false},"featured_media":4308,"template":"","meta":{"_joinchat":[]},"product_brand":[],"product_cat":[41],"product_tag":[34],"class_list":{"0":"post-4307","1":"product","2":"type-product","3":"status-publish","4":"has-post-thumbnail","6":"product_cat-desarrollo-humano","7":"product_tag-penguin-random-house","9":"first","10":"outofstock","11":"shipping-taxable","12":"purchasable","13":"product-type-simple"},"_links":{"self":[{"href":"https:\/\/libreriahistoriasdebolsillo.com\/index.php\/wp-json\/wp\/v2\/product\/4307","targetHints":{"allow":["GET"]}}],"collection":[{"href":"https:\/\/libreriahistoriasdebolsillo.com\/index.php\/wp-json\/wp\/v2\/product"}],"about":[{"href":"https:\/\/libreriahistoriasdebolsillo.com\/index.php\/wp-json\/wp\/v2\/types\/product"}],"wp:featuredmedia":[{"embeddable":true,"href":"https:\/\/libreriahistoriasdebolsillo.com\/index.php\/wp-json\/wp\/v2\/media\/4308"}],"wp:attachment":[{"href":"https:\/\/libreriahistoriasdebolsillo.com\/index.php\/wp-json\/wp\/v2\/media?parent=4307"}],"wp:term":[{"taxonomy":"product_brand","embeddable":true,"href":"https:\/\/libreriahistoriasdebolsillo.com\/index.php\/wp-json\/wp\/v2\/product_brand?post=4307"},{"taxonomy":"product_cat","embeddable":true,"href":"https:\/\/libreriahistoriasdebolsillo.com\/index.php\/wp-json\/wp\/v2\/product_cat?post=4307"},{"taxonomy":"product_tag","embeddable":true,"href":"https:\/\/libreriahistoriasdebolsillo.com\/index.php\/wp-json\/wp\/v2\/product_tag?post=4307"}],"curies":[{"name":"wp","href":"https:\/\/api.w.org\/{rel}","templated":true}]}}