{"id":4323,"date":"2024-04-26T14:32:48","date_gmt":"2024-04-26T20:32:48","guid":{"rendered":"https:\/\/libreriahistoriasdebolsillo.com\/?post_type=product&#038;p=4323"},"modified":"2024-07-01T12:30:19","modified_gmt":"2024-07-01T18:30:19","slug":"la-muerte-y-otras-sorpresas","status":"publish","type":"product","link":"https:\/\/libreriahistoriasdebolsillo.com\/index.php\/producto\/la-muerte-y-otras-sorpresas\/","title":{"rendered":"La muerte y otras sorpresas"},"content":{"rendered":"<p>Mario Benedetti, uno de los grandes genios de la literatura latinoamericana contempor\u00e1nea, nos zambulle en el inmenso oc\u00e9ano de la existencia, mostrando a trav\u00e9s de su mirada lo m\u00e1s \u00edntimo de una realidad cruel, pero siempre esperanzadora.Diecinueve cuentos impregnados de las sorprendentes atm\u00f3sferas que envuelven la vida cotidiana. En la ciudad, hombres y mujeres se aman y se odian; mueren, sobreviven, se deterioran y renacen; sonr\u00eden, lloran; se pierden y regresan a trav\u00e9s de caminos muchas veces recorridos, o descubren nuevos senderos iluminados por un radiante sol montevideano. La soledad, las dificultades de comunicaci\u00f3n, la conciencia de la muerte, la alegr\u00eda de la vida o el paso del tiempo son algunos de los temas incluidos en estos relatos, que retratan sorprendentes atm\u00f3sferas de la vida cotidiana. Pocos escritores son capaces de enfrentar al lector con la vida y la muerte de una forma tan delicada, tan humana y al mismo tiempo brutal. Mario Benedetti, uno de los grandes genios de la literatura latinoamericana contempor\u00e1nea, nos zambulle en el inmenso oc\u00e9ano de la existencia, mostrando a trav\u00e9s de su mirada lo m\u00e1s \u00edntimo de una realidad cruel, pero siempre esperanzadora.<\/p>\n","protected":false},"excerpt":{"rendered":"<p>Mario Benedetti<\/p>\n","protected":false},"featured_media":4324,"template":"","meta":{"_joinchat":[]},"product_brand":[],"product_cat":[78],"product_tag":[34],"class_list":{"0":"post-4323","1":"product","2":"type-product","3":"status-publish","4":"has-post-thumbnail","6":"product_cat-contemporanea","7":"product_tag-penguin-random-house","9":"first","10":"outofstock","11":"shipping-taxable","12":"purchasable","13":"product-type-simple"},"_links":{"self":[{"href":"https:\/\/libreriahistoriasdebolsillo.com\/index.php\/wp-json\/wp\/v2\/product\/4323","targetHints":{"allow":["GET"]}}],"collection":[{"href":"https:\/\/libreriahistoriasdebolsillo.com\/index.php\/wp-json\/wp\/v2\/product"}],"about":[{"href":"https:\/\/libreriahistoriasdebolsillo.com\/index.php\/wp-json\/wp\/v2\/types\/product"}],"wp:featuredmedia":[{"embeddable":true,"href":"https:\/\/libreriahistoriasdebolsillo.com\/index.php\/wp-json\/wp\/v2\/media\/4324"}],"wp:attachment":[{"href":"https:\/\/libreriahistoriasdebolsillo.com\/index.php\/wp-json\/wp\/v2\/media?parent=4323"}],"wp:term":[{"taxonomy":"product_brand","embeddable":true,"href":"https:\/\/libreriahistoriasdebolsillo.com\/index.php\/wp-json\/wp\/v2\/product_brand?post=4323"},{"taxonomy":"product_cat","embeddable":true,"href":"https:\/\/libreriahistoriasdebolsillo.com\/index.php\/wp-json\/wp\/v2\/product_cat?post=4323"},{"taxonomy":"product_tag","embeddable":true,"href":"https:\/\/libreriahistoriasdebolsillo.com\/index.php\/wp-json\/wp\/v2\/product_tag?post=4323"}],"curies":[{"name":"wp","href":"https:\/\/api.w.org\/{rel}","templated":true}]}}