{"id":4340,"date":"2024-04-26T14:50:36","date_gmt":"2024-04-26T20:50:36","guid":{"rendered":"https:\/\/libreriahistoriasdebolsillo.com\/?post_type=product&#038;p=4340"},"modified":"2024-07-01T12:31:30","modified_gmt":"2024-07-01T18:31:30","slug":"los-detectives-salvajes","status":"publish","type":"product","link":"https:\/\/libreriahistoriasdebolsillo.com\/index.php\/producto\/los-detectives-salvajes\/","title":{"rendered":"Los detectives salvajes"},"content":{"rendered":"<p>Entre la narrativa detectivesca, la novela \u00abde carretera\u00bb, el relato biogr\u00e1fico y la cr\u00f3nica,\u00a0<i>Los detectives salvajes\u00a0<\/i>-ganadora de los premios Herralde y R\u00f3mulo Gallegos- est\u00e1 considerada un\u00e1nimemente<b>\u00a0una de las m\u00e1s brillantes y originales ficciones de nuestro tiempo<\/b>. En ella, dos j\u00f3venes poetas latinoamericanos, Arturo Belano y Ulises Lima, emprenden una aventura que transcurrir\u00e1 durante varias d\u00e9cadas y en distintos pa\u00edses.<\/p>\n<p><b>S\u00edmbolode la rebeld\u00eda y la necesidad de ruptura con la realidad establecida<\/b>, sus vidas representan los anhelos de toda una generaci\u00f3n. La b\u00fasqueda de la misteriosa escritora mexicana Ces\u00e1rea Tinajero, desaparecida y olvidada en los a\u00f1os posteriores a la Revoluci\u00f3n, sirve de inicio a un viaje sin descanso marcado por el amor, la muerte, el deseo de libertad, el humor y la literatura.<\/p>\n","protected":false},"excerpt":{"rendered":"<p>Roberto Bola\u00f1o<\/p>\n","protected":false},"featured_media":4341,"template":"","meta":{"_joinchat":[]},"product_brand":[],"product_cat":[78],"product_tag":[34],"class_list":{"0":"post-4340","1":"product","2":"type-product","3":"status-publish","4":"has-post-thumbnail","6":"product_cat-contemporanea","7":"product_tag-penguin-random-house","9":"first","10":"outofstock","11":"shipping-taxable","12":"purchasable","13":"product-type-simple"},"_links":{"self":[{"href":"https:\/\/libreriahistoriasdebolsillo.com\/index.php\/wp-json\/wp\/v2\/product\/4340","targetHints":{"allow":["GET"]}}],"collection":[{"href":"https:\/\/libreriahistoriasdebolsillo.com\/index.php\/wp-json\/wp\/v2\/product"}],"about":[{"href":"https:\/\/libreriahistoriasdebolsillo.com\/index.php\/wp-json\/wp\/v2\/types\/product"}],"wp:featuredmedia":[{"embeddable":true,"href":"https:\/\/libreriahistoriasdebolsillo.com\/index.php\/wp-json\/wp\/v2\/media\/4341"}],"wp:attachment":[{"href":"https:\/\/libreriahistoriasdebolsillo.com\/index.php\/wp-json\/wp\/v2\/media?parent=4340"}],"wp:term":[{"taxonomy":"product_brand","embeddable":true,"href":"https:\/\/libreriahistoriasdebolsillo.com\/index.php\/wp-json\/wp\/v2\/product_brand?post=4340"},{"taxonomy":"product_cat","embeddable":true,"href":"https:\/\/libreriahistoriasdebolsillo.com\/index.php\/wp-json\/wp\/v2\/product_cat?post=4340"},{"taxonomy":"product_tag","embeddable":true,"href":"https:\/\/libreriahistoriasdebolsillo.com\/index.php\/wp-json\/wp\/v2\/product_tag?post=4340"}],"curies":[{"name":"wp","href":"https:\/\/api.w.org\/{rel}","templated":true}]}}