{"id":4387,"date":"2024-04-26T16:13:45","date_gmt":"2024-04-26T22:13:45","guid":{"rendered":"https:\/\/libreriahistoriasdebolsillo.com\/?post_type=product&#038;p=4387"},"modified":"2024-07-01T13:35:38","modified_gmt":"2024-07-01T19:35:38","slug":"ciudad-real","status":"publish","type":"product","link":"https:\/\/libreriahistoriasdebolsillo.com\/index.php\/producto\/ciudad-real\/","title":{"rendered":"Ciudad real"},"content":{"rendered":"<p><b>Premio Xavier Villaurrutia 1960<\/b><\/p>\n<p><b>Ciudad Real -antiguo nombre de San Crist\u00f3bal de las Casas- es el escenario de este libro de cuentos, donde Rosario Castellanos denuncia las condiciones miserables en que han sobrevivido los ind\u00edgenas por a\u00f1os.<\/b><\/p>\n<p>\u00abEscribir ha sido -declar\u00f3 la autora- explicarme a m\u00ed misma las cosas que no entiendo. Cosas que, a primera vista, son confusas o dif\u00edcilmente comprensibles. Como los\u00a0<b>personajes ind\u00edgenas\u00a0<\/b>eran, de acuerdo con los datos hist\u00f3ricos, enigm\u00e1ticos, trat\u00e9 de conocerlos en profundidad. Me pregunt\u00e9 por qu\u00e9 actuaban de esa manera, qu\u00e9 circunstancias los condujeron a ser de ese modo. As\u00ed, comenc\u00e9 a desentra\u00f1arlos y a elaborarlos. Un acto me llevaba al inmediato anterior y, por ese m\u00e9todo, llegu\u00e9 a conocerlos \u00edntegramente.\u00bb<\/p>\n<p><b>-Rosario Castellanos-<\/b><\/p>\n","protected":false},"excerpt":{"rendered":"<p>Rosario Castellanos<\/p>\n","protected":false},"featured_media":4388,"template":"","meta":{"_joinchat":[]},"product_brand":[],"product_cat":[78],"product_tag":[34],"class_list":{"0":"post-4387","1":"product","2":"type-product","3":"status-publish","4":"has-post-thumbnail","6":"product_cat-contemporanea","7":"product_tag-penguin-random-house","9":"first","10":"outofstock","11":"shipping-taxable","12":"purchasable","13":"product-type-simple"},"_links":{"self":[{"href":"https:\/\/libreriahistoriasdebolsillo.com\/index.php\/wp-json\/wp\/v2\/product\/4387","targetHints":{"allow":["GET"]}}],"collection":[{"href":"https:\/\/libreriahistoriasdebolsillo.com\/index.php\/wp-json\/wp\/v2\/product"}],"about":[{"href":"https:\/\/libreriahistoriasdebolsillo.com\/index.php\/wp-json\/wp\/v2\/types\/product"}],"wp:featuredmedia":[{"embeddable":true,"href":"https:\/\/libreriahistoriasdebolsillo.com\/index.php\/wp-json\/wp\/v2\/media\/4388"}],"wp:attachment":[{"href":"https:\/\/libreriahistoriasdebolsillo.com\/index.php\/wp-json\/wp\/v2\/media?parent=4387"}],"wp:term":[{"taxonomy":"product_brand","embeddable":true,"href":"https:\/\/libreriahistoriasdebolsillo.com\/index.php\/wp-json\/wp\/v2\/product_brand?post=4387"},{"taxonomy":"product_cat","embeddable":true,"href":"https:\/\/libreriahistoriasdebolsillo.com\/index.php\/wp-json\/wp\/v2\/product_cat?post=4387"},{"taxonomy":"product_tag","embeddable":true,"href":"https:\/\/libreriahistoriasdebolsillo.com\/index.php\/wp-json\/wp\/v2\/product_tag?post=4387"}],"curies":[{"name":"wp","href":"https:\/\/api.w.org\/{rel}","templated":true}]}}