{"id":4399,"date":"2024-04-26T16:29:54","date_gmt":"2024-04-26T22:29:54","guid":{"rendered":"https:\/\/libreriahistoriasdebolsillo.com\/?post_type=product&#038;p=4399"},"modified":"2025-07-10T15:59:49","modified_gmt":"2025-07-10T21:59:49","slug":"biblioteca-paulo-coelho-las-valkirias","status":"publish","type":"product","link":"https:\/\/libreriahistoriasdebolsillo.com\/index.php\/producto\/biblioteca-paulo-coelho-las-valkirias\/","title":{"rendered":"Biblioteca Paulo Coelho. Las valkirias"},"content":{"rendered":"<p><b>En esta obra adelantada a su tiempo, hoy en plena vigencia, Paulo Coelho nos abre las puertas de su lucha m\u00e1s personal y nos habla de la responsabilidad hacia s\u00ed mismo y hacia sus seres m\u00e1s queridos.<\/b><\/p>\n<p><b>Ad\u00e9ntrate en la obra de un autor provocador y valiente que rompe con los esquemas preconcebidos de nuestra sociedad. Un fen\u00f3meno literario con millones de seguidores en las redes sociales.<\/b><\/p>\n<p>Chris y Paulo pasan cuarenta d\u00edas en el misterioso y desconocido desierto de Mojave, en una b\u00fasqueda que los llevar\u00e1 a enfrentarse con su realidad m\u00e1s rec\u00f3ndita, con sus miedos m\u00e1s \u00edntimos, sus debilidades e inseguridades.<\/p>\n<p><i>Las Valkirias\u00a0<\/i>trata de la voluntad y de la capacidad de elecci\u00f3n que tenemos las personas, y de c\u00f3mo nuestras decisiones determinan nuestro destino. Nos enfrenta a una lucha interior contra la inseguridad y miedo al cambio, una guerra entre nuestra aceptaci\u00f3n o nuestra autodestrucci\u00f3n. Destruyendo lo que m\u00e1s queremos nos destruimos a nosotros mismos.<\/p>\n<p><i>El mundo se transforma y nosotros somos parte de esa transformaci\u00f3n. Un nuevo mundo est\u00e1 comenzando.<\/i><\/p>\n<p>-Paulo Coelho-<\/p>\n","protected":false},"excerpt":{"rendered":"<p>Paulo Coelho<\/p>\n","protected":false},"featured_media":4400,"template":"","meta":{"_joinchat":[]},"product_brand":[],"product_cat":[78,51],"product_tag":[34],"class_list":{"0":"post-4399","1":"product","2":"type-product","3":"status-publish","4":"has-post-thumbnail","6":"product_cat-contemporanea","7":"product_cat-oferta","8":"product_tag-penguin-random-house","10":"first","11":"instock","12":"shipping-taxable","13":"purchasable","14":"product-type-simple"},"_links":{"self":[{"href":"https:\/\/libreriahistoriasdebolsillo.com\/index.php\/wp-json\/wp\/v2\/product\/4399","targetHints":{"allow":["GET"]}}],"collection":[{"href":"https:\/\/libreriahistoriasdebolsillo.com\/index.php\/wp-json\/wp\/v2\/product"}],"about":[{"href":"https:\/\/libreriahistoriasdebolsillo.com\/index.php\/wp-json\/wp\/v2\/types\/product"}],"wp:featuredmedia":[{"embeddable":true,"href":"https:\/\/libreriahistoriasdebolsillo.com\/index.php\/wp-json\/wp\/v2\/media\/4400"}],"wp:attachment":[{"href":"https:\/\/libreriahistoriasdebolsillo.com\/index.php\/wp-json\/wp\/v2\/media?parent=4399"}],"wp:term":[{"taxonomy":"product_brand","embeddable":true,"href":"https:\/\/libreriahistoriasdebolsillo.com\/index.php\/wp-json\/wp\/v2\/product_brand?post=4399"},{"taxonomy":"product_cat","embeddable":true,"href":"https:\/\/libreriahistoriasdebolsillo.com\/index.php\/wp-json\/wp\/v2\/product_cat?post=4399"},{"taxonomy":"product_tag","embeddable":true,"href":"https:\/\/libreriahistoriasdebolsillo.com\/index.php\/wp-json\/wp\/v2\/product_tag?post=4399"}],"curies":[{"name":"wp","href":"https:\/\/api.w.org\/{rel}","templated":true}]}}