{"id":4417,"date":"2024-04-26T16:53:19","date_gmt":"2024-04-26T22:53:19","guid":{"rendered":"https:\/\/libreriahistoriasdebolsillo.com\/?post_type=product&#038;p=4417"},"modified":"2025-08-25T09:51:29","modified_gmt":"2025-08-25T15:51:29","slug":"el-segundo-sexo","status":"publish","type":"product","link":"https:\/\/libreriahistoriasdebolsillo.com\/index.php\/producto\/el-segundo-sexo\/","title":{"rendered":"El segundo sexo"},"content":{"rendered":"<p><b><i>El segundo sexo<\/i>\u00a0es considerado hoy la \u00abBiblia del feminismo\u00bb, la obra de referencia, especialmente de la corriente denominada \u00abfeminismo de la igualdad\u00bb.<\/b><\/p>\n<p><b>No s\u00f3lo es considerado uno de los libros m\u00e1s relevantes del siglo XX, sino que tras su publicaci\u00f3n fue un rotundo \u00e9xito de ventas.<\/b><\/p>\n<p><i>El segundo sexo<\/i>\u00a0fue escrito en 1949 por\u00a0<b>Simone de Beauvoir<\/b>, quien comenz\u00f3 a prepararlo cuando reflexion\u00f3, a propuesta de Jean-Paul Sartre, sobre lo que hab\u00eda significado para ella el ser mujer.<\/p>\n<p>Esta idea la llevar\u00eda a investigar acerca de la situaci\u00f3n de las mujeres a lo largo de la historia y a escribir este extenso ensayo que aborda c\u00f3mo se ha concebido a la mujer, qu\u00e9 situaciones viven las mujeres y c\u00f3mo se puede intentar que mejoren sus vidas y se ampl\u00eden sus libertades.<\/p>\n<p>Es una de las obras fundacionales del\u00a0<b>Feminismo<\/b>\u00a0y utiliza los conceptos existencialistas para indagar acerca de la vida de la mitad de la humanidad. Tambi\u00e9n es considerada una obra enciclop\u00e9dica, pues aborda su tema desde los puntos de vista de la psicolog\u00eda, la historia, la antropolog\u00eda, la biolog\u00eda, la reproducci\u00f3n y las relaciones afectivo-sexuales.<\/p>\n<p>La teor\u00eda principal que sostiene Beauvoir es que la\u00a0<b>mujer<\/b>, o m\u00e1s exactamente lo que entendemos por \u00abmujer\u00bb (coqueta, fr\u00edvola, caprichosa, salvaje, etc.) es un producto cultural que se ha construido socialmente. La mujer se ha definido a lo largo de la historia siempre respecto a algo: como madre, esposa, hija, hermana&#8230; As\u00ed pues, su principal tarea es reconquistar su propia identidad espec\u00edfica y desde sus propios criterios.<\/p>\n","protected":false},"excerpt":{"rendered":"<p>Simone De Beauvoir<\/p>\n","protected":false},"featured_media":4418,"template":"","meta":{"_joinchat":[]},"product_brand":[],"product_cat":[61,41],"product_tag":[34],"class_list":{"0":"post-4417","1":"product","2":"type-product","3":"status-publish","4":"has-post-thumbnail","6":"product_cat-filosofia","7":"product_cat-desarrollo-humano","8":"product_tag-penguin-random-house","10":"first","11":"outofstock","12":"shipping-taxable","13":"purchasable","14":"product-type-simple"},"_links":{"self":[{"href":"https:\/\/libreriahistoriasdebolsillo.com\/index.php\/wp-json\/wp\/v2\/product\/4417","targetHints":{"allow":["GET"]}}],"collection":[{"href":"https:\/\/libreriahistoriasdebolsillo.com\/index.php\/wp-json\/wp\/v2\/product"}],"about":[{"href":"https:\/\/libreriahistoriasdebolsillo.com\/index.php\/wp-json\/wp\/v2\/types\/product"}],"wp:featuredmedia":[{"embeddable":true,"href":"https:\/\/libreriahistoriasdebolsillo.com\/index.php\/wp-json\/wp\/v2\/media\/4418"}],"wp:attachment":[{"href":"https:\/\/libreriahistoriasdebolsillo.com\/index.php\/wp-json\/wp\/v2\/media?parent=4417"}],"wp:term":[{"taxonomy":"product_brand","embeddable":true,"href":"https:\/\/libreriahistoriasdebolsillo.com\/index.php\/wp-json\/wp\/v2\/product_brand?post=4417"},{"taxonomy":"product_cat","embeddable":true,"href":"https:\/\/libreriahistoriasdebolsillo.com\/index.php\/wp-json\/wp\/v2\/product_cat?post=4417"},{"taxonomy":"product_tag","embeddable":true,"href":"https:\/\/libreriahistoriasdebolsillo.com\/index.php\/wp-json\/wp\/v2\/product_tag?post=4417"}],"curies":[{"name":"wp","href":"https:\/\/api.w.org\/{rel}","templated":true}]}}