{"id":4440,"date":"2024-04-26T17:26:59","date_gmt":"2024-04-26T23:26:59","guid":{"rendered":"https:\/\/libreriahistoriasdebolsillo.com\/?post_type=product&#038;p=4440"},"modified":"2024-07-01T14:30:22","modified_gmt":"2024-07-01T20:30:22","slug":"the-century-2-el-invierno-del-mundo","status":"publish","type":"product","link":"https:\/\/libreriahistoriasdebolsillo.com\/index.php\/producto\/the-century-2-el-invierno-del-mundo\/","title":{"rendered":"The Century 2. El invierno del mundo"},"content":{"rendered":"<p><b>Segundo volumen de la trilog\u00eda \u00abThe Century\u00bb<\/b><\/p>\n<p>En el a\u00f1o 1933, Berl\u00edn es un foco de agitaci\u00f3n pol\u00edtica y social. Lady Maud, ahora la esposa de Walter von Ulrich y madre de dos hijos, publica en una revista semanal art\u00edculos que ridiculizan al Partido Nazi, mientras que Walter manifiesta su oposici\u00f3n en el Parlamento. Sin embargo, parece que nada podr\u00e1 frenar el poder ascendente del canciller Adolf Hitler. Cuando Ethel Williams y su hijo Lloyd visitan a la familia von Ulrich, todos ser\u00e1n testigos de la tiran\u00eda y la represi\u00f3n de la nueva Alemania.<\/p>\n<p>El dominio del Tercer Reich se extender\u00e1 hasta Francia y m\u00e1s all\u00e1 de la frontera rusa. Mientras, en Inglaterra, Lloyd Williams, activista pol\u00edtico como su madre, luchar\u00e1 en el ej\u00e9rcito brit\u00e1nico para intentar frenar el avance de los nazis y se alistar\u00e1 en las brigadas internacionales durante la guerra civil espa\u00f1ola. Participar\u00e1 en la ofensiva de Zaragoza y la batalla de Belchite.<\/p>\n<p>En Ty Gwyn, la mansi\u00f3n familia de los Fitzherbert en Gales, se alojar\u00e1n los oficiales brit\u00e1nicos y, durante su estancia, el teniente Lloyd Williams se sentir\u00e1 atra\u00eddo por la mujer de Boy Fitzherbert, la rica heredera americana Daisy Peshkov.<\/p>\n<p><b>\u00abLa trilog\u00eda \u00abThe Century\u00bb es la historia de mis abuelos y de los vuestros, de nuestros padres y de nuestras propias vidas. De alguna forma es la historia de todos nosotros.\u00bb<\/b><\/p>\n<p><b>Ken Follett<\/b><\/p>\n","protected":false},"excerpt":{"rendered":"<p>Ken Follet<\/p>\n","protected":false},"featured_media":4441,"template":"","meta":{"_joinchat":[]},"product_brand":[],"product_cat":[33,56],"product_tag":[34],"class_list":{"0":"post-4440","1":"product","2":"type-product","3":"status-publish","4":"has-post-thumbnail","6":"product_cat-ficcion-general","7":"product_cat-historica","8":"product_tag-penguin-random-house","10":"first","11":"outofstock","12":"shipping-taxable","13":"purchasable","14":"product-type-simple"},"_links":{"self":[{"href":"https:\/\/libreriahistoriasdebolsillo.com\/index.php\/wp-json\/wp\/v2\/product\/4440","targetHints":{"allow":["GET"]}}],"collection":[{"href":"https:\/\/libreriahistoriasdebolsillo.com\/index.php\/wp-json\/wp\/v2\/product"}],"about":[{"href":"https:\/\/libreriahistoriasdebolsillo.com\/index.php\/wp-json\/wp\/v2\/types\/product"}],"wp:featuredmedia":[{"embeddable":true,"href":"https:\/\/libreriahistoriasdebolsillo.com\/index.php\/wp-json\/wp\/v2\/media\/4441"}],"wp:attachment":[{"href":"https:\/\/libreriahistoriasdebolsillo.com\/index.php\/wp-json\/wp\/v2\/media?parent=4440"}],"wp:term":[{"taxonomy":"product_brand","embeddable":true,"href":"https:\/\/libreriahistoriasdebolsillo.com\/index.php\/wp-json\/wp\/v2\/product_brand?post=4440"},{"taxonomy":"product_cat","embeddable":true,"href":"https:\/\/libreriahistoriasdebolsillo.com\/index.php\/wp-json\/wp\/v2\/product_cat?post=4440"},{"taxonomy":"product_tag","embeddable":true,"href":"https:\/\/libreriahistoriasdebolsillo.com\/index.php\/wp-json\/wp\/v2\/product_tag?post=4440"}],"curies":[{"name":"wp","href":"https:\/\/api.w.org\/{rel}","templated":true}]}}