{"id":4453,"date":"2024-04-26T17:41:20","date_gmt":"2024-04-26T23:41:20","guid":{"rendered":"https:\/\/libreriahistoriasdebolsillo.com\/?post_type=product&#038;p=4453"},"modified":"2024-07-01T14:31:02","modified_gmt":"2024-07-01T20:31:02","slug":"agua-quemada","status":"publish","type":"product","link":"https:\/\/libreriahistoriasdebolsillo.com\/index.php\/producto\/agua-quemada\/","title":{"rendered":"Agua quemada"},"content":{"rendered":"<p><b>La Ciudad de M\u00e9xico -espacio m\u00edtico, ambiguo y luminoso- es el escenario de<i>\u00a0Agua Quemada,<\/i>\u00a0un sube y baja social que en la pluma de Carlos Fuentes da v\u00e9rtigo y hechiza al lector.<\/b><\/p>\n<p>Esta historia est\u00e1 hecha de\u00a0<b>cuatro relatos<\/b>\u00a0donde se narran momentos decisivos para los protagonistas, quienes descubren que la vida no es aquello que imaginaron. Sus personajes transitan por espacios y momentos tr\u00e1gicos y festivos, como ellos mismos: un general nost\u00e1lgico ante la revoluci\u00f3n mexicana, cada vez m\u00e1s corrompida; una anciana olvidada y su oscura relaci\u00f3n con un ni\u00f1o paral\u00edtico de las vecindades del centro; un solter\u00f3n acaudalado que no alcanza a comprender la pobreza ni la desaparici\u00f3n del mito fundador de su status, y un lumpen que, mientras traba un combate con las palabras, termina como guardaespaldas de quien le ha causado tanto dolor&#8230; La grandeza de ayer es la ruina de hoy, y nada lo demuestra mejor que la propia\u00a0<b>Ciudad de M\u00e9xico<\/b>\u00a0y sus habitantes.<\/p>\n<p><b>La cr\u00edtica ha opinado:<\/b><\/p>\n<p>\u00ab&#8230; la vida en la ciudad de M\u00e9xico, desde el estrato m\u00e1s bajo al m\u00e1s alto&#8230; hay belleza, pasi\u00f3n y genialidad aqu\u00ed&#8230; \u00bb &#8211;<i>Publishers Weekly<\/i>&#8211;<\/p>\n<p><b>Otros autores ha opinado:<\/b><\/p>\n<p>\u00abDespu\u00e9s de leer a Joyce y a Faulkner descubr\u00ed que Fuentes pertenece tambi\u00e9n a esta selecta compa\u00f1\u00eda\u00bb -Alberto Manguel-<\/p>\n","protected":false},"excerpt":{"rendered":"<p>Carlos Fuentes<\/p>\n","protected":false},"featured_media":4454,"template":"","meta":{"_joinchat":[]},"product_brand":[],"product_cat":[78],"product_tag":[34],"class_list":{"0":"post-4453","1":"product","2":"type-product","3":"status-publish","4":"has-post-thumbnail","6":"product_cat-contemporanea","7":"product_tag-penguin-random-house","9":"first","10":"outofstock","11":"shipping-taxable","12":"purchasable","13":"product-type-simple"},"_links":{"self":[{"href":"https:\/\/libreriahistoriasdebolsillo.com\/index.php\/wp-json\/wp\/v2\/product\/4453","targetHints":{"allow":["GET"]}}],"collection":[{"href":"https:\/\/libreriahistoriasdebolsillo.com\/index.php\/wp-json\/wp\/v2\/product"}],"about":[{"href":"https:\/\/libreriahistoriasdebolsillo.com\/index.php\/wp-json\/wp\/v2\/types\/product"}],"wp:featuredmedia":[{"embeddable":true,"href":"https:\/\/libreriahistoriasdebolsillo.com\/index.php\/wp-json\/wp\/v2\/media\/4454"}],"wp:attachment":[{"href":"https:\/\/libreriahistoriasdebolsillo.com\/index.php\/wp-json\/wp\/v2\/media?parent=4453"}],"wp:term":[{"taxonomy":"product_brand","embeddable":true,"href":"https:\/\/libreriahistoriasdebolsillo.com\/index.php\/wp-json\/wp\/v2\/product_brand?post=4453"},{"taxonomy":"product_cat","embeddable":true,"href":"https:\/\/libreriahistoriasdebolsillo.com\/index.php\/wp-json\/wp\/v2\/product_cat?post=4453"},{"taxonomy":"product_tag","embeddable":true,"href":"https:\/\/libreriahistoriasdebolsillo.com\/index.php\/wp-json\/wp\/v2\/product_tag?post=4453"}],"curies":[{"name":"wp","href":"https:\/\/api.w.org\/{rel}","templated":true}]}}