{"id":4459,"date":"2024-04-26T17:46:50","date_gmt":"2024-04-26T23:46:50","guid":{"rendered":"https:\/\/libreriahistoriasdebolsillo.com\/?post_type=product&#038;p=4459"},"modified":"2024-07-01T14:30:47","modified_gmt":"2024-07-01T20:30:47","slug":"la-cabeza-de-la-hidra","status":"publish","type":"product","link":"https:\/\/libreriahistoriasdebolsillo.com\/index.php\/producto\/la-cabeza-de-la-hidra\/","title":{"rendered":"La cabeza de la hidra"},"content":{"rendered":"<p><b>Incursi\u00f3n de Carlos Fuentes en el g\u00e9nero de la novela polic\u00edaca, que retrata al M\u00e9xico del boom petrolero y tiene como trasfondo una reflexi\u00f3n acerca de lo ilusorio de la libertad.<\/b><\/p>\n<p><b>Publicada por primera vez en 1978,\u00a0<i>La cabeza de la hidra\u00a0<\/i>narra las vicisitudes del Servicio Secreto Mexicano para ocultar de esp\u00edas \u00e1rabes, israel\u00edes y estadounidenses el descubrimiento de un yacimiento de petr\u00f3leo, en una trama que involucra violencia, sexo, sorprendentes coincidencias y traiciones.<\/b><\/p>\n<p>Mientras M\u00e9xico nada en los veneros petroleros que le fueron escriturados por el Diablo, un bur\u00f3crata es arrojado a un torbellino de intriga y espionaje internacional donde descubre que las tripas de la bestia a cargo son unas y las mismas y el conducto de evacuaci\u00f3n el mismo: somos las mierdas de ese monstruo. Al mismo tiempo, un hombre y una mujer descubren que detr\u00e1s de su pasi\u00f3n hay una realidad oscura que los impulsa a disfrazar de acci\u00f3n lo que s\u00f3lo es hambre, padecimiento, deseo.<\/p>\n<p><b>La cr\u00edtica ha opinado:<\/b><\/p>\n<p>\u00abLa b\u00fasqueda por encontrar una relaci\u00f3n entre Europa y Am\u00e9rica, el retorno al cuerpo invocaci\u00f3n de lo primigenio y fundamental que caracterizaa la \u00e9poca moderna aparecer\u00e1n como temas prioritario en,\u00a0<i>La<\/i>\u00a0<i>Cabeza de la hidra<\/i>, (1978) donde se despliega un resumen entre las corrientes vanguardistas, con dosis de influencia de mon\u00f3logos interiores marca Joyce, y del objetivismo.\u00bb -Sergio Mart\u00ednez Estrada,\u00a0<i>Animal Pol\u00edtico<\/i>&#8211;<\/p>\n","protected":false},"excerpt":{"rendered":"<p>Carlos Fuentes<\/p>\n","protected":false},"featured_media":4460,"template":"","meta":{"_joinchat":[]},"product_brand":[],"product_cat":[78],"product_tag":[34],"class_list":{"0":"post-4459","1":"product","2":"type-product","3":"status-publish","4":"has-post-thumbnail","6":"product_cat-contemporanea","7":"product_tag-penguin-random-house","9":"first","10":"outofstock","11":"shipping-taxable","12":"purchasable","13":"product-type-simple"},"_links":{"self":[{"href":"https:\/\/libreriahistoriasdebolsillo.com\/index.php\/wp-json\/wp\/v2\/product\/4459","targetHints":{"allow":["GET"]}}],"collection":[{"href":"https:\/\/libreriahistoriasdebolsillo.com\/index.php\/wp-json\/wp\/v2\/product"}],"about":[{"href":"https:\/\/libreriahistoriasdebolsillo.com\/index.php\/wp-json\/wp\/v2\/types\/product"}],"wp:featuredmedia":[{"embeddable":true,"href":"https:\/\/libreriahistoriasdebolsillo.com\/index.php\/wp-json\/wp\/v2\/media\/4460"}],"wp:attachment":[{"href":"https:\/\/libreriahistoriasdebolsillo.com\/index.php\/wp-json\/wp\/v2\/media?parent=4459"}],"wp:term":[{"taxonomy":"product_brand","embeddable":true,"href":"https:\/\/libreriahistoriasdebolsillo.com\/index.php\/wp-json\/wp\/v2\/product_brand?post=4459"},{"taxonomy":"product_cat","embeddable":true,"href":"https:\/\/libreriahistoriasdebolsillo.com\/index.php\/wp-json\/wp\/v2\/product_cat?post=4459"},{"taxonomy":"product_tag","embeddable":true,"href":"https:\/\/libreriahistoriasdebolsillo.com\/index.php\/wp-json\/wp\/v2\/product_tag?post=4459"}],"curies":[{"name":"wp","href":"https:\/\/api.w.org\/{rel}","templated":true}]}}