{"id":4479,"date":"2024-04-26T18:08:21","date_gmt":"2024-04-27T00:08:21","guid":{"rendered":"https:\/\/libreriahistoriasdebolsillo.com\/?post_type=product&#038;p=4479"},"modified":"2024-07-01T14:39:15","modified_gmt":"2024-07-01T20:39:15","slug":"american-gods","status":"publish","type":"product","link":"https:\/\/libreriahistoriasdebolsillo.com\/index.php\/producto\/american-gods\/","title":{"rendered":"American Gods"},"content":{"rendered":"<p>Dioses antiguos, h\u00e9roes mitol\u00f3gicos y figuras legendarias se dan cita en la obra narrativa m\u00e1s importante del extraordinario Neil Gaiman.<\/p>\n<p>\u00bfEs que no hay nada sagrado? D\u00edas antes de salir de prisi\u00f3n, la mujer de Sombra, Laura, muere en un misterioso accidente de coche. Aturdido por el dolor, emprende el regreso a casa. En el avi\u00f3n, se encontrar\u00e1 con el enigm\u00e1tico\u00a0<b>se\u00f1or Mi\u00e9rcoles<\/b>, que dice ser un refugiado de una guerra antigua, un\u00a0<b>dios\u00a0<\/b>y tambi\u00e9n el rey de Am\u00e9rica.<\/p>\n<p>Juntos se embarcan en un viaje extra\u00f1o a trav\u00e9s de los\u00a0<b>Estados Unidos<\/b>, mientras una tormenta de dimensiones \u00e9picas amenaza con desencadenarse.<\/p>\n<p>Poco a poco descubriremos que Mi\u00e9rcoles es una encarnaci\u00f3n de\u00a0<b>Od\u00edn\u00a0<\/b>y que est\u00e1 reclutando viejos dioses, cuyos poderes han disminuido por el tiempo y la falta de creyentes, para participar en una guerra contra los nuevos dioses: aquellos que conforman la tecnolog\u00eda moderna.<\/p>\n<p><b>La cr\u00edtica ha dicho&#8230;<\/b><\/p>\n<p>\u00abMisterio, sexo, s\u00e1tira, horror y prosa po\u00e9tica: American Gods se vale de todos estos elementos para mantener al lector sin poder soltar el libro\u00bb<\/p>\n<p><i>The Washington Post<\/i><\/p>\n<p>\u00abSi ten\u00e9is ocasi\u00f3n de conseguir la edici\u00f3n de Roca, no dej\u00e9is pasar la oportunidad de leer los ap\u00e9ndices y ep\u00edlogos al final.\u00bb<\/p>\n<p><i>El Biblionauta<\/i><\/p>\n","protected":false},"excerpt":{"rendered":"<p>Neil Gaiman<\/p>\n","protected":false},"featured_media":4480,"template":"","meta":{"_joinchat":[]},"product_brand":[],"product_cat":[39,77,75],"product_tag":[34],"class_list":{"0":"post-4479","1":"product","2":"type-product","3":"status-publish","4":"has-post-thumbnail","6":"product_cat-fantasia","7":"product_cat-fantasia-urbana","8":"product_cat-mitologia","9":"product_tag-penguin-random-house","11":"first","12":"outofstock","13":"shipping-taxable","14":"purchasable","15":"product-type-simple"},"_links":{"self":[{"href":"https:\/\/libreriahistoriasdebolsillo.com\/index.php\/wp-json\/wp\/v2\/product\/4479","targetHints":{"allow":["GET"]}}],"collection":[{"href":"https:\/\/libreriahistoriasdebolsillo.com\/index.php\/wp-json\/wp\/v2\/product"}],"about":[{"href":"https:\/\/libreriahistoriasdebolsillo.com\/index.php\/wp-json\/wp\/v2\/types\/product"}],"wp:featuredmedia":[{"embeddable":true,"href":"https:\/\/libreriahistoriasdebolsillo.com\/index.php\/wp-json\/wp\/v2\/media\/4480"}],"wp:attachment":[{"href":"https:\/\/libreriahistoriasdebolsillo.com\/index.php\/wp-json\/wp\/v2\/media?parent=4479"}],"wp:term":[{"taxonomy":"product_brand","embeddable":true,"href":"https:\/\/libreriahistoriasdebolsillo.com\/index.php\/wp-json\/wp\/v2\/product_brand?post=4479"},{"taxonomy":"product_cat","embeddable":true,"href":"https:\/\/libreriahistoriasdebolsillo.com\/index.php\/wp-json\/wp\/v2\/product_cat?post=4479"},{"taxonomy":"product_tag","embeddable":true,"href":"https:\/\/libreriahistoriasdebolsillo.com\/index.php\/wp-json\/wp\/v2\/product_tag?post=4479"}],"curies":[{"name":"wp","href":"https:\/\/api.w.org\/{rel}","templated":true}]}}