{"id":4486,"date":"2024-04-27T09:29:04","date_gmt":"2024-04-27T15:29:04","guid":{"rendered":"https:\/\/libreriahistoriasdebolsillo.com\/?post_type=product&#038;p=4486"},"modified":"2024-07-01T14:39:57","modified_gmt":"2024-07-01T20:39:57","slug":"triple-focus","status":"publish","type":"product","link":"https:\/\/libreriahistoriasdebolsillo.com\/index.php\/producto\/triple-focus\/","title":{"rendered":"Triple focus"},"content":{"rendered":"<p>En este nuevo libro,<i>\u00a0En la estela del cerebro y la inteligencia emocional,<\/i>\u00a0<i>Liderazgo\u00a0<\/i>y<i>\u00a0C\u00f3mo ser un l\u00edder<\/i>, Daniel Goleman y Peter M. Senge ofrecen a los profesionales de la educaci\u00f3n, a los padres con hijos en edad escolar y a todo aquel relacionado con la psicolog\u00eda, la incorporaci\u00f3n de tres conjuntos de habilidades b\u00e1sicas de comprensi\u00f3n: el triple enfoque.<\/p>\n<p>Asi mismo, los autores justifican estas competencias en la necesidad imperiosa de ayudar a los estudiantes a navegar en un mundo acelerado en el que el incremento de la distracci\u00f3n y la creciente interconexi\u00f3n son los principales problemas de dispersi\u00f3n de objetos y m\u00e9todos.<\/p>\n<p>Los puntos principales de este m\u00e9todo, las tres competencias sobre las que trabajar, son: la \u00abautoconciencia\u00bb o el enfoque en uno mismo, la \u00abempat\u00eda\u00bb o la comprensi\u00f3n de las otras personas, y el \u00abpensamiento sistem\u00e1tico\u00bb o la comprensi\u00f3n del mundo que nos rodea.<\/p>\n<p>La intenci\u00f3n final del\u00a0<i>Triple Focus<\/i>\u00a0es que a partir de la asimilaci\u00f3n de estos conceptos como motores del sistema de estudio, los ni\u00f1os de hoy se conviertan en estudiantes m\u00e1s felices, m\u00e1s tranquilos y m\u00e1s maduros, con el prop\u00f3sito de alcanzar el \u00e9xito en sus vidas y contribuir a los cambios sociales vitales necesarios para afrontar el futuro inmediato.<\/p>\n","protected":false},"excerpt":{"rendered":"<p>Daniel Goleman<\/p>\n","protected":false},"featured_media":4487,"template":"","meta":{"_joinchat":[]},"product_brand":[],"product_cat":[58,41],"product_tag":[34],"class_list":{"0":"post-4486","1":"product","2":"type-product","3":"status-publish","4":"has-post-thumbnail","6":"product_cat-desarrollo-humano-y-superacion","7":"product_cat-desarrollo-humano","8":"product_tag-penguin-random-house","10":"first","11":"outofstock","12":"shipping-taxable","13":"purchasable","14":"product-type-simple"},"_links":{"self":[{"href":"https:\/\/libreriahistoriasdebolsillo.com\/index.php\/wp-json\/wp\/v2\/product\/4486","targetHints":{"allow":["GET"]}}],"collection":[{"href":"https:\/\/libreriahistoriasdebolsillo.com\/index.php\/wp-json\/wp\/v2\/product"}],"about":[{"href":"https:\/\/libreriahistoriasdebolsillo.com\/index.php\/wp-json\/wp\/v2\/types\/product"}],"wp:featuredmedia":[{"embeddable":true,"href":"https:\/\/libreriahistoriasdebolsillo.com\/index.php\/wp-json\/wp\/v2\/media\/4487"}],"wp:attachment":[{"href":"https:\/\/libreriahistoriasdebolsillo.com\/index.php\/wp-json\/wp\/v2\/media?parent=4486"}],"wp:term":[{"taxonomy":"product_brand","embeddable":true,"href":"https:\/\/libreriahistoriasdebolsillo.com\/index.php\/wp-json\/wp\/v2\/product_brand?post=4486"},{"taxonomy":"product_cat","embeddable":true,"href":"https:\/\/libreriahistoriasdebolsillo.com\/index.php\/wp-json\/wp\/v2\/product_cat?post=4486"},{"taxonomy":"product_tag","embeddable":true,"href":"https:\/\/libreriahistoriasdebolsillo.com\/index.php\/wp-json\/wp\/v2\/product_tag?post=4486"}],"curies":[{"name":"wp","href":"https:\/\/api.w.org\/{rel}","templated":true}]}}