{"id":4533,"date":"2024-04-27T10:43:36","date_gmt":"2024-04-27T16:43:36","guid":{"rendered":"https:\/\/libreriahistoriasdebolsillo.com\/?post_type=product&#038;p=4533"},"modified":"2025-11-12T17:49:13","modified_gmt":"2025-11-12T23:49:13","slug":"doctor-sueno","status":"publish","type":"product","link":"https:\/\/libreriahistoriasdebolsillo.com\/index.php\/producto\/doctor-sueno\/","title":{"rendered":"Doctor Sue\u00f1o"},"content":{"rendered":"<p>Stephen King vuelve al mundo de\u00a0<i>El resplandor<\/i>, una de sus novelas m\u00e1s queridas y emblem\u00e1ticas. Ahora Danny Torrance, aquel ni\u00f1o aterrorizado del Hotel Overlook, es un adulto alcoh\u00f3lico y sin residencia fija que va de ciudad en ciudad atormentado por sus visiones y por los fantasmas de su infancia, que ha aprendido a controlar pero no a eliminar de su mente.<\/p>\n<p>Un d\u00eda se siente atra\u00eddo por una ciudad de New Hampshire, donde encontrar\u00e1 trabajo en una residencia de ancianos y donde se apuntar\u00e1 a las reuniones de Alcoh\u00f3licos An\u00f3nimos. En ese lugar le llega la visi\u00f3n de Abra Stone, una ni\u00f1a que necesita su ayuda. La persigue una tribu de seres paranormales que vive del resplandor de los ni\u00f1os especiales. Parecen personas mayores y totalmente normales que viajan por el pa\u00eds en sus autocaravanas, pero su misi\u00f3n es capturar, torturar y consumir a estos ni\u00f1os. Se alimentan de ellos para vivir y el resplandor de Abra tiene tanta fuerza que los podr\u00eda mantener vivos durante mucho tiempo.<\/p>\n<p>Danny sabe que sin su ayuda Abra nunca conseguir\u00e1 escapar de ellos; juntos emprender\u00e1n una lucha \u00e9pica, una batalla sangrienta entre el Bien y el Mal, para intentar salvarla a ella y a los dem\u00e1s ni\u00f1os que sacrifican.<\/p>\n<p><b>Una novela ic\u00f3nica en la obra de Stephen King.<\/b><\/p>\n","protected":false},"excerpt":{"rendered":"<p>Stephen King<\/p>\n","protected":false},"featured_media":4534,"template":"","meta":{"_joinchat":[]},"product_brand":[],"product_cat":[36],"product_tag":[34],"class_list":{"0":"post-4533","1":"product","2":"type-product","3":"status-publish","4":"has-post-thumbnail","6":"product_cat-terror-y-paranormal","7":"product_tag-penguin-random-house","9":"first","10":"outofstock","11":"shipping-taxable","12":"purchasable","13":"product-type-simple"},"_links":{"self":[{"href":"https:\/\/libreriahistoriasdebolsillo.com\/index.php\/wp-json\/wp\/v2\/product\/4533","targetHints":{"allow":["GET"]}}],"collection":[{"href":"https:\/\/libreriahistoriasdebolsillo.com\/index.php\/wp-json\/wp\/v2\/product"}],"about":[{"href":"https:\/\/libreriahistoriasdebolsillo.com\/index.php\/wp-json\/wp\/v2\/types\/product"}],"wp:featuredmedia":[{"embeddable":true,"href":"https:\/\/libreriahistoriasdebolsillo.com\/index.php\/wp-json\/wp\/v2\/media\/4534"}],"wp:attachment":[{"href":"https:\/\/libreriahistoriasdebolsillo.com\/index.php\/wp-json\/wp\/v2\/media?parent=4533"}],"wp:term":[{"taxonomy":"product_brand","embeddable":true,"href":"https:\/\/libreriahistoriasdebolsillo.com\/index.php\/wp-json\/wp\/v2\/product_brand?post=4533"},{"taxonomy":"product_cat","embeddable":true,"href":"https:\/\/libreriahistoriasdebolsillo.com\/index.php\/wp-json\/wp\/v2\/product_cat?post=4533"},{"taxonomy":"product_tag","embeddable":true,"href":"https:\/\/libreriahistoriasdebolsillo.com\/index.php\/wp-json\/wp\/v2\/product_tag?post=4533"}],"curies":[{"name":"wp","href":"https:\/\/api.w.org\/{rel}","templated":true}]}}