{"id":4541,"date":"2024-04-27T10:57:23","date_gmt":"2024-04-27T16:57:23","guid":{"rendered":"https:\/\/libreriahistoriasdebolsillo.com\/?post_type=product&#038;p=4541"},"modified":"2025-11-11T10:47:25","modified_gmt":"2025-11-11T16:47:25","slug":"posesion","status":"publish","type":"product","link":"https:\/\/libreriahistoriasdebolsillo.com\/index.php\/producto\/posesion\/","title":{"rendered":"Posesi\u00f3n"},"content":{"rendered":"<p>Transcurre una apacible tarde de verano en Wentworth, Ohio. Como es habitual, en la soleada calle Poplar todo es normal: el chico de los peri\u00f3dicos los reparte en bicicleta, los ni\u00f1os juegan en las aceras, las barbacoas se preparan en los jardines y patios. Lo \u00fanico extra\u00f1o es la<b>\u00a0furgoneta roja<\/b>\u00a0que hay aparcada en una esquina.<\/p>\n<p>El misterioso veh\u00edculo no tardar\u00e1 en ponerse en marcha&#8230; y con \u00e9l se desencadenar\u00e1 una\u00a0<b>atroz matanza.<\/b>\u00a0Cuando la noche caiga, los supervivientesdel vecindario se encontrar\u00e1n en un mundo pavoroso donde cualquier cosa es posible, en particular la macabra<b>\u00a0posesi\u00f3n de las mentes y de los cuerpos.<\/b><\/p>\n","protected":false},"excerpt":{"rendered":"<p>Stephen King<\/p>\n","protected":false},"featured_media":4542,"template":"","meta":{"_joinchat":[]},"product_brand":[],"product_cat":[36],"product_tag":[34],"class_list":{"0":"post-4541","1":"product","2":"type-product","3":"status-publish","4":"has-post-thumbnail","6":"product_cat-terror-y-paranormal","7":"product_tag-penguin-random-house","9":"first","10":"outofstock","11":"shipping-taxable","12":"purchasable","13":"product-type-simple"},"_links":{"self":[{"href":"https:\/\/libreriahistoriasdebolsillo.com\/index.php\/wp-json\/wp\/v2\/product\/4541","targetHints":{"allow":["GET"]}}],"collection":[{"href":"https:\/\/libreriahistoriasdebolsillo.com\/index.php\/wp-json\/wp\/v2\/product"}],"about":[{"href":"https:\/\/libreriahistoriasdebolsillo.com\/index.php\/wp-json\/wp\/v2\/types\/product"}],"wp:featuredmedia":[{"embeddable":true,"href":"https:\/\/libreriahistoriasdebolsillo.com\/index.php\/wp-json\/wp\/v2\/media\/4542"}],"wp:attachment":[{"href":"https:\/\/libreriahistoriasdebolsillo.com\/index.php\/wp-json\/wp\/v2\/media?parent=4541"}],"wp:term":[{"taxonomy":"product_brand","embeddable":true,"href":"https:\/\/libreriahistoriasdebolsillo.com\/index.php\/wp-json\/wp\/v2\/product_brand?post=4541"},{"taxonomy":"product_cat","embeddable":true,"href":"https:\/\/libreriahistoriasdebolsillo.com\/index.php\/wp-json\/wp\/v2\/product_cat?post=4541"},{"taxonomy":"product_tag","embeddable":true,"href":"https:\/\/libreriahistoriasdebolsillo.com\/index.php\/wp-json\/wp\/v2\/product_tag?post=4541"}],"curies":[{"name":"wp","href":"https:\/\/api.w.org\/{rel}","templated":true}]}}