{"id":4565,"date":"2024-04-27T11:25:58","date_gmt":"2024-04-27T17:25:58","guid":{"rendered":"https:\/\/libreriahistoriasdebolsillo.com\/?post_type=product&#038;p=4565"},"modified":"2025-02-25T16:00:24","modified_gmt":"2025-02-25T22:00:24","slug":"yo-antes-de-ti-1","status":"publish","type":"product","link":"https:\/\/libreriahistoriasdebolsillo.com\/index.php\/producto\/yo-antes-de-ti-1\/","title":{"rendered":"Yo antes de ti 1"},"content":{"rendered":"<p><b>La aclamada novela que inspir\u00f3 la pel\u00edcula\u00a0<i>Me before you<\/i>, protagonizada por Emilia Clarke y Sam Claflin.<\/b><\/p>\n<p><b><i>Yo antes de ti\u00a0<\/i>re\u00fane a dos personas que no podr\u00edan tener menos en com\u00fan en una novela conmovedoramente rom\u00e1ntica con una pregunta: \u00bfQu\u00e9 decidir\u00edas cuando hacer feliz a la persona a la que amas significa tambi\u00e9n destrozarte el coraz\u00f3n?<\/b><\/p>\n<p><b>Louisa Clark\u00a0<\/b>sabe muchas cosas. Sabe cu\u00e1ntos pasos hay entre la parada del autob\u00fas y su casa. Sabe que le gusta trabajar en el caf\u00e9 The Buttered Bun y sabe que quiz\u00e1 no quiera a su novio Patrick. Lo que Lou no sabe es que est\u00e1 a punto de perder su trabajo.<\/p>\n<p><b>Will Traynor<\/b>\u00a0sabe que un accidente de moto se llev\u00f3 sus ganas de vivir. Sabe que ahora todo le parece insignificante y triste, y sabe exactamente c\u00f3mo va a solucionarlo. Lo que Will no sabe es que Lou est\u00e1 a punto de irrumpir en su mundo con una explosi\u00f3n de color. Y ninguno de los dos sabe que va a cambiar al otro para siempre.<\/p>\n","protected":false},"excerpt":{"rendered":"<p>Jojo Moyes<\/p>\n","protected":false},"featured_media":4566,"template":"","meta":{"_joinchat":[]},"product_brand":[],"product_cat":[35],"product_tag":[34],"class_list":{"0":"post-4565","1":"product","2":"type-product","3":"status-publish","4":"has-post-thumbnail","6":"product_cat-romantica","7":"product_tag-penguin-random-house","9":"first","10":"outofstock","11":"shipping-taxable","12":"purchasable","13":"product-type-simple"},"_links":{"self":[{"href":"https:\/\/libreriahistoriasdebolsillo.com\/index.php\/wp-json\/wp\/v2\/product\/4565","targetHints":{"allow":["GET"]}}],"collection":[{"href":"https:\/\/libreriahistoriasdebolsillo.com\/index.php\/wp-json\/wp\/v2\/product"}],"about":[{"href":"https:\/\/libreriahistoriasdebolsillo.com\/index.php\/wp-json\/wp\/v2\/types\/product"}],"wp:featuredmedia":[{"embeddable":true,"href":"https:\/\/libreriahistoriasdebolsillo.com\/index.php\/wp-json\/wp\/v2\/media\/4566"}],"wp:attachment":[{"href":"https:\/\/libreriahistoriasdebolsillo.com\/index.php\/wp-json\/wp\/v2\/media?parent=4565"}],"wp:term":[{"taxonomy":"product_brand","embeddable":true,"href":"https:\/\/libreriahistoriasdebolsillo.com\/index.php\/wp-json\/wp\/v2\/product_brand?post=4565"},{"taxonomy":"product_cat","embeddable":true,"href":"https:\/\/libreriahistoriasdebolsillo.com\/index.php\/wp-json\/wp\/v2\/product_cat?post=4565"},{"taxonomy":"product_tag","embeddable":true,"href":"https:\/\/libreriahistoriasdebolsillo.com\/index.php\/wp-json\/wp\/v2\/product_tag?post=4565"}],"curies":[{"name":"wp","href":"https:\/\/api.w.org\/{rel}","templated":true}]}}