{"id":4567,"date":"2024-04-27T11:28:08","date_gmt":"2024-04-27T17:28:08","guid":{"rendered":"https:\/\/libreriahistoriasdebolsillo.com\/?post_type=product&#038;p=4567"},"modified":"2024-07-01T15:05:45","modified_gmt":"2024-07-01T21:05:45","slug":"yo-antes-de-ti-2-despues-de-ti","status":"publish","type":"product","link":"https:\/\/libreriahistoriasdebolsillo.com\/index.php\/producto\/yo-antes-de-ti-2-despues-de-ti\/","title":{"rendered":"Yo antes de ti 2. Despu\u00e9s de ti"},"content":{"rendered":"<p><b>La esperada continuaci\u00f3n de la novela en la que se basa la pel\u00edcula\u00a0<i>Yo antes de ti<\/i>. Con m\u00e1s de 7 500 000 ejemplares vendidos alrededor del mundo.<\/b><\/p>\n<p><b>\u00bfC\u00f3mo sigues adelante despu\u00e9s de perder a la persona a la que amas?<\/b><\/p>\n<p><b>Lou Clark\u00a0<\/b>tiene muchas preguntas. \u00bfPor qu\u00e9 ha terminado trabajando en el pub irland\u00e9s de un aeropuerto donde cada d\u00eda tiene que ver c\u00f3mo otras personas se van de viaje a conocer sitios nuevos? \u00bfPor qu\u00e9 a pesar de que ya lleva meses viviendo en su apartamento a\u00fan no se siente en casa? \u00bfLe perdonar\u00e1 su familia lo que hizo hace a\u00f1o y medio? \u00bfY superar\u00e1 alguna vez la despedida del amor de su vida? Lo \u00fanico que Lou sabe con certeza es que algo ha de cambiar. Y una noche sucede. Pero \u00bfy si la desconocida que llama a su puerta tiene incluso m\u00e1s preguntas y ninguna de las respuestas que ella busca? Si cierra la puerta, la vida contin\u00faa, sencilla, organizada, segura. Si la abre, lo arriesga todo de nuevo. Pero Lou una vez hizo una promesa para seguir adelante. Y si quiere cumplirla tendr\u00e1 que invitarla a entrar&#8230;<\/p>\n","protected":false},"excerpt":{"rendered":"<p>Jojo Moyes<\/p>\n","protected":false},"featured_media":4568,"template":"","meta":{"_joinchat":[]},"product_brand":[],"product_cat":[35],"product_tag":[34],"class_list":{"0":"post-4567","1":"product","2":"type-product","3":"status-publish","4":"has-post-thumbnail","6":"product_cat-romantica","7":"product_tag-penguin-random-house","9":"first","10":"outofstock","11":"shipping-taxable","12":"purchasable","13":"product-type-simple"},"_links":{"self":[{"href":"https:\/\/libreriahistoriasdebolsillo.com\/index.php\/wp-json\/wp\/v2\/product\/4567","targetHints":{"allow":["GET"]}}],"collection":[{"href":"https:\/\/libreriahistoriasdebolsillo.com\/index.php\/wp-json\/wp\/v2\/product"}],"about":[{"href":"https:\/\/libreriahistoriasdebolsillo.com\/index.php\/wp-json\/wp\/v2\/types\/product"}],"wp:featuredmedia":[{"embeddable":true,"href":"https:\/\/libreriahistoriasdebolsillo.com\/index.php\/wp-json\/wp\/v2\/media\/4568"}],"wp:attachment":[{"href":"https:\/\/libreriahistoriasdebolsillo.com\/index.php\/wp-json\/wp\/v2\/media?parent=4567"}],"wp:term":[{"taxonomy":"product_brand","embeddable":true,"href":"https:\/\/libreriahistoriasdebolsillo.com\/index.php\/wp-json\/wp\/v2\/product_brand?post=4567"},{"taxonomy":"product_cat","embeddable":true,"href":"https:\/\/libreriahistoriasdebolsillo.com\/index.php\/wp-json\/wp\/v2\/product_cat?post=4567"},{"taxonomy":"product_tag","embeddable":true,"href":"https:\/\/libreriahistoriasdebolsillo.com\/index.php\/wp-json\/wp\/v2\/product_tag?post=4567"}],"curies":[{"name":"wp","href":"https:\/\/api.w.org\/{rel}","templated":true}]}}