{"id":4579,"date":"2024-04-27T11:40:02","date_gmt":"2024-04-27T17:40:02","guid":{"rendered":"https:\/\/libreriahistoriasdebolsillo.com\/?post_type=product&#038;p=4579"},"modified":"2024-07-01T15:07:02","modified_gmt":"2024-07-01T21:07:02","slug":"el-padrino-2-el-siciliano","status":"publish","type":"product","link":"https:\/\/libreriahistoriasdebolsillo.com\/index.php\/producto\/el-padrino-2-el-siciliano\/","title":{"rendered":"El Padrino 2. El Siciliano"},"content":{"rendered":"<p><b>Corre el a\u00f1o 1950<\/b>. El exilio de\u00a0<b>Michael Corleone\u00a0<\/b>en Palermo est\u00e1 a punto de acabar, y su padre, Don Vito, le ha encomendado una misi\u00f3n: volver a Am\u00e9rica con un hombre que se ha convertido en un mito popular, un forajido acosado por el gobierno, las clases altas y la mafia. Su nombre es\u00a0<b>Salvatore Giuliano<\/b>, un moderno Robin Hood que tras enfrentarse en su juventud a una patrulla de\u00a0<i>carabinieri\u00a0<\/i>se vio forzadoa refugiarse en las monta\u00f1as. Desde all\u00ed lucha por su patria y su gente, oprimida por la\u00a0<b>Cosa Nostra\u00a0<\/b>y la corrupci\u00f3n del gobierno de Roma.<\/p>\n<p>Ahora, en esta neblinosa tierra de monta\u00f1as y ruinas antiguas, el destino de Michael Corleone se ver\u00e1 hermanado con la leyenda de Salvatore Giuliano.<\/p>\n<p><i>El Siciliano<\/i>\u00a0es una\u00a0<b>biograf\u00eda novelada<\/b>\u00a0de Giuliano y una incisiva descripci\u00f3n de la vida, las tradiciones y las complejas\u00a0<b>relaciones de poder<\/b>\u00a0en Sicilia.<\/p>\n","protected":false},"excerpt":{"rendered":"<p>Mario Puzo<\/p>\n","protected":false},"featured_media":4580,"template":"","meta":{"_joinchat":[]},"product_brand":[],"product_cat":[37],"product_tag":[34],"class_list":{"0":"post-4579","1":"product","2":"type-product","3":"status-publish","4":"has-post-thumbnail","6":"product_cat-misterio-y-thriller","7":"product_tag-penguin-random-house","9":"first","10":"outofstock","11":"shipping-taxable","12":"purchasable","13":"product-type-simple"},"_links":{"self":[{"href":"https:\/\/libreriahistoriasdebolsillo.com\/index.php\/wp-json\/wp\/v2\/product\/4579","targetHints":{"allow":["GET"]}}],"collection":[{"href":"https:\/\/libreriahistoriasdebolsillo.com\/index.php\/wp-json\/wp\/v2\/product"}],"about":[{"href":"https:\/\/libreriahistoriasdebolsillo.com\/index.php\/wp-json\/wp\/v2\/types\/product"}],"wp:featuredmedia":[{"embeddable":true,"href":"https:\/\/libreriahistoriasdebolsillo.com\/index.php\/wp-json\/wp\/v2\/media\/4580"}],"wp:attachment":[{"href":"https:\/\/libreriahistoriasdebolsillo.com\/index.php\/wp-json\/wp\/v2\/media?parent=4579"}],"wp:term":[{"taxonomy":"product_brand","embeddable":true,"href":"https:\/\/libreriahistoriasdebolsillo.com\/index.php\/wp-json\/wp\/v2\/product_brand?post=4579"},{"taxonomy":"product_cat","embeddable":true,"href":"https:\/\/libreriahistoriasdebolsillo.com\/index.php\/wp-json\/wp\/v2\/product_cat?post=4579"},{"taxonomy":"product_tag","embeddable":true,"href":"https:\/\/libreriahistoriasdebolsillo.com\/index.php\/wp-json\/wp\/v2\/product_tag?post=4579"}],"curies":[{"name":"wp","href":"https:\/\/api.w.org\/{rel}","templated":true}]}}