{"id":4581,"date":"2024-04-27T11:41:35","date_gmt":"2024-04-27T17:41:35","guid":{"rendered":"https:\/\/libreriahistoriasdebolsillo.com\/?post_type=product&#038;p=4581"},"modified":"2024-07-01T15:09:22","modified_gmt":"2024-07-01T21:09:22","slug":"cancion-de-hielo-y-fuego-1-juego-de-tronos","status":"publish","type":"product","link":"https:\/\/libreriahistoriasdebolsillo.com\/index.php\/producto\/cancion-de-hielo-y-fuego-1-juego-de-tronos\/","title":{"rendered":"Canci\u00f3n de hielo y fuego 1. Juego de tronos"},"content":{"rendered":"<p><b>De la saga que inspir\u00f3 la filmaci\u00f3n de la aclamada serie televisiva de HBO:\u00a0<i>Game of Thrones<\/i>.<\/b><\/p>\n<p><b><i>Juego de tronos<\/i>\u00a0es el primer volumen de Canci\u00f3n de hielo y fuego, la monumental saga de fantas\u00eda \u00e9pica del escritor George R. R. Martin que ha vendido m\u00e1s de 20 millones de ejemplares en todo el mundo.<\/b><\/p>\n<p>En el legendario mundo de los\u00a0<b>Siete Reinos<\/b>, donde el verano puede durar d\u00e9cadas y el invierno toda una vida, y donde rastros de una magia inmemorial surgen en los rincones m\u00e1s sombr\u00edos, la tierra del norte, Invernalia, est\u00e1 resguardada por un colosal muro de hielo que detiene a fuerzas oscuras y sobrenaturales.<\/p>\n<p>En este majestuoso escenario, lord\u00a0<b>Stark<\/b>\u00a0y su familia se encuentran en el centro de un conflicto que desatar\u00e1 todas las pasiones: la traici\u00f3n y la lealtad, la compasi\u00f3n y la sed de venganza, el amor y el poder, la lujuria y el incesto, todo ello para ganarla m\u00e1s mortal de las batallas: el trono de hierro, una poderosa trampa que atrapar\u00e1 a los personajes&#8230;y al lector.<\/p>\n","protected":false},"excerpt":{"rendered":"<p>George R.R. Martin<\/p>\n","protected":false},"featured_media":4582,"template":"","meta":{"_joinchat":[]},"product_brand":[],"product_cat":[39],"product_tag":[34],"class_list":{"0":"post-4581","1":"product","2":"type-product","3":"status-publish","4":"has-post-thumbnail","6":"product_cat-fantasia","7":"product_tag-penguin-random-house","9":"first","10":"outofstock","11":"shipping-taxable","12":"purchasable","13":"product-type-simple"},"_links":{"self":[{"href":"https:\/\/libreriahistoriasdebolsillo.com\/index.php\/wp-json\/wp\/v2\/product\/4581","targetHints":{"allow":["GET"]}}],"collection":[{"href":"https:\/\/libreriahistoriasdebolsillo.com\/index.php\/wp-json\/wp\/v2\/product"}],"about":[{"href":"https:\/\/libreriahistoriasdebolsillo.com\/index.php\/wp-json\/wp\/v2\/types\/product"}],"wp:featuredmedia":[{"embeddable":true,"href":"https:\/\/libreriahistoriasdebolsillo.com\/index.php\/wp-json\/wp\/v2\/media\/4582"}],"wp:attachment":[{"href":"https:\/\/libreriahistoriasdebolsillo.com\/index.php\/wp-json\/wp\/v2\/media?parent=4581"}],"wp:term":[{"taxonomy":"product_brand","embeddable":true,"href":"https:\/\/libreriahistoriasdebolsillo.com\/index.php\/wp-json\/wp\/v2\/product_brand?post=4581"},{"taxonomy":"product_cat","embeddable":true,"href":"https:\/\/libreriahistoriasdebolsillo.com\/index.php\/wp-json\/wp\/v2\/product_cat?post=4581"},{"taxonomy":"product_tag","embeddable":true,"href":"https:\/\/libreriahistoriasdebolsillo.com\/index.php\/wp-json\/wp\/v2\/product_tag?post=4581"}],"curies":[{"name":"wp","href":"https:\/\/api.w.org\/{rel}","templated":true}]}}