{"id":4585,"date":"2024-04-27T11:47:05","date_gmt":"2024-04-27T17:47:05","guid":{"rendered":"https:\/\/libreriahistoriasdebolsillo.com\/?post_type=product&#038;p=4585"},"modified":"2024-07-01T15:09:08","modified_gmt":"2024-07-01T21:09:08","slug":"cancion-de-hielo-y-fuego-3-tormenta-de-espadas","status":"publish","type":"product","link":"https:\/\/libreriahistoriasdebolsillo.com\/index.php\/producto\/cancion-de-hielo-y-fuego-3-tormenta-de-espadas\/","title":{"rendered":"Canci\u00f3n de hielo y fuego 3. Tormenta de espadas"},"content":{"rendered":"<p><b><i>Tormenta de espadas<\/i>\u00a0es el tercer volumen de Canci\u00f3n de hielo y fuego, la monumental saga de fantas\u00eda \u00e9pica del escritor George R. R. Martin que ha vendido m\u00e1s de 20 millones de ejemplares en todo el mundo.<\/b><\/p>\n<p><b>De la saga que inspir\u00f3 la filmaci\u00f3n de la aclamada serie televisiva de HBO:\u00a0<i>Game of Thrones<\/i>.<\/b><\/p>\n<p>Arrasados por la guerra, los\u00a0<b>Siete Reinos<\/b>\u00a0pronto sufrir\u00e1n el largu\u00edsimo invierno que se predice como inusitadamente crudo. Y mientras empeoran la violencia y el clima, los personajes entra\u00f1ables e infames que ya conocemos contin\u00faan debati\u00e9ndose entre feroces batallas y perversas intrigas palaciegas: Joffrey, el cruel rey adolescente, hace de las suyas ante el azoro de los propios miembros de su clan, los\u00a0<b>Lannister<\/b>; Robb Stark, rey de Invernalia, ha ganado todos sus combates, pero est\u00e1 perdiendo la guerra;\u00a0<b>Daenerys Targaryen<\/b>, la princesa de los tres\u00a0<b>dragones<\/b>, ya est\u00e1 al frente de un ej\u00e9rcito de mercenarios para cumplir su destino: recuperar el reino del cual fue despojada. Pero tambi\u00e9n otra fuerza armada, con la que nadie contaba, surge desde m\u00e1s all\u00e1 del Muro de Hielo: se trata de los Otros, un ej\u00e9rcito sobrenatural de muertos vivientes, cuyos cuerpos inertes no podr\u00e1n ser detenidos.<\/p>\n<p>\u00c9sta es\u00a0<i>Tormenta de espadas<\/i>, la tercera entrega de Canci\u00f3n de hielo y fuego que, adem\u00e1s de enriquecer el universo imaginario de la saga, pone a prueba a todos sus personajes principales. Algunos pierden pero otros, como el autor mismo, se robustecen.<\/p>\n","protected":false},"excerpt":{"rendered":"<p>George R.R. Martin<\/p>\n","protected":false},"featured_media":4586,"template":"","meta":{"_joinchat":[]},"product_brand":[],"product_cat":[39],"product_tag":[34],"class_list":{"0":"post-4585","1":"product","2":"type-product","3":"status-publish","4":"has-post-thumbnail","6":"product_cat-fantasia","7":"product_tag-penguin-random-house","9":"first","10":"outofstock","11":"shipping-taxable","12":"purchasable","13":"product-type-simple"},"_links":{"self":[{"href":"https:\/\/libreriahistoriasdebolsillo.com\/index.php\/wp-json\/wp\/v2\/product\/4585","targetHints":{"allow":["GET"]}}],"collection":[{"href":"https:\/\/libreriahistoriasdebolsillo.com\/index.php\/wp-json\/wp\/v2\/product"}],"about":[{"href":"https:\/\/libreriahistoriasdebolsillo.com\/index.php\/wp-json\/wp\/v2\/types\/product"}],"wp:featuredmedia":[{"embeddable":true,"href":"https:\/\/libreriahistoriasdebolsillo.com\/index.php\/wp-json\/wp\/v2\/media\/4586"}],"wp:attachment":[{"href":"https:\/\/libreriahistoriasdebolsillo.com\/index.php\/wp-json\/wp\/v2\/media?parent=4585"}],"wp:term":[{"taxonomy":"product_brand","embeddable":true,"href":"https:\/\/libreriahistoriasdebolsillo.com\/index.php\/wp-json\/wp\/v2\/product_brand?post=4585"},{"taxonomy":"product_cat","embeddable":true,"href":"https:\/\/libreriahistoriasdebolsillo.com\/index.php\/wp-json\/wp\/v2\/product_cat?post=4585"},{"taxonomy":"product_tag","embeddable":true,"href":"https:\/\/libreriahistoriasdebolsillo.com\/index.php\/wp-json\/wp\/v2\/product_tag?post=4585"}],"curies":[{"name":"wp","href":"https:\/\/api.w.org\/{rel}","templated":true}]}}