{"id":4589,"date":"2024-04-27T11:51:02","date_gmt":"2024-04-27T17:51:02","guid":{"rendered":"https:\/\/libreriahistoriasdebolsillo.com\/?post_type=product&#038;p=4589"},"modified":"2024-07-01T15:08:58","modified_gmt":"2024-07-01T21:08:58","slug":"cancion-de-hielo-y-fuego-5-danza-de-dragones","status":"publish","type":"product","link":"https:\/\/libreriahistoriasdebolsillo.com\/index.php\/producto\/cancion-de-hielo-y-fuego-5-danza-de-dragones\/","title":{"rendered":"Canci\u00f3n de hielo y fuego 5. Danza de dragones"},"content":{"rendered":"<p><b><i>Danza de dragones<\/i>\u00a0es el quinto volumen de Canci\u00f3n de hielo y fuego, la monumental saga de fantas\u00eda \u00e9pica del escritor George R. R. Martin que ha vendido m\u00e1s de 20 millones de ejemplares en todo el mundo.<\/b><\/p>\n<p><b>De la saga que inspir\u00f3 la filmaci\u00f3n de la aclamada serie televisiva de HBO:\u00a0<i>Game of Thrones<\/i>.<\/b><\/p>\n<p>Despu\u00e9s de una colosal batalla, el futuro de los\u00a0<b>Siete Reinos<\/b>\u00a0pende de unhilo, acuciado por nuevas amenazas que emergen de todos los rincones y en todas direcciones. En el este,\u00a0<b>Daenerys Targaryen<\/b>, el \u00faltimo eslab\u00f3n de la Casa Targaryen, gobierna con sus tres dragones como la reina de una ciudad construida sobre polvo y muerte. Pero Daenerys tiene miles de enemigos, y muchos se han propuesto dar con ella. A medida que ellos la buscan, un joven emprende su propio camino hacia la reina, con un objetivo diametralmente distinto&#8230;\u00a0<b>Tyrion Lannister<\/b>\u00a0tambi\u00e9n se dirige hacia Daenerys mientras escapa de Poniente, donde le han puesto precio a su cabeza. Sus nuevos aliados en esta huida, no obstante, no son los malhechores que aparentan ser, y entre ellos se encuentra aquel que podr\u00eda impedir que Daenerys se haga del control de Poniente para siempre.<\/p>\n<p>Mientras tanto, al norte se halla el colosal\u00a0<b>Muro de Hielo<\/b>. All\u00ed,\u00a0<b>Jon Nieve<\/b>\u00a0enfrentar\u00e1 el m\u00e1s grande de los retos: sus m\u00e1s ac\u00e9rrimos enemigos no s\u00f3lo forman parte de la guardia que dirige, sino que se extienden m\u00e1s all\u00e1 de la tenebrosa tierra de las criaturas de hielo.<\/p>\n<p>De todos los rincones, enconados conflictos cobran nuevos br\u00edos, traiciones \u00edntimas se perpetran y un gran elenco de proscritos y sacerdotes, soldados y criaturas camale\u00f3nicas, nobles y esclavos, enfrentar\u00e1n obst\u00e1culos en apariencia insuperables. Algunos fracasar\u00e1n, otros crecer\u00e1n en la fuerza de la oscuridad. Pero en tiempos de agitaci\u00f3n in crescendo, los hilos del destino y la pol\u00edtica arrastrar\u00e1n a los personajes y al lector, inevitablemente, a la m\u00e1s espectacular de las danzas.<\/p>\n","protected":false},"excerpt":{"rendered":"<p>George R.R. Martin<\/p>\n","protected":false},"featured_media":4590,"template":"","meta":{"_joinchat":[]},"product_brand":[],"product_cat":[39],"product_tag":[34],"class_list":{"0":"post-4589","1":"product","2":"type-product","3":"status-publish","4":"has-post-thumbnail","6":"product_cat-fantasia","7":"product_tag-penguin-random-house","9":"first","10":"outofstock","11":"shipping-taxable","12":"purchasable","13":"product-type-simple"},"_links":{"self":[{"href":"https:\/\/libreriahistoriasdebolsillo.com\/index.php\/wp-json\/wp\/v2\/product\/4589","targetHints":{"allow":["GET"]}}],"collection":[{"href":"https:\/\/libreriahistoriasdebolsillo.com\/index.php\/wp-json\/wp\/v2\/product"}],"about":[{"href":"https:\/\/libreriahistoriasdebolsillo.com\/index.php\/wp-json\/wp\/v2\/types\/product"}],"wp:featuredmedia":[{"embeddable":true,"href":"https:\/\/libreriahistoriasdebolsillo.com\/index.php\/wp-json\/wp\/v2\/media\/4590"}],"wp:attachment":[{"href":"https:\/\/libreriahistoriasdebolsillo.com\/index.php\/wp-json\/wp\/v2\/media?parent=4589"}],"wp:term":[{"taxonomy":"product_brand","embeddable":true,"href":"https:\/\/libreriahistoriasdebolsillo.com\/index.php\/wp-json\/wp\/v2\/product_brand?post=4589"},{"taxonomy":"product_cat","embeddable":true,"href":"https:\/\/libreriahistoriasdebolsillo.com\/index.php\/wp-json\/wp\/v2\/product_cat?post=4589"},{"taxonomy":"product_tag","embeddable":true,"href":"https:\/\/libreriahistoriasdebolsillo.com\/index.php\/wp-json\/wp\/v2\/product_tag?post=4589"}],"curies":[{"name":"wp","href":"https:\/\/api.w.org\/{rel}","templated":true}]}}