{"id":4605,"date":"2024-04-27T12:10:28","date_gmt":"2024-04-27T18:10:28","guid":{"rendered":"https:\/\/libreriahistoriasdebolsillo.com\/?post_type=product&#038;p=4605"},"modified":"2024-07-01T15:06:41","modified_gmt":"2024-07-01T21:06:41","slug":"peregrinos","status":"publish","type":"product","link":"https:\/\/libreriahistoriasdebolsillo.com\/index.php\/producto\/peregrinos\/","title":{"rendered":"Peregrinos"},"content":{"rendered":"<p>Desde una\u00a0<b>patria a punto de esfumarse<\/b>, dos familias de distintas regiones de Prusia, los Schipper y los Hahlbrock, huyen, junto con su pueblo, en un\u00a0<b>\u00e9xodo\u00a0<\/b>suscitado por los horrores de la\u00a0<b>Segunda Guerra Mundial<\/b>. Prusia exist\u00eda separada de Alemania aunque no de su\u00a0<b>fervor nacionalista<\/b>\u00a0ni de las bombas que extinguen una vida y perdonan otra.<\/p>\n<p>Las vidas de Arno Schipper e Ilse Hahlbrock, dos ni\u00f1os que sin siquiera conocerse ni saber lo que les deparar\u00e1 el destino en otras tierras, van junto a los suyos en un\u00a0<b>peregrinaje sin descanso<\/b>. Buscan escapar de la destrucci\u00f3n, del hambre y de la muerte, pero es la esperanza de paz y del reencuentro, es el deseo de hallar un lugar donde echar nuevas ra\u00edces, lo que se les arraiga en el coraz\u00f3n.<\/p>\n<p>Inspirada en hechos reales,\u00a0<i>Peregrinos\u00a0<\/i>es una novela conmovedora, humana, un extraordinario reflejo de los caminos imbricados, del\u00a0<b>destino ineludible<\/b>. En el hilo de la mejor literatura contempor\u00e1nea, la magn\u00edfica pluma de Sof\u00eda Segovia nos regala un punto de vista singular y emocionante de uno de los conflictos m\u00e1s estremecedores de la historia.<\/p>\n<p><b>Por la autora de\u00a0<\/b><i><b>El murmullo de las abejas\u00a0<\/b><\/i><b>y\u00a0<\/b><i><b>Hurac\u00e1n.<\/b><\/i><\/p>\n","protected":false},"excerpt":{"rendered":"<p>Sof\u00eda Segovia<\/p>\n","protected":false},"featured_media":4606,"template":"","meta":{"_joinchat":[]},"product_brand":[],"product_cat":[78],"product_tag":[34],"class_list":{"0":"post-4605","1":"product","2":"type-product","3":"status-publish","4":"has-post-thumbnail","6":"product_cat-contemporanea","7":"product_tag-penguin-random-house","9":"first","10":"outofstock","11":"shipping-taxable","12":"purchasable","13":"product-type-simple"},"_links":{"self":[{"href":"https:\/\/libreriahistoriasdebolsillo.com\/index.php\/wp-json\/wp\/v2\/product\/4605","targetHints":{"allow":["GET"]}}],"collection":[{"href":"https:\/\/libreriahistoriasdebolsillo.com\/index.php\/wp-json\/wp\/v2\/product"}],"about":[{"href":"https:\/\/libreriahistoriasdebolsillo.com\/index.php\/wp-json\/wp\/v2\/types\/product"}],"wp:featuredmedia":[{"embeddable":true,"href":"https:\/\/libreriahistoriasdebolsillo.com\/index.php\/wp-json\/wp\/v2\/media\/4606"}],"wp:attachment":[{"href":"https:\/\/libreriahistoriasdebolsillo.com\/index.php\/wp-json\/wp\/v2\/media?parent=4605"}],"wp:term":[{"taxonomy":"product_brand","embeddable":true,"href":"https:\/\/libreriahistoriasdebolsillo.com\/index.php\/wp-json\/wp\/v2\/product_brand?post=4605"},{"taxonomy":"product_cat","embeddable":true,"href":"https:\/\/libreriahistoriasdebolsillo.com\/index.php\/wp-json\/wp\/v2\/product_cat?post=4605"},{"taxonomy":"product_tag","embeddable":true,"href":"https:\/\/libreriahistoriasdebolsillo.com\/index.php\/wp-json\/wp\/v2\/product_tag?post=4605"}],"curies":[{"name":"wp","href":"https:\/\/api.w.org\/{rel}","templated":true}]}}