{"id":4607,"date":"2024-04-27T12:12:42","date_gmt":"2024-04-27T18:12:42","guid":{"rendered":"https:\/\/libreriahistoriasdebolsillo.com\/?post_type=product&#038;p=4607"},"modified":"2026-02-24T15:42:48","modified_gmt":"2026-02-24T21:42:48","slug":"el-club-de-las-5-de-la-manana","status":"publish","type":"product","link":"https:\/\/libreriahistoriasdebolsillo.com\/index.php\/producto\/el-club-de-las-5-de-la-manana\/","title":{"rendered":"El club de las 5 de la ma\u00f1ana"},"content":{"rendered":"<p>Robin Sharma es uno de los mayores expertos mundiales en\u00a0<b>liderazgo y desempe\u00f1o.<\/b>\u00a0Desarroll\u00f3 el concepto del Club de las 5 de la ma\u00f1ana hace m\u00e1s de veinte a\u00f1os a partir de los revolucionarios\u00a0<b>h\u00e1bitos\u00a0<\/b>que han permitido a sus clientes incrementar su productividad, mejorar su salud y afrontar con serenidad la extremadamente compleja \u00e9poca en que vivimos.<\/p>\n<p>Este libro, de profundo impacto personal, nos descubrir\u00e1 las rutinas que han hecho posible que muchas personas alcancen grandes resultados al tiempo que nuestra\u00a0<b>felicidad y vitalidad\u00a0<\/b>aumenta.<\/p>\n<p>A trav\u00e9s de una entretenida historia de dos personas que conocen al mismo tiempo a un exc\u00e9ntrico magnate que termina por convertirse en su mentor,\u00a0<i>El Club de las 5 de la ma\u00f1ana<\/i>\u00a0nos muestra:<\/p>\n<p>&#8211; Una forma de\u00a0<b>aprovechar las ma\u00f1anas<\/b>para conseguir unos resultados extraordinarios.<br \/>\n&#8211; Una f\u00f3rmula poco conocida para despertarse temprano con buen \u00e1nimo y la energ\u00eda necesaria para\u00a0<b>aprovechar\u00a0<\/b>el d\u00eda al m\u00e1ximo.<br \/>\n&#8211; Un m\u00e9todo para dedicar las horas m\u00e1s tranquilas del d\u00eda a hacer ejercicio,\u00a0<b>renovarse\u00a0<\/b>y crecer como persona.<br \/>\n&#8211; Un h\u00e1bito cient\u00edficamente probado que nos permitir\u00e1 levantarnos mientras los dem\u00e1s siguen durmiendo y disponer as\u00ed de unas horas preciosas para pensar,<b>\u00a0potenciar nuestra creatividad<\/b>\u00a0y empezar el d\u00eda con calma y sin prisas.<br \/>\n&#8211; Unas t\u00e1cticas poco conocidas para proteger nuestro talento de la distracci\u00f3n digital.<\/p>\n","protected":false},"excerpt":{"rendered":"<p>Robin Sharma<\/p>\n","protected":false},"featured_media":4608,"template":"","meta":{"_joinchat":[]},"product_brand":[],"product_cat":[58,41,51],"product_tag":[34],"class_list":{"0":"post-4607","1":"product","2":"type-product","3":"status-publish","4":"has-post-thumbnail","6":"product_cat-desarrollo-humano-y-superacion","7":"product_cat-desarrollo-humano","8":"product_cat-oferta","9":"product_tag-penguin-random-house","11":"first","12":"instock","13":"sale","14":"shipping-taxable","15":"purchasable","16":"product-type-simple"},"_links":{"self":[{"href":"https:\/\/libreriahistoriasdebolsillo.com\/index.php\/wp-json\/wp\/v2\/product\/4607","targetHints":{"allow":["GET"]}}],"collection":[{"href":"https:\/\/libreriahistoriasdebolsillo.com\/index.php\/wp-json\/wp\/v2\/product"}],"about":[{"href":"https:\/\/libreriahistoriasdebolsillo.com\/index.php\/wp-json\/wp\/v2\/types\/product"}],"wp:featuredmedia":[{"embeddable":true,"href":"https:\/\/libreriahistoriasdebolsillo.com\/index.php\/wp-json\/wp\/v2\/media\/4608"}],"wp:attachment":[{"href":"https:\/\/libreriahistoriasdebolsillo.com\/index.php\/wp-json\/wp\/v2\/media?parent=4607"}],"wp:term":[{"taxonomy":"product_brand","embeddable":true,"href":"https:\/\/libreriahistoriasdebolsillo.com\/index.php\/wp-json\/wp\/v2\/product_brand?post=4607"},{"taxonomy":"product_cat","embeddable":true,"href":"https:\/\/libreriahistoriasdebolsillo.com\/index.php\/wp-json\/wp\/v2\/product_cat?post=4607"},{"taxonomy":"product_tag","embeddable":true,"href":"https:\/\/libreriahistoriasdebolsillo.com\/index.php\/wp-json\/wp\/v2\/product_tag?post=4607"}],"curies":[{"name":"wp","href":"https:\/\/api.w.org\/{rel}","templated":true}]}}