{"id":4668,"date":"2024-05-03T17:05:18","date_gmt":"2024-05-03T23:05:18","guid":{"rendered":"https:\/\/libreriahistoriasdebolsillo.com\/?post_type=product&#038;p=4668"},"modified":"2024-05-03T17:05:18","modified_gmt":"2024-05-03T23:05:18","slug":"crea-el-espacio-para-el-amor","status":"publish","type":"product","link":"https:\/\/libreriahistoriasdebolsillo.com\/index.php\/producto\/crea-el-espacio-para-el-amor\/","title":{"rendered":"Crea el espacio para el amor"},"content":{"rendered":"<p><b>El amor de verdad se construye primero con uno mismo.<\/b><\/p>\n<p>\u00bfTe ha pasado que atraes el mismo tipo de relaciones una y otra vez? \u00bfTu pareja pasa de ser un encanto a un tormento? \u00bfSigues esperando a tu media naranja? \u00bfCrees que el amor verdadero no existe?\u00a0<b>Aura Medina<\/b>\u00a0te invita a hacer un ejercicio de indagaci\u00f3n para verte sin juicios, con ojos generosos y llenos de amor, para entender que\u00a0<b>tu mejor compa\u00f1\u00eda eres t\u00fa<\/b>\u00a0y no necesitas de unapareja para ser feliz. Es importante que dejes atr\u00e1s falsas identificaciones y sanes tus heridas de la infancia para que te ames y desbordes ese amor a todos los que te rodean.<\/p>\n<p>En\u00a0<b>Crea el espacio para el amor<\/b>\u00a0aprender\u00e1s a:<\/p>\n<p>\u2022 Identificar tus creencias m\u00e1s arraigadas.<\/p>\n<p>\u2022 Complementarte con el otro de forma constructiva.<\/p>\n<p>\u2022 Detectar la codependencia y sanarla.<\/p>\n<p>\u2022 Desbloquear emociones y conectar con tu cuerpo.<\/p>\n<p>\u2022 Aumentar tu autoestima y aceptarte como eres.<\/p>\n<p>Atr\u00e9vete a vivir una historia de amor sin mitos, idealizaciones, fantas\u00edas ni sue\u00f1os de color rosa.<\/p>\n","protected":false},"excerpt":{"rendered":"<p>Aura Medina de Wit<\/p>\n","protected":false},"featured_media":4669,"template":"","meta":{"_joinchat":[]},"product_brand":[],"product_cat":[58,41],"product_tag":[34],"class_list":{"0":"post-4668","1":"product","2":"type-product","3":"status-publish","4":"has-post-thumbnail","6":"product_cat-desarrollo-humano-y-superacion","7":"product_cat-desarrollo-humano","8":"product_tag-penguin-random-house","10":"first","11":"instock","12":"shipping-taxable","13":"purchasable","14":"product-type-simple"},"_links":{"self":[{"href":"https:\/\/libreriahistoriasdebolsillo.com\/index.php\/wp-json\/wp\/v2\/product\/4668","targetHints":{"allow":["GET"]}}],"collection":[{"href":"https:\/\/libreriahistoriasdebolsillo.com\/index.php\/wp-json\/wp\/v2\/product"}],"about":[{"href":"https:\/\/libreriahistoriasdebolsillo.com\/index.php\/wp-json\/wp\/v2\/types\/product"}],"wp:featuredmedia":[{"embeddable":true,"href":"https:\/\/libreriahistoriasdebolsillo.com\/index.php\/wp-json\/wp\/v2\/media\/4669"}],"wp:attachment":[{"href":"https:\/\/libreriahistoriasdebolsillo.com\/index.php\/wp-json\/wp\/v2\/media?parent=4668"}],"wp:term":[{"taxonomy":"product_brand","embeddable":true,"href":"https:\/\/libreriahistoriasdebolsillo.com\/index.php\/wp-json\/wp\/v2\/product_brand?post=4668"},{"taxonomy":"product_cat","embeddable":true,"href":"https:\/\/libreriahistoriasdebolsillo.com\/index.php\/wp-json\/wp\/v2\/product_cat?post=4668"},{"taxonomy":"product_tag","embeddable":true,"href":"https:\/\/libreriahistoriasdebolsillo.com\/index.php\/wp-json\/wp\/v2\/product_tag?post=4668"}],"curies":[{"name":"wp","href":"https:\/\/api.w.org\/{rel}","templated":true}]}}