{"id":4687,"date":"2024-05-08T11:32:14","date_gmt":"2024-05-08T17:32:14","guid":{"rendered":"https:\/\/libreriahistoriasdebolsillo.com\/?post_type=product&#038;p=4687"},"modified":"2026-04-16T10:18:19","modified_gmt":"2026-04-16T16:18:19","slug":"terapia-para-llevar-100-herramientas-psicologicas-para-llevar-mejor-tu-dia-a-dia","status":"publish","type":"product","link":"https:\/\/libreriahistoriasdebolsillo.com\/index.php\/producto\/terapia-para-llevar-100-herramientas-psicologicas-para-llevar-mejor-tu-dia-a-dia\/","title":{"rendered":"Terapia para llevar. 100 herramientas psicol\u00f3gicas para llevar mejor tu d\u00eda a d\u00eda"},"content":{"rendered":"<p><b>La salud mental no cae del cielo. Descubre 100 herramientas pr\u00e1cticas y f\u00e1ciles de aplicar que mejorar\u00e1n tu d\u00eda a d\u00eda.<\/b><\/p>\n<p>\u00bfEst\u00e1s desconectado de ti mismo? \u00bfSientes que te pasa algo, pero no sabes qu\u00e9 es? \u00bfLa opini\u00f3n de los dem\u00e1s te condiciona demasiado? Los peque\u00f1os malestares del d\u00eda a d\u00eda son una gran oportunidad para mejorar.<\/p>\n<p><b>En\u00a0<i>Terapia para llevar<\/i>\u00a0encontrar\u00e1s 20 conceptos clave de psicolog\u00eda y 5 herramientas pr\u00e1cticas para llevar mejor el d\u00eda a d\u00eda.<\/b><\/p>\n<p>Aprende a relativizar, a evitar los pensamientos intrusivos y a poner l\u00edmites que te hagan sentir bien. Descubre c\u00f3mo aumentar tu autoestima, dejar de procrastinar y confiar m\u00e1s en ti. Gestiona el fracaso, el miedo al futuro y la peor de las rupturas amorosas.<\/p>\n<p>En definitiva, esc\u00fachate, entiende tus emociones y, sobre todo, act\u00faa para mejorarlas.<\/p>\n<p><b>Te ha costado a\u00f1os conocer a las personas de tu alrededor. Conocerte a ti tambi\u00e9n te llevar\u00e1 tiempo.<\/b><\/p>\n<p><b>CON ESTE LIBRO APRENDER\u00c1S A:<\/b><\/p>\n<p>\u2022 Afrontar el fracaso<\/p>\n<p>\u2022 Poner l\u00edmites<\/p>\n<p>\u2022 Aumentar tu autoestima<\/p>\n<p>\u2022 Dejar de procrastinar<\/p>\n<p>\u2022 Superar una ruptura amorosa<\/p>\n<p>\u2022 Relativizar<\/p>\n<p>\u2022 Superar el miedo al qu\u00e9 dir\u00e1n<\/p>\n<p>\u2022 Controlar los pensamientos intrusivos<\/p>\n<p>\u2022 Gestionar el miedo al futuro y la intolerancia a la incertidumbre<\/p>\n<p>\u2022 Comunicarte de manera asertiva<\/p>\n<p>\u2022 Cerrar ciclos<\/p>\n<p><b>Y MUCHO M\u00c1S.<\/b><\/p>\n","protected":false},"excerpt":{"rendered":"<p>Ana P\u00e9rez<\/p>\n","protected":false},"featured_media":4688,"template":"","meta":{"_joinchat":[]},"product_brand":[],"product_cat":[58,41],"product_tag":[34],"class_list":{"0":"post-4687","1":"product","2":"type-product","3":"status-publish","4":"has-post-thumbnail","6":"product_cat-desarrollo-humano-y-superacion","7":"product_cat-desarrollo-humano","8":"product_tag-penguin-random-house","10":"first","11":"instock","12":"shipping-taxable","13":"purchasable","14":"product-type-simple"},"_links":{"self":[{"href":"https:\/\/libreriahistoriasdebolsillo.com\/index.php\/wp-json\/wp\/v2\/product\/4687","targetHints":{"allow":["GET"]}}],"collection":[{"href":"https:\/\/libreriahistoriasdebolsillo.com\/index.php\/wp-json\/wp\/v2\/product"}],"about":[{"href":"https:\/\/libreriahistoriasdebolsillo.com\/index.php\/wp-json\/wp\/v2\/types\/product"}],"wp:featuredmedia":[{"embeddable":true,"href":"https:\/\/libreriahistoriasdebolsillo.com\/index.php\/wp-json\/wp\/v2\/media\/4688"}],"wp:attachment":[{"href":"https:\/\/libreriahistoriasdebolsillo.com\/index.php\/wp-json\/wp\/v2\/media?parent=4687"}],"wp:term":[{"taxonomy":"product_brand","embeddable":true,"href":"https:\/\/libreriahistoriasdebolsillo.com\/index.php\/wp-json\/wp\/v2\/product_brand?post=4687"},{"taxonomy":"product_cat","embeddable":true,"href":"https:\/\/libreriahistoriasdebolsillo.com\/index.php\/wp-json\/wp\/v2\/product_cat?post=4687"},{"taxonomy":"product_tag","embeddable":true,"href":"https:\/\/libreriahistoriasdebolsillo.com\/index.php\/wp-json\/wp\/v2\/product_tag?post=4687"}],"curies":[{"name":"wp","href":"https:\/\/api.w.org\/{rel}","templated":true}]}}