{"id":4693,"date":"2024-05-08T11:40:54","date_gmt":"2024-05-08T17:40:54","guid":{"rendered":"https:\/\/libreriahistoriasdebolsillo.com\/?post_type=product&#038;p=4693"},"modified":"2026-04-30T16:48:35","modified_gmt":"2026-04-30T22:48:35","slug":"el-infinito-en-un-junco-la-invencion-de-los-libros-en-el-mundo-antiguo","status":"publish","type":"product","link":"https:\/\/libreriahistoriasdebolsillo.com\/index.php\/producto\/el-infinito-en-un-junco-la-invencion-de-los-libros-en-el-mundo-antiguo\/","title":{"rendered":"El infinito en un junco. La invenci\u00f3n de los libros en el mundo antiguo"},"content":{"rendered":"<p>En esta obra exquisita sobre los or\u00edgenes del libro, Irene Vallejo recorre la historia del asombroso artefacto que naci\u00f3 hace cinco milenios, cuando los egipcios descubrieron el potencial de un junco al que llamaron \u00abpapiro\u00bb. Con gran sensibilidad y soltura narrativa, la autora se remonta a los campos de batalla de Alejandro, los palacios de Cleopatra, las primeras librer\u00edas y los talleres de copia manuscrita, pero tambi\u00e9n visita las hogueras donde ardieron c\u00f3dices prohibidos, la biblioteca de Sarajevo y el laberinto subterr\u00e1neode Oxford en el a\u00f1o 2000. Los tiempos se funden en la aventura colectiva de quienes solo han concebido la vida en compa\u00f1\u00eda de la palabra escrita. Y este ensayo acaba prolongando el di\u00e1logo infinito del que tan magistralmente nos habla.<\/p>\n<p>\u00abUn relato po\u00e9tico y preciso de cuando los libros eran j\u00f3venes y todo suced\u00eda por primera vez.\u00bb\u00a0<b>H\u00e9ctor Abad Faciolince<\/b><\/p>\n<p>\u00ab<i>El infinito en un junco<\/i>\u00a0nos permite volver a tener esperanza en nosotros mismos y en nuestra imaginaci\u00f3n. La gran empresa del libro es una de nuestras grandes conquistas como especie.\u00bb\u00a0<b>Jorge Volpi<\/b><\/p>\n","protected":false},"excerpt":{"rendered":"<p>Irene Vallejo<\/p>\n","protected":false},"featured_media":4694,"template":"","meta":{"_joinchat":[]},"product_brand":[],"product_cat":[41],"product_tag":[34],"class_list":{"0":"post-4693","1":"product","2":"type-product","3":"status-publish","4":"has-post-thumbnail","6":"product_cat-desarrollo-humano","7":"product_tag-penguin-random-house","9":"first","10":"outofstock","11":"shipping-taxable","12":"purchasable","13":"product-type-simple"},"_links":{"self":[{"href":"https:\/\/libreriahistoriasdebolsillo.com\/index.php\/wp-json\/wp\/v2\/product\/4693","targetHints":{"allow":["GET"]}}],"collection":[{"href":"https:\/\/libreriahistoriasdebolsillo.com\/index.php\/wp-json\/wp\/v2\/product"}],"about":[{"href":"https:\/\/libreriahistoriasdebolsillo.com\/index.php\/wp-json\/wp\/v2\/types\/product"}],"wp:featuredmedia":[{"embeddable":true,"href":"https:\/\/libreriahistoriasdebolsillo.com\/index.php\/wp-json\/wp\/v2\/media\/4694"}],"wp:attachment":[{"href":"https:\/\/libreriahistoriasdebolsillo.com\/index.php\/wp-json\/wp\/v2\/media?parent=4693"}],"wp:term":[{"taxonomy":"product_brand","embeddable":true,"href":"https:\/\/libreriahistoriasdebolsillo.com\/index.php\/wp-json\/wp\/v2\/product_brand?post=4693"},{"taxonomy":"product_cat","embeddable":true,"href":"https:\/\/libreriahistoriasdebolsillo.com\/index.php\/wp-json\/wp\/v2\/product_cat?post=4693"},{"taxonomy":"product_tag","embeddable":true,"href":"https:\/\/libreriahistoriasdebolsillo.com\/index.php\/wp-json\/wp\/v2\/product_tag?post=4693"}],"curies":[{"name":"wp","href":"https:\/\/api.w.org\/{rel}","templated":true}]}}