{"id":4703,"date":"2024-05-08T11:58:02","date_gmt":"2024-05-08T17:58:02","guid":{"rendered":"https:\/\/libreriahistoriasdebolsillo.com\/?post_type=product&#038;p=4703"},"modified":"2024-08-06T13:44:15","modified_gmt":"2024-08-06T19:44:15","slug":"hermanas-de-la-resistencia","status":"publish","type":"product","link":"https:\/\/libreriahistoriasdebolsillo.com\/index.php\/producto\/hermanas-de-la-resistencia\/","title":{"rendered":"Hermanas de la resistencia"},"content":{"rendered":"<p><b>LOS DIARIOS DE UN FASCISTA Y ARIST\u00d3CRATA ITALIANO Y LA ODISEA DE TRES MUJERES PARA SALVARLOS DE LA GESTAPO.<\/b><\/p>\n<p>E n 1944 se hicieron p\u00fablicos los\u00a0<b>diarios secretos de Galeazzo Ciano<\/b>, ministro de Relaciones Exteriores de Italia, en los que\u00a0<b>registraba los cr\u00edmenes y planes nazis<\/b>\u00a0de los que se enteraba en sus reuniones con ellos. Pero poco se sabe que tres mujeres arriesgaron sus vidas para que estos llegaran a los Aliados, quienes luego los usar\u00edan como evidencia contra los nazis en los juicios de N\u00faremberg. Cuando Galeazzo fue apresado<b>, Edda Mussolini<\/b>\u00a0les dio a Hitler y a su padre un ultim\u00e1tum: liberar a su esposoo correr el riesgo de que filtrara los diarios a la prensa.\u00a0<b>Hitler y Mussolini<\/b>\u00a0los buscaron en vano durante meses. Posteriormente,\u00a0<b>Hilde<\/b>\u00a0<b>Beetz<\/b>, esp\u00eda alemana cuya misi\u00f3n era seducir a Galeazzo para encontrar sus escritos, fue a su vez seducida por aqu\u00e9l y uni\u00f3 fuerzas con Edda. Una tercera mujer se sum\u00f3 a este incre\u00edble entramado \u2014<b>Frances de<\/b>\u00a0<b>Chollet<\/b>, esp\u00eda casi accidentaly esposa de un banquero estadounidense\u2014 cuando Edda huy\u00f3 a Suiza con la ayuda de Hilde, despu\u00e9s de que Galeazzo fuera ejecutado. Frances fue el \u00faltimo eslab\u00f3n para hacer llegar los diarios a los estadounidenses y cumplir as\u00ed el deseo de Galeazzo.<\/p>\n<p>A partir de una minuciosa investigaci\u00f3n,\u00a0<b>Tilar<\/b><b>\u00a0J.<\/b>\u00a0<b>Mazzeo<\/b>\u00a0nos muestra este momento hist\u00f3rico poco conocido, para hacernos ver que sin la participaci\u00f3n de Edda, Hilde y Frances, uno de los documentos m\u00e1s importantes de la\u00a0<b>Segunda Guerra Mundial\u00a0<\/b>y que fue fundamental en los juicios de N\u00faremberg ser\u00eda, quiz\u00e1, desconocido.<\/p>\n","protected":false},"excerpt":{"rendered":"<p>Tilar J. Mazzeo<\/p>\n","protected":false},"featured_media":4704,"template":"","meta":{"_joinchat":[]},"product_brand":[],"product_cat":[79,41,51,55],"product_tag":[34],"class_list":{"0":"post-4703","1":"product","2":"type-product","3":"status-publish","4":"has-post-thumbnail","6":"product_cat-campana-punto-naranja","7":"product_cat-desarrollo-humano","8":"product_cat-oferta","9":"product_cat-holocausto","10":"product_tag-penguin-random-house","12":"first","13":"outofstock","14":"sale","15":"shipping-taxable","16":"purchasable","17":"product-type-simple"},"_links":{"self":[{"href":"https:\/\/libreriahistoriasdebolsillo.com\/index.php\/wp-json\/wp\/v2\/product\/4703","targetHints":{"allow":["GET"]}}],"collection":[{"href":"https:\/\/libreriahistoriasdebolsillo.com\/index.php\/wp-json\/wp\/v2\/product"}],"about":[{"href":"https:\/\/libreriahistoriasdebolsillo.com\/index.php\/wp-json\/wp\/v2\/types\/product"}],"wp:featuredmedia":[{"embeddable":true,"href":"https:\/\/libreriahistoriasdebolsillo.com\/index.php\/wp-json\/wp\/v2\/media\/4704"}],"wp:attachment":[{"href":"https:\/\/libreriahistoriasdebolsillo.com\/index.php\/wp-json\/wp\/v2\/media?parent=4703"}],"wp:term":[{"taxonomy":"product_brand","embeddable":true,"href":"https:\/\/libreriahistoriasdebolsillo.com\/index.php\/wp-json\/wp\/v2\/product_brand?post=4703"},{"taxonomy":"product_cat","embeddable":true,"href":"https:\/\/libreriahistoriasdebolsillo.com\/index.php\/wp-json\/wp\/v2\/product_cat?post=4703"},{"taxonomy":"product_tag","embeddable":true,"href":"https:\/\/libreriahistoriasdebolsillo.com\/index.php\/wp-json\/wp\/v2\/product_tag?post=4703"}],"curies":[{"name":"wp","href":"https:\/\/api.w.org\/{rel}","templated":true}]}}