{"id":4713,"date":"2024-05-08T12:18:13","date_gmt":"2024-05-08T18:18:13","guid":{"rendered":"https:\/\/libreriahistoriasdebolsillo.com\/?post_type=product&#038;p=4713"},"modified":"2024-08-06T13:43:51","modified_gmt":"2024-08-06T19:43:51","slug":"imperfectamente-feliz-7-llaves-para-abrazar-aceptar-y-valorar-lo-que-realmente-eres","status":"publish","type":"product","link":"https:\/\/libreriahistoriasdebolsillo.com\/index.php\/producto\/imperfectamente-feliz-7-llaves-para-abrazar-aceptar-y-valorar-lo-que-realmente-eres\/","title":{"rendered":"Imperfectamente feliz. 7 llaves para abrazar, aceptar y valorar lo que realmente eres"},"content":{"rendered":"<p>\u00bfTe la pasas preocupado por lo que opinan los dem\u00e1s?, \u00bfsientes que tu vida no tiene\u00a0<b>sentido<\/b>?, \u00bfno te sientes a gusto contigo mismo? Este libro es para ti.<\/p>\n<p>Despu\u00e9s de muchas\u00a0<b>crisis personales<\/b>, Martha Carrillo descubri\u00f3 que viv\u00eda para complacer a todos a su alrededor menos a ella. Luego de muchos tropiezos admiti\u00f3 que deb\u00eda modificar algo, fue as\u00ed como empez\u00f3 un camino de\u00a0<b>autodescubrimiento\u00a0<\/b>en el que ha explorado kabbalah, meditaci\u00f3n, reiki, terapias de regresi\u00f3n y m\u00e1s. Todo ello le ayud\u00f3 a encontrar su<b>\u00a0propia felicidad<\/b>, no lo que los dem\u00e1s le hab\u00edan dicho que era.<\/p>\n<p>\u00c9ste es un libro para conectar con el amor propio, con el poder personal y con el placer de vivir.<\/p>\n","protected":false},"excerpt":{"rendered":"<p>Martha Carrillo<\/p>\n","protected":false},"featured_media":4714,"template":"","meta":{"_joinchat":[]},"product_brand":[],"product_cat":[79,58,41,51],"product_tag":[34],"class_list":{"0":"post-4713","1":"product","2":"type-product","3":"status-publish","4":"has-post-thumbnail","6":"product_cat-campana-punto-naranja","7":"product_cat-desarrollo-humano-y-superacion","8":"product_cat-desarrollo-humano","9":"product_cat-oferta","10":"product_tag-penguin-random-house","12":"first","13":"outofstock","14":"sale","15":"shipping-taxable","16":"purchasable","17":"product-type-simple"},"_links":{"self":[{"href":"https:\/\/libreriahistoriasdebolsillo.com\/index.php\/wp-json\/wp\/v2\/product\/4713","targetHints":{"allow":["GET"]}}],"collection":[{"href":"https:\/\/libreriahistoriasdebolsillo.com\/index.php\/wp-json\/wp\/v2\/product"}],"about":[{"href":"https:\/\/libreriahistoriasdebolsillo.com\/index.php\/wp-json\/wp\/v2\/types\/product"}],"wp:featuredmedia":[{"embeddable":true,"href":"https:\/\/libreriahistoriasdebolsillo.com\/index.php\/wp-json\/wp\/v2\/media\/4714"}],"wp:attachment":[{"href":"https:\/\/libreriahistoriasdebolsillo.com\/index.php\/wp-json\/wp\/v2\/media?parent=4713"}],"wp:term":[{"taxonomy":"product_brand","embeddable":true,"href":"https:\/\/libreriahistoriasdebolsillo.com\/index.php\/wp-json\/wp\/v2\/product_brand?post=4713"},{"taxonomy":"product_cat","embeddable":true,"href":"https:\/\/libreriahistoriasdebolsillo.com\/index.php\/wp-json\/wp\/v2\/product_cat?post=4713"},{"taxonomy":"product_tag","embeddable":true,"href":"https:\/\/libreriahistoriasdebolsillo.com\/index.php\/wp-json\/wp\/v2\/product_tag?post=4713"}],"curies":[{"name":"wp","href":"https:\/\/api.w.org\/{rel}","templated":true}]}}