{"id":4720,"date":"2024-05-08T12:26:51","date_gmt":"2024-05-08T18:26:51","guid":{"rendered":"https:\/\/libreriahistoriasdebolsillo.com\/?post_type=product&#038;p=4720"},"modified":"2025-01-08T12:22:46","modified_gmt":"2025-01-08T18:22:46","slug":"prende-fuego-a-la-noche","status":"publish","type":"product","link":"https:\/\/libreriahistoriasdebolsillo.com\/index.php\/producto\/prende-fuego-a-la-noche\/","title":{"rendered":"Prende fuego a la noche"},"content":{"rendered":"<p><b>Vail ha tenido muchas vidas en<\/b>\u00a0<b>sus veinti\u00fan a\u00f1os en este mundo.<\/b>\u00a0<b>Curiosamente, solo se enamor\u00f3 en la \u00faltima, cuando ya<\/b>\u00a0<b>estaba muerta.<\/b><\/p>\n<p>Despu\u00e9s de morir, Vail descubri\u00f3 una serie de cosas sorprendentes\u2026 Incluso ni\u00a0<b>muerta<\/b>\u00a0una se libra de la educaci\u00f3n obligatoria. O que, cuando tu mejor amigo es un\u00a0<b>agente\u00a0<\/b>del caos con un\u00a0<b>pasado oscuro<\/b>\u00a0y que solo sabe mentir, tu presente se convierte en una constante huida hacia delante. Y la \u00faltima, y quiz\u00e1 la m\u00e1s importante: nunca hagas enojar a un\u00a0<b>monstruo<\/b>, aunque t\u00fa tambi\u00e9n lo seas.<\/p>\n","protected":false},"excerpt":{"rendered":"<p>Myriam M. Lejardi<\/p>\n","protected":false},"featured_media":4721,"template":"","meta":{"_joinchat":[]},"product_brand":[],"product_cat":[79,52,51],"product_tag":[34],"class_list":{"0":"post-4720","1":"product","2":"type-product","3":"status-publish","4":"has-post-thumbnail","6":"product_cat-campana-punto-naranja","7":"product_cat-juvenil","8":"product_cat-oferta","9":"product_tag-penguin-random-house","11":"first","12":"outofstock","13":"sale","14":"shipping-taxable","15":"purchasable","16":"product-type-simple"},"_links":{"self":[{"href":"https:\/\/libreriahistoriasdebolsillo.com\/index.php\/wp-json\/wp\/v2\/product\/4720","targetHints":{"allow":["GET"]}}],"collection":[{"href":"https:\/\/libreriahistoriasdebolsillo.com\/index.php\/wp-json\/wp\/v2\/product"}],"about":[{"href":"https:\/\/libreriahistoriasdebolsillo.com\/index.php\/wp-json\/wp\/v2\/types\/product"}],"wp:featuredmedia":[{"embeddable":true,"href":"https:\/\/libreriahistoriasdebolsillo.com\/index.php\/wp-json\/wp\/v2\/media\/4721"}],"wp:attachment":[{"href":"https:\/\/libreriahistoriasdebolsillo.com\/index.php\/wp-json\/wp\/v2\/media?parent=4720"}],"wp:term":[{"taxonomy":"product_brand","embeddable":true,"href":"https:\/\/libreriahistoriasdebolsillo.com\/index.php\/wp-json\/wp\/v2\/product_brand?post=4720"},{"taxonomy":"product_cat","embeddable":true,"href":"https:\/\/libreriahistoriasdebolsillo.com\/index.php\/wp-json\/wp\/v2\/product_cat?post=4720"},{"taxonomy":"product_tag","embeddable":true,"href":"https:\/\/libreriahistoriasdebolsillo.com\/index.php\/wp-json\/wp\/v2\/product_tag?post=4720"}],"curies":[{"name":"wp","href":"https:\/\/api.w.org\/{rel}","templated":true}]}}