{"id":4722,"date":"2024-05-08T12:30:01","date_gmt":"2024-05-08T18:30:01","guid":{"rendered":"https:\/\/libreriahistoriasdebolsillo.com\/?post_type=product&#038;p=4722"},"modified":"2025-03-01T12:38:42","modified_gmt":"2025-03-01T18:38:42","slug":"como-ser-perfecto","status":"publish","type":"product","link":"https:\/\/libreriahistoriasdebolsillo.com\/index.php\/producto\/como-ser-perfecto\/","title":{"rendered":"C\u00f3mo ser perfecto"},"content":{"rendered":"<p><b>EL LIBRO DE FILOSOF\u00cdA MORAL QUE NOS ENSE\u00d1A A SER MEJORES. <\/b><b>UNA GU\u00cdA DIVERTIDA Y ESTIMULANTE PARA VIVIR UNA VIDA \u00c9TICA.<\/b><\/p>\n<p>La mayor\u00eda de las personas se consideran \u00ab<b>buenas<\/b>\u00bb, pero no siempre es f\u00e1cil determinar qu\u00e9 es \u00abbueno\u00bb o \u00abmalo\u00bb, especialmente en un mundo lleno de elecciones complicadas, trampas y malos consejos. Afortunadamente, muchos fil\u00f3sofos han reflexionado sobre este acertijo durante milenios, ofreci\u00e9ndonos su gu\u00eda. Con un ingenio brillante y una visi\u00f3n profunda,C\u00f3mo ser perfecto explica conceptos como \u00ab<b>deontolog\u00eda<\/b>\u00bb, \u00ab<b>utilitarismo<\/b>\u00bb, \u00ab<b>existencialismo<\/b>\u00bb, \u00ab<b>ubunt<\/b>u\u00bb, entre otros, para que podamos parecer los\u00a0<b>m\u00e1s listos de la clase<\/b>\u00a0y convertirnos en\u00a0<b>mejores personas.<\/b>\u00a0Y mucho m\u00e1s.<\/p>\n<p>Cuando hayamos terminado el libro sabremos exactamente c\u00f3mo actuar en cada situaci\u00f3n concebible, a fin de producir una cantidad m\u00e1xima y verificable de bien moral.<\/p>\n<p>Seremos perfectos, y todos nuestros amigos sentir\u00e1n celos de nosotros. Vale, no del todo. Pero s\u00ed obtendremos una\u00a0<b>sabidur\u00eda fresca,<\/b>\u00a0divertida e inspiradora sobre los problemas m\u00e1s dif\u00edciles que afrontamos todos los d\u00edas<\/p>\n","protected":false},"excerpt":{"rendered":"<p>Michael Schur<\/p>\n","protected":false},"featured_media":4723,"template":"","meta":{"_joinchat":[]},"product_brand":[],"product_cat":[79,58,41,51],"product_tag":[34],"class_list":{"0":"post-4722","1":"product","2":"type-product","3":"status-publish","4":"has-post-thumbnail","6":"product_cat-campana-punto-naranja","7":"product_cat-desarrollo-humano-y-superacion","8":"product_cat-desarrollo-humano","9":"product_cat-oferta","10":"product_tag-penguin-random-house","12":"first","13":"outofstock","14":"sale","15":"shipping-taxable","16":"purchasable","17":"product-type-simple"},"_links":{"self":[{"href":"https:\/\/libreriahistoriasdebolsillo.com\/index.php\/wp-json\/wp\/v2\/product\/4722","targetHints":{"allow":["GET"]}}],"collection":[{"href":"https:\/\/libreriahistoriasdebolsillo.com\/index.php\/wp-json\/wp\/v2\/product"}],"about":[{"href":"https:\/\/libreriahistoriasdebolsillo.com\/index.php\/wp-json\/wp\/v2\/types\/product"}],"wp:featuredmedia":[{"embeddable":true,"href":"https:\/\/libreriahistoriasdebolsillo.com\/index.php\/wp-json\/wp\/v2\/media\/4723"}],"wp:attachment":[{"href":"https:\/\/libreriahistoriasdebolsillo.com\/index.php\/wp-json\/wp\/v2\/media?parent=4722"}],"wp:term":[{"taxonomy":"product_brand","embeddable":true,"href":"https:\/\/libreriahistoriasdebolsillo.com\/index.php\/wp-json\/wp\/v2\/product_brand?post=4722"},{"taxonomy":"product_cat","embeddable":true,"href":"https:\/\/libreriahistoriasdebolsillo.com\/index.php\/wp-json\/wp\/v2\/product_cat?post=4722"},{"taxonomy":"product_tag","embeddable":true,"href":"https:\/\/libreriahistoriasdebolsillo.com\/index.php\/wp-json\/wp\/v2\/product_tag?post=4722"}],"curies":[{"name":"wp","href":"https:\/\/api.w.org\/{rel}","templated":true}]}}