{"id":4724,"date":"2024-05-08T12:33:31","date_gmt":"2024-05-08T18:33:31","guid":{"rendered":"https:\/\/libreriahistoriasdebolsillo.com\/?post_type=product&#038;p=4724"},"modified":"2025-11-22T17:59:25","modified_gmt":"2025-11-22T23:59:25","slug":"las-chicas-de-chapel-croft","status":"publish","type":"product","link":"https:\/\/libreriahistoriasdebolsillo.com\/index.php\/producto\/las-chicas-de-chapel-croft\/","title":{"rendered":"Las chicas de Chapel Croft"},"content":{"rendered":"<p><b>El nuevo y electrizante thriller de la<\/b>\u00a0<b>autora de<\/b><i><b>\u00a0El Hombre de Tiza.<\/b><\/i><\/p>\n<p><b>Hace quinientos a\u00f1os, ocho m\u00e1rtires fueron quemados en la hoguera.<\/b><br \/>\n<b>Hace treinta a\u00f1os, dosadolescentes desaparecieron sin dejar rastro.<\/b><br \/>\n<b>Hace dos meses, el vicario se suicid\u00f3.<\/b><br \/>\n<b>Bienvenidos a Chapel Croft.<\/b><\/p>\n<p>Una oscura historia se agita en Chapel Croft. A una larga lista de desapariciones y muertes se une la del sacerdote de la parroquia local, que se ahorc\u00f3 en su propia iglesia hace solo unas semanas.<\/p>\n<p>Para sustituirlo, llega al pueblo Jack Brooks. Trae consigo una hija de catorce a\u00f1os y una conciencia atormentada, aunque conf\u00eda en empezar aqu\u00ed una nueva vida. Pero lo que encuentra es un lugar lleno de conspiraciones y secretos donde le espera un extra\u00f1o regalo de bienvenida: un kit de exorcismo y un siniestro mensaje.<\/p>\n<p>Cuanto m\u00e1s profundiza en la ciudad y llega a conocer a sus peculiares habitantes, m\u00e1s parecen surgir antiguas disputas, misterios y sospechas. Y cuando su hija Flo comienza a ver espectros de chicas ardiendo, resulta claro que los fantasmas de Chapel Croft se niegan a descansar en paz.<\/p>\n<p>Pero descubrir la verdad puede ser letal en un pueblo con un pasado sangriento, donde todos tienen algo que esconder y nadie conf\u00eda en los extra\u00f1os.<\/p>\n","protected":false},"excerpt":{"rendered":"<p>C.J. Tudor<\/p>\n","protected":false},"featured_media":4725,"template":"","meta":{"_joinchat":[]},"product_brand":[],"product_cat":[79,37,51],"product_tag":[34],"class_list":{"0":"post-4724","1":"product","2":"type-product","3":"status-publish","4":"has-post-thumbnail","6":"product_cat-campana-punto-naranja","7":"product_cat-misterio-y-thriller","8":"product_cat-oferta","9":"product_tag-penguin-random-house","11":"first","12":"outofstock","13":"sale","14":"shipping-taxable","15":"purchasable","16":"product-type-simple"},"_links":{"self":[{"href":"https:\/\/libreriahistoriasdebolsillo.com\/index.php\/wp-json\/wp\/v2\/product\/4724","targetHints":{"allow":["GET"]}}],"collection":[{"href":"https:\/\/libreriahistoriasdebolsillo.com\/index.php\/wp-json\/wp\/v2\/product"}],"about":[{"href":"https:\/\/libreriahistoriasdebolsillo.com\/index.php\/wp-json\/wp\/v2\/types\/product"}],"wp:featuredmedia":[{"embeddable":true,"href":"https:\/\/libreriahistoriasdebolsillo.com\/index.php\/wp-json\/wp\/v2\/media\/4725"}],"wp:attachment":[{"href":"https:\/\/libreriahistoriasdebolsillo.com\/index.php\/wp-json\/wp\/v2\/media?parent=4724"}],"wp:term":[{"taxonomy":"product_brand","embeddable":true,"href":"https:\/\/libreriahistoriasdebolsillo.com\/index.php\/wp-json\/wp\/v2\/product_brand?post=4724"},{"taxonomy":"product_cat","embeddable":true,"href":"https:\/\/libreriahistoriasdebolsillo.com\/index.php\/wp-json\/wp\/v2\/product_cat?post=4724"},{"taxonomy":"product_tag","embeddable":true,"href":"https:\/\/libreriahistoriasdebolsillo.com\/index.php\/wp-json\/wp\/v2\/product_tag?post=4724"}],"curies":[{"name":"wp","href":"https:\/\/api.w.org\/{rel}","templated":true}]}}