{"id":4726,"date":"2024-05-08T12:36:06","date_gmt":"2024-05-08T18:36:06","guid":{"rendered":"https:\/\/libreriahistoriasdebolsillo.com\/?post_type=product&#038;p=4726"},"modified":"2024-08-06T13:43:27","modified_gmt":"2024-08-06T19:43:27","slug":"la-era-de-los-huesos","status":"publish","type":"product","link":"https:\/\/libreriahistoriasdebolsillo.com\/index.php\/producto\/la-era-de-los-huesos\/","title":{"rendered":"La era de los huesos"},"content":{"rendered":"<p><b>Una joven lucha por usar sus poderes y mantenerse con vida en una<\/b>\u00a0<b>Inglaterra muy diferente a la que conocemos.<\/b><\/p>\n<p>Es el a\u00f1o 2059 Scion se\u00a0<b>apoder\u00f3<\/b>\u00a0de la mayor\u00eda de\u00a0<b>las ciudades del mundo<\/b>, prometiendo seguridad y estabilidad para todos los ciudadanos que considera dignos y eliminando a los\u00a0<b>clarividentes<\/b>\u00a0donde quiera que pueda encontrarlos. Paige Mahoney, de diecinueve a\u00f1os, es una joven clarividente y por ello considerada una\u00a0<b>criminal<\/b>, por el simple hecho de existir. Paige est\u00e1 decidida a\u00a0<b>luchar<\/b>\u00a0contra el poder de Scion, y como parte de los\u00a0<b>Siete Sellos<\/b>, encontr\u00f3 la manera de usar\u00a0<b>sus poderes<\/b>: buscar informaci\u00f3n entrando en la mente de los dem\u00e1s mientras\u00a0<b>sue\u00f1an<\/b>. Pero cuando Paige es\u00a0<b>capturada<\/b>\u00a0y\u00a0<b>arrestada<\/b>, se encuentra con un poder m\u00e1s siniestro que el de Scion. La prisi\u00f3n de los clarividentes se halla en la ciudad de Oxford, ahora controlada por una\u00a0<b>raza poderosa<\/b>\u00a0de\u00a0<b>otro mundo<\/b>. Estas criaturas, los\u00a0<b>refa\u00edtas<\/b>, valoran mucho a los clarividentes como<b>soldados<\/b>\u00a0para su ej\u00e9rcito. Paige ser\u00e1 asignada a una de estas criaturas, que estar\u00e1 a cargo de su cuidado y entrenamiento. \u00c9l ser\u00e1 su amo, su enemigo natural. Si Paige quiere recuperar la libertad tendr\u00e1 que aprender algo de su mente y de los secretos que \u00e9sta encierra.<\/p>\n","protected":false},"excerpt":{"rendered":"<p>Samantha Shannon<\/p>\n","protected":false},"featured_media":4727,"template":"","meta":{"_joinchat":[]},"product_brand":[],"product_cat":[79,72,39,51],"product_tag":[34],"class_list":{"0":"post-4726","1":"product","2":"type-product","3":"status-publish","4":"has-post-thumbnail","6":"product_cat-campana-punto-naranja","7":"product_cat-distopico","8":"product_cat-fantasia","9":"product_cat-oferta","10":"product_tag-penguin-random-house","12":"first","13":"outofstock","14":"sale","15":"shipping-taxable","16":"purchasable","17":"product-type-simple"},"_links":{"self":[{"href":"https:\/\/libreriahistoriasdebolsillo.com\/index.php\/wp-json\/wp\/v2\/product\/4726","targetHints":{"allow":["GET"]}}],"collection":[{"href":"https:\/\/libreriahistoriasdebolsillo.com\/index.php\/wp-json\/wp\/v2\/product"}],"about":[{"href":"https:\/\/libreriahistoriasdebolsillo.com\/index.php\/wp-json\/wp\/v2\/types\/product"}],"wp:featuredmedia":[{"embeddable":true,"href":"https:\/\/libreriahistoriasdebolsillo.com\/index.php\/wp-json\/wp\/v2\/media\/4727"}],"wp:attachment":[{"href":"https:\/\/libreriahistoriasdebolsillo.com\/index.php\/wp-json\/wp\/v2\/media?parent=4726"}],"wp:term":[{"taxonomy":"product_brand","embeddable":true,"href":"https:\/\/libreriahistoriasdebolsillo.com\/index.php\/wp-json\/wp\/v2\/product_brand?post=4726"},{"taxonomy":"product_cat","embeddable":true,"href":"https:\/\/libreriahistoriasdebolsillo.com\/index.php\/wp-json\/wp\/v2\/product_cat?post=4726"},{"taxonomy":"product_tag","embeddable":true,"href":"https:\/\/libreriahistoriasdebolsillo.com\/index.php\/wp-json\/wp\/v2\/product_tag?post=4726"}],"curies":[{"name":"wp","href":"https:\/\/api.w.org\/{rel}","templated":true}]}}