{"id":4756,"date":"2024-05-08T13:27:44","date_gmt":"2024-05-08T19:27:44","guid":{"rendered":"https:\/\/libreriahistoriasdebolsillo.com\/?post_type=product&#038;p=4756"},"modified":"2024-08-06T13:42:36","modified_gmt":"2024-08-06T19:42:36","slug":"cloudmoney-efectivo-tarjetas-criptomonedas-y-la-lucha-por-nuestras-carteras","status":"publish","type":"product","link":"https:\/\/libreriahistoriasdebolsillo.com\/index.php\/producto\/cloudmoney-efectivo-tarjetas-criptomonedas-y-la-lucha-por-nuestras-carteras\/","title":{"rendered":"Cloudmoney. Efectivo, tarjetas, criptomonedas y la lucha por nuestras carteras"},"content":{"rendered":"<p><b>\u00bfQui\u00e9n se beneficia de una sociedad sin efectivo?<\/b><\/p>\n<p><b>\u00bfEs el fin del dinero f\u00edsico el fin de la verdadera privacidad?<\/b><\/p>\n<p><b>\u00bfEl monopolio de las criptomonedas est\u00e1 m\u00e1s cerca de lo que pensamos?<\/b><\/p>\n<p>Hoy en d\u00eda, muchos de nosotros apenas utilizamos dinero en efectivo y lo pagamos casi todo con tarjetas de cr\u00e9dito o aplicaciones del m\u00f3vil. Es decir, con dinero digital. Sin embargo, lo que a todos nos parece c\u00f3modo, natural e inevitable resulta ser, fundamentalmente, el producto de poderosos intereses y manipulaciones.<\/p>\n<p><i>Cloudmoney<\/i>\u00a0es la enloquecedora cr\u00f3nica de este cambio de paradigma. Brett Scott ha buceado bajo la superficie del sistema financiero global para mostrarnos c\u00f3mo las altas finanzas y las grandes compa\u00f1\u00edas tecnol\u00f3gicas se han aliado con el objetivo de remplazar el dinero f\u00edsico por el dinero digital, supuestamente en pro de una escurridiza visi\u00f3n de progreso, y c\u00f3mo ese proceso no es m\u00e1s que una guerra encubierta por nuestros bolsillos y, en \u00faltima instancia, por nuestra libertad.<\/p>\n<p>\u00bfEs de verdad preferible una sociedad sin efectivo, o supone el fin del dinero f\u00edsico el fin de la verdadera privacidad? Ese futuro sin met\u00e1lico, \u00bfest\u00e1 m\u00e1s cerca de lo que pensamos o a\u00fan hay tiempo para cambiar el rumbo?<\/p>\n<p>Un libro fundamental para entender qu\u00e9 es el dinero, en qu\u00e9 puede llegar a convertirse y c\u00f3mo podemos salvarnos de las garras de las poderosas\u00a0<i>fintech<\/i>.<\/p>\n","protected":false},"excerpt":{"rendered":"<p>Brett Scott<\/p>\n","protected":false},"featured_media":4757,"template":"","meta":{"_joinchat":[]},"product_brand":[],"product_cat":[79,58,41,51],"product_tag":[34],"class_list":{"0":"post-4756","1":"product","2":"type-product","3":"status-publish","4":"has-post-thumbnail","6":"product_cat-campana-punto-naranja","7":"product_cat-desarrollo-humano-y-superacion","8":"product_cat-desarrollo-humano","9":"product_cat-oferta","10":"product_tag-penguin-random-house","12":"first","13":"outofstock","14":"sale","15":"shipping-taxable","16":"purchasable","17":"product-type-simple"},"_links":{"self":[{"href":"https:\/\/libreriahistoriasdebolsillo.com\/index.php\/wp-json\/wp\/v2\/product\/4756","targetHints":{"allow":["GET"]}}],"collection":[{"href":"https:\/\/libreriahistoriasdebolsillo.com\/index.php\/wp-json\/wp\/v2\/product"}],"about":[{"href":"https:\/\/libreriahistoriasdebolsillo.com\/index.php\/wp-json\/wp\/v2\/types\/product"}],"wp:featuredmedia":[{"embeddable":true,"href":"https:\/\/libreriahistoriasdebolsillo.com\/index.php\/wp-json\/wp\/v2\/media\/4757"}],"wp:attachment":[{"href":"https:\/\/libreriahistoriasdebolsillo.com\/index.php\/wp-json\/wp\/v2\/media?parent=4756"}],"wp:term":[{"taxonomy":"product_brand","embeddable":true,"href":"https:\/\/libreriahistoriasdebolsillo.com\/index.php\/wp-json\/wp\/v2\/product_brand?post=4756"},{"taxonomy":"product_cat","embeddable":true,"href":"https:\/\/libreriahistoriasdebolsillo.com\/index.php\/wp-json\/wp\/v2\/product_cat?post=4756"},{"taxonomy":"product_tag","embeddable":true,"href":"https:\/\/libreriahistoriasdebolsillo.com\/index.php\/wp-json\/wp\/v2\/product_tag?post=4756"}],"curies":[{"name":"wp","href":"https:\/\/api.w.org\/{rel}","templated":true}]}}