{"id":4813,"date":"2024-05-09T16:03:49","date_gmt":"2024-05-09T22:03:49","guid":{"rendered":"https:\/\/libreriahistoriasdebolsillo.com\/?post_type=product&#038;p=4813"},"modified":"2024-06-11T16:24:29","modified_gmt":"2024-06-11T22:24:29","slug":"la-hondonada","status":"publish","type":"product","link":"https:\/\/libreriahistoriasdebolsillo.com\/index.php\/producto\/la-hondonada\/","title":{"rendered":"La hondonada"},"content":{"rendered":"<p>Si su anterior obra,\u00a0<i>Tierra desacostumbrada<\/i>, multiplic\u00f3 el n\u00famero de sus entusiastas lectores -fue considerado mejor libro de 2008 por\u00a0<i>The New York Times<\/i>\u00a0y se vendieron m\u00e1s de 700 mil ejemplares s\u00f3lo en Estados Unidos-, esta nueva novela ha vuelto a concitar la admiraci\u00f3n de la cr\u00edtica y ha sido finalista del Premio Booker y del National Book Award.<\/p>\n<p>Con sus\u00a0<b>minuciosos retratos de emigrantes indios<\/b>\u00a0marcados por un\u00a0<b>abrupto choque cultural<\/b>, que los aboca a un inevitable\u00a0<b>conflicto de identidad,<\/b>\u00a0Lahiri teje un\u00a0<b>delicado y complejo tapiz de las emociones humanas<\/b>\u00a0que fascina por su profundidad y car\u00e1cter universal.<\/p>\n<p>Los hermanos Subhash y Udayan viven en un humilde barrio de Calcuta donde, durante la temporada de lluvias, un lecho seco entre dos lagunas se transforma en un gran espejo de agua. All\u00ed, en la hondonada, transcurre su infancia, jugando al f\u00fatbol o nadando,\u00a0<b>a merced de la naturaleza<\/b>. Pero la hondonada es algo m\u00e1s que un pedazo de tierra. Es el\u00a0<b>vac\u00edo en el coraz\u00f3n de los hermanos<\/b>\u00a0cuando empiezan a crecer y sus caminos se separan de forma inexorable, uno en la India y el otro en Rhode Island. A\u00f1os despu\u00e9s,\u00a0<b>cuando la tragedia irrumpe<\/b>\u00a0en sus vidas, Subhash regresa a su pa\u00eds con la esperanza de recomponer\u00a0<b>una familia desgarrada<\/b>\u00a0a consecuencia de los actos de Udayan, que afectar\u00e1n a los destinos de su joven esposa, de sus padres y de su hermano mayor.<\/p>\n","protected":false},"excerpt":{"rendered":"<p>Jhumpa Lahiri<\/p>\n","protected":false},"featured_media":4814,"template":"","meta":{"_joinchat":[]},"product_brand":[],"product_cat":[33,51],"product_tag":[34],"class_list":{"0":"post-4813","1":"product","2":"type-product","3":"status-publish","4":"has-post-thumbnail","6":"product_cat-ficcion-general","7":"product_cat-oferta","8":"product_tag-penguin-random-house","10":"first","11":"outofstock","12":"sale","13":"shipping-taxable","14":"purchasable","15":"product-type-simple"},"_links":{"self":[{"href":"https:\/\/libreriahistoriasdebolsillo.com\/index.php\/wp-json\/wp\/v2\/product\/4813","targetHints":{"allow":["GET"]}}],"collection":[{"href":"https:\/\/libreriahistoriasdebolsillo.com\/index.php\/wp-json\/wp\/v2\/product"}],"about":[{"href":"https:\/\/libreriahistoriasdebolsillo.com\/index.php\/wp-json\/wp\/v2\/types\/product"}],"wp:featuredmedia":[{"embeddable":true,"href":"https:\/\/libreriahistoriasdebolsillo.com\/index.php\/wp-json\/wp\/v2\/media\/4814"}],"wp:attachment":[{"href":"https:\/\/libreriahistoriasdebolsillo.com\/index.php\/wp-json\/wp\/v2\/media?parent=4813"}],"wp:term":[{"taxonomy":"product_brand","embeddable":true,"href":"https:\/\/libreriahistoriasdebolsillo.com\/index.php\/wp-json\/wp\/v2\/product_brand?post=4813"},{"taxonomy":"product_cat","embeddable":true,"href":"https:\/\/libreriahistoriasdebolsillo.com\/index.php\/wp-json\/wp\/v2\/product_cat?post=4813"},{"taxonomy":"product_tag","embeddable":true,"href":"https:\/\/libreriahistoriasdebolsillo.com\/index.php\/wp-json\/wp\/v2\/product_tag?post=4813"}],"curies":[{"name":"wp","href":"https:\/\/api.w.org\/{rel}","templated":true}]}}