{"id":4817,"date":"2024-05-09T16:08:58","date_gmt":"2024-05-09T22:08:58","guid":{"rendered":"https:\/\/libreriahistoriasdebolsillo.com\/?post_type=product&#038;p=4817"},"modified":"2024-06-11T16:23:16","modified_gmt":"2024-06-11T22:23:16","slug":"alli-there","status":"publish","type":"product","link":"https:\/\/libreriahistoriasdebolsillo.com\/index.php\/producto\/alli-there\/","title":{"rendered":"All\u00ed (There)"},"content":{"rendered":"<p><b>Cuando lo has perdido todo debes buscar en la oscuridad m\u00e1s profunda.<\/b><br \/>\n<b>Es all\u00ed donde se esconde la luz.<\/b><\/p>\n<p>Tras la inesperada muerte de su madre, Ver\u00f3nica debe encontrar la manera de continuar con su vida sin ella. Una noche tiene un extra\u00f1o sue\u00f1o que\u00a0<b>solo se explica si se piensa que lo que ha ocurrido es que ha estado all\u00ed, al otro lado de la muerte<\/b>.<\/p>\n<p>Pero\u00a0<i>\u00bfc\u00f3mo volver? \u00bfSe puede acaso ir a ese lugar y regresar&#8230; varias veces? \u00bfLograr\u00e1 Ver\u00f3nica encontrar el sentido que parece haber perdido?<\/i><\/p>\n","protected":false},"excerpt":{"rendered":"<p>Leonardo Patrignani<\/p>\n","protected":false},"featured_media":4818,"template":"","meta":{"_joinchat":[]},"product_brand":[],"product_cat":[40,51],"product_tag":[34],"class_list":{"0":"post-4817","1":"product","2":"type-product","3":"status-publish","4":"has-post-thumbnail","6":"product_cat-ciencia-ficcion","7":"product_cat-oferta","8":"product_tag-penguin-random-house","10":"first","11":"outofstock","12":"shipping-taxable","13":"purchasable","14":"product-type-simple"},"_links":{"self":[{"href":"https:\/\/libreriahistoriasdebolsillo.com\/index.php\/wp-json\/wp\/v2\/product\/4817","targetHints":{"allow":["GET"]}}],"collection":[{"href":"https:\/\/libreriahistoriasdebolsillo.com\/index.php\/wp-json\/wp\/v2\/product"}],"about":[{"href":"https:\/\/libreriahistoriasdebolsillo.com\/index.php\/wp-json\/wp\/v2\/types\/product"}],"wp:featuredmedia":[{"embeddable":true,"href":"https:\/\/libreriahistoriasdebolsillo.com\/index.php\/wp-json\/wp\/v2\/media\/4818"}],"wp:attachment":[{"href":"https:\/\/libreriahistoriasdebolsillo.com\/index.php\/wp-json\/wp\/v2\/media?parent=4817"}],"wp:term":[{"taxonomy":"product_brand","embeddable":true,"href":"https:\/\/libreriahistoriasdebolsillo.com\/index.php\/wp-json\/wp\/v2\/product_brand?post=4817"},{"taxonomy":"product_cat","embeddable":true,"href":"https:\/\/libreriahistoriasdebolsillo.com\/index.php\/wp-json\/wp\/v2\/product_cat?post=4817"},{"taxonomy":"product_tag","embeddable":true,"href":"https:\/\/libreriahistoriasdebolsillo.com\/index.php\/wp-json\/wp\/v2\/product_tag?post=4817"}],"curies":[{"name":"wp","href":"https:\/\/api.w.org\/{rel}","templated":true}]}}