{"id":4821,"date":"2024-05-09T16:16:19","date_gmt":"2024-05-09T22:16:19","guid":{"rendered":"https:\/\/libreriahistoriasdebolsillo.com\/?post_type=product&#038;p=4821"},"modified":"2024-06-11T16:22:30","modified_gmt":"2024-06-11T22:22:30","slug":"8-lecciones-de-liderazgo-militar-para-emprendedores","status":"publish","type":"product","link":"https:\/\/libreriahistoriasdebolsillo.com\/index.php\/producto\/8-lecciones-de-liderazgo-militar-para-emprendedores\/","title":{"rendered":"8 lecciones de liderazgo militar para emprendedores"},"content":{"rendered":"<p><b>El entrenamiento militar desarrolla grandes emprendedores. En este libro Robert T. Kiyosaki, autor de\u00a0<i>Padre Rico Padre Pobre<\/i>, el libro de finanzas personales #1 de todos los tiempos y bestseller de\u00a0<i>The New York Times<\/i>, te dice c\u00f3mo y por qu\u00e9.<\/b><\/p>\n<p><b>Descubre c\u00f3mo aplicar el entrenamiento militar para mejorar las probabilidades de tener \u00e9xito en el mundo empresarial.<\/b><\/p>\n<p>Las estad\u00edsticas muestran que nueve de cada 10 emprendedores fracasan en los primeros cinco a\u00f1os de su negocio. Por cada 10 que sobreviven, nueve fracasan en los siguientes cinco a\u00f1os. La pregunta es: \u00bfCu\u00e1l es la diferencia entre el\u00a0<b>emprendedor exitoso<\/b>\u00a0y los nueve que fracasan? \u00bfLa respuesta? El \u00e9xito como emprendedor requiere las mismas habilidades, valores y fortaleza de\u00a0<b>liderazgo<\/b>\u00a0inculcadas en el\u00a0<b>ej\u00e9rcito<\/b>.<\/p>\n<p>En este libro,\u00a0<b>Robert T. Kiyosaki\u00a0<\/b>contrasta las diferencias entre el \u00e9xito en el mundo civil y el mundo militar. Algunas de las secciones m\u00e1s importantes de\u00a0<i>8 lecciones de liderazgo militar<\/i>.<\/p>\n<p>&#8211; Misi\u00f3n.<\/p>\n<p>&#8211; Respeto.<\/p>\n<p>&#8211; Velocidad.<\/p>\n<p>&#8211; L\u00edderes como maestros.<\/p>\n<p>&#8211; Disciplina.<\/p>\n<p>&#8211; Autoridad.<\/p>\n<p>&#8211; El poder de la conectividad.<\/p>\n<p>&#8211; Ventas y liderazgo.<\/p>\n","protected":false},"excerpt":{"rendered":"<p>Robert T. Kiyosaki<\/p>\n","protected":false},"featured_media":4822,"template":"","meta":{"_joinchat":[]},"product_brand":[],"product_cat":[58,51],"product_tag":[34],"class_list":{"0":"post-4821","1":"product","2":"type-product","3":"status-publish","4":"has-post-thumbnail","6":"product_cat-desarrollo-humano-y-superacion","7":"product_cat-oferta","8":"product_tag-penguin-random-house","10":"first","11":"outofstock","12":"shipping-taxable","13":"purchasable","14":"product-type-simple"},"_links":{"self":[{"href":"https:\/\/libreriahistoriasdebolsillo.com\/index.php\/wp-json\/wp\/v2\/product\/4821","targetHints":{"allow":["GET"]}}],"collection":[{"href":"https:\/\/libreriahistoriasdebolsillo.com\/index.php\/wp-json\/wp\/v2\/product"}],"about":[{"href":"https:\/\/libreriahistoriasdebolsillo.com\/index.php\/wp-json\/wp\/v2\/types\/product"}],"wp:featuredmedia":[{"embeddable":true,"href":"https:\/\/libreriahistoriasdebolsillo.com\/index.php\/wp-json\/wp\/v2\/media\/4822"}],"wp:attachment":[{"href":"https:\/\/libreriahistoriasdebolsillo.com\/index.php\/wp-json\/wp\/v2\/media?parent=4821"}],"wp:term":[{"taxonomy":"product_brand","embeddable":true,"href":"https:\/\/libreriahistoriasdebolsillo.com\/index.php\/wp-json\/wp\/v2\/product_brand?post=4821"},{"taxonomy":"product_cat","embeddable":true,"href":"https:\/\/libreriahistoriasdebolsillo.com\/index.php\/wp-json\/wp\/v2\/product_cat?post=4821"},{"taxonomy":"product_tag","embeddable":true,"href":"https:\/\/libreriahistoriasdebolsillo.com\/index.php\/wp-json\/wp\/v2\/product_tag?post=4821"}],"curies":[{"name":"wp","href":"https:\/\/api.w.org\/{rel}","templated":true}]}}