{"id":4846,"date":"2024-05-10T14:29:40","date_gmt":"2024-05-10T20:29:40","guid":{"rendered":"https:\/\/libreriahistoriasdebolsillo.com\/?post_type=product&#038;p=4846"},"modified":"2024-10-15T11:30:45","modified_gmt":"2024-10-15T17:30:45","slug":"rebelion-en-la-granja-pasta-dura","status":"publish","type":"product","link":"https:\/\/libreriahistoriasdebolsillo.com\/index.php\/producto\/rebelion-en-la-granja-pasta-dura\/","title":{"rendered":"Rebeli\u00f3n en la granja (Pasta dura)"},"content":{"rendered":"<p>Un d\u00eda, los animales de una granja se rebelan contra el trato desconsiderado y cruel que reciben por parte de sus due\u00f1os humanos y se apoderan de la granja.<\/p>\n<p>Movidos por un esp\u00edritu idealista, comienzan a gestionar la granja por su cuenta con el prop\u00f3sito de construir un mundo mejor en el que todos los animales sean libres e iguales. Sin embargo, pronto queda claro que la igualdad entre los animales no existe y que la libertad es un sue\u00f1o perecedero.<\/p>\n<p>Esta f\u00e1bula atemporal de George Orwell sobre la revoluci\u00f3n en busca de la igualdad y la libertad es una de las reflexiones m\u00e1s afiladas sobre el efecto corruptor del poder. La rapidez con que nuestras visiones de un mundo mejor pueden convertirse en una pesadilla totalitaria es la advertencia que confirma la enorme vigencia de esta obra en nuestros d\u00edas.<\/p>\n","protected":false},"excerpt":{"rendered":"<p>Geroge Orwell<\/p>\n","protected":false},"featured_media":4847,"template":"","meta":{"_joinchat":[]},"product_brand":[],"product_cat":[42,51],"product_tag":[47],"class_list":{"0":"post-4846","1":"product","2":"type-product","3":"status-publish","4":"has-post-thumbnail","6":"product_cat-literatura-clasica","7":"product_cat-oferta","8":"product_tag-editories-mexicanos-unidos","10":"first","11":"outofstock","12":"shipping-taxable","13":"purchasable","14":"product-type-simple"},"_links":{"self":[{"href":"https:\/\/libreriahistoriasdebolsillo.com\/index.php\/wp-json\/wp\/v2\/product\/4846","targetHints":{"allow":["GET"]}}],"collection":[{"href":"https:\/\/libreriahistoriasdebolsillo.com\/index.php\/wp-json\/wp\/v2\/product"}],"about":[{"href":"https:\/\/libreriahistoriasdebolsillo.com\/index.php\/wp-json\/wp\/v2\/types\/product"}],"wp:featuredmedia":[{"embeddable":true,"href":"https:\/\/libreriahistoriasdebolsillo.com\/index.php\/wp-json\/wp\/v2\/media\/4847"}],"wp:attachment":[{"href":"https:\/\/libreriahistoriasdebolsillo.com\/index.php\/wp-json\/wp\/v2\/media?parent=4846"}],"wp:term":[{"taxonomy":"product_brand","embeddable":true,"href":"https:\/\/libreriahistoriasdebolsillo.com\/index.php\/wp-json\/wp\/v2\/product_brand?post=4846"},{"taxonomy":"product_cat","embeddable":true,"href":"https:\/\/libreriahistoriasdebolsillo.com\/index.php\/wp-json\/wp\/v2\/product_cat?post=4846"},{"taxonomy":"product_tag","embeddable":true,"href":"https:\/\/libreriahistoriasdebolsillo.com\/index.php\/wp-json\/wp\/v2\/product_tag?post=4846"}],"curies":[{"name":"wp","href":"https:\/\/api.w.org\/{rel}","templated":true}]}}