{"id":4922,"date":"2024-05-20T12:39:29","date_gmt":"2024-05-20T18:39:29","guid":{"rendered":"https:\/\/libreriahistoriasdebolsillo.com\/?post_type=product&#038;p=4922"},"modified":"2024-09-19T15:42:07","modified_gmt":"2024-09-19T21:42:07","slug":"la-mujer-que-soy","status":"publish","type":"product","link":"https:\/\/libreriahistoriasdebolsillo.com\/index.php\/producto\/la-mujer-que-soy\/","title":{"rendered":"La mujer que soy"},"content":{"rendered":"<p><i><b>La mujer que soy<\/b><\/i><b>\u00a0es una historia valiente y asombrosamente conmovedora sobre la libertad, la fama, la maternidad, la supervivencia, la fe y la esperanza.<\/b><\/p>\n<p>En junio de 2021, el mundo entero escuch\u00f3 hablar a\u00a0<b>Britney Spears<\/b>\u00a0en una audiencia p\u00fablica. El impacto que caus\u00f3 al compartir su voz, su verdad, fue innegable, y cambi\u00f3 el rumbo de su vida y el de la de infinidad de personas.\u00a0<i>La mujer que soy<\/i>\u00a0revela por primera vez la incre\u00edble peripecia vital y la fuerza interior de una de las mejores artistas de la historia de la m\u00fasica pop.<\/p>\n<p>Escritas con una franqueza y un humor extraordinarios, las impactantes memorias de Spears ilustran el poder imperecedero de la m\u00fasica y el amor, y la importancia de que una mujer, por fin, cuente su propia historia, en sus propios t\u00e9rminos.<\/p>\n","protected":false},"excerpt":{"rendered":"<p>Britney Spears<\/p>\n","protected":false},"featured_media":4923,"template":"","meta":{"_joinchat":[]},"product_brand":[],"product_cat":[41],"product_tag":[34],"class_list":{"0":"post-4922","1":"product","2":"type-product","3":"status-publish","4":"has-post-thumbnail","6":"product_cat-desarrollo-humano","7":"product_tag-penguin-random-house","9":"first","10":"outofstock","11":"shipping-taxable","12":"purchasable","13":"product-type-simple"},"_links":{"self":[{"href":"https:\/\/libreriahistoriasdebolsillo.com\/index.php\/wp-json\/wp\/v2\/product\/4922","targetHints":{"allow":["GET"]}}],"collection":[{"href":"https:\/\/libreriahistoriasdebolsillo.com\/index.php\/wp-json\/wp\/v2\/product"}],"about":[{"href":"https:\/\/libreriahistoriasdebolsillo.com\/index.php\/wp-json\/wp\/v2\/types\/product"}],"wp:featuredmedia":[{"embeddable":true,"href":"https:\/\/libreriahistoriasdebolsillo.com\/index.php\/wp-json\/wp\/v2\/media\/4923"}],"wp:attachment":[{"href":"https:\/\/libreriahistoriasdebolsillo.com\/index.php\/wp-json\/wp\/v2\/media?parent=4922"}],"wp:term":[{"taxonomy":"product_brand","embeddable":true,"href":"https:\/\/libreriahistoriasdebolsillo.com\/index.php\/wp-json\/wp\/v2\/product_brand?post=4922"},{"taxonomy":"product_cat","embeddable":true,"href":"https:\/\/libreriahistoriasdebolsillo.com\/index.php\/wp-json\/wp\/v2\/product_cat?post=4922"},{"taxonomy":"product_tag","embeddable":true,"href":"https:\/\/libreriahistoriasdebolsillo.com\/index.php\/wp-json\/wp\/v2\/product_tag?post=4922"}],"curies":[{"name":"wp","href":"https:\/\/api.w.org\/{rel}","templated":true}]}}