{"id":4930,"date":"2024-05-20T13:51:21","date_gmt":"2024-05-20T19:51:21","guid":{"rendered":"https:\/\/libreriahistoriasdebolsillo.com\/?post_type=product&#038;p=4930"},"modified":"2026-03-10T16:05:11","modified_gmt":"2026-03-10T22:05:11","slug":"lecciones-de-epicureismo","status":"publish","type":"product","link":"https:\/\/libreriahistoriasdebolsillo.com\/index.php\/producto\/lecciones-de-epicureismo\/","title":{"rendered":"Lecciones de epicure\u00edsmo"},"content":{"rendered":"<p><b>Filosof\u00eda antigua y mediterr\u00e1nea para la vida moderna. <\/b><b>Un ant\u00eddoto epic\u00fareo contra la ansiedad.<\/b><\/p>\n<p>\u00bfC\u00f3mo vivir una vida feliz? Hace m\u00e1s de dos mil a\u00f1os, Epicuro ofreci\u00f3 una respuesta simple: lo \u00fanico que realmente necesitamos es\u00a0<b>placer.<\/b><\/p>\n<p>Hoy tendemos a asociar la palabra \u00abepic\u00fareo\u00bb con el exceso indulgente, pero el\u00a0<b>hedonismo ligero<\/b>\u00a0y la auto<b>complacencia decadente<\/b>\u00a0est\u00e1n a a\u00f1os luzde la vida placentera que persegu\u00edan estos fil\u00f3sofos, m\u00e1s preocupados por los\u00a0<b>placeres mentales<\/b>\u00a0y por\u00a0<b>eludir el dolor<\/b>\u00a0incluso en los tiempos dif\u00edciles. Su objetivo, en definitiva, era una existencia\u00a0<b>de tranquilidad<\/b>\u00a0y\u00a0<b>satisfacci\u00f3n.<\/b><\/p>\n<p>En este libroelegante y original, John Sellars nos lleva a trav\u00e9s de la historia del\u00a0<b>epicure\u00edsmo<\/b>, desde un jard\u00edn privado en las afueras de la antigua Atenas, donde vivi\u00f3 Epicuro y las mujeres eran tan bienvenidas como los hombres, hasta Roma, donde la influencia epic\u00farea floreci\u00f3 gracias al poeta Lucrecio y su cohorte. Sellars invita a repensar nuestro lugar en el mundo y a valorar la importancia de la alegr\u00eda, la naturaleza y el simple hecho de estar vivos.<\/p>\n","protected":false},"excerpt":{"rendered":"<p>John Sellars<\/p>\n","protected":false},"featured_media":4931,"template":"","meta":{"_joinchat":[]},"product_brand":[],"product_cat":[61,41],"product_tag":[34],"class_list":{"0":"post-4930","1":"product","2":"type-product","3":"status-publish","4":"has-post-thumbnail","6":"product_cat-filosofia","7":"product_cat-desarrollo-humano","8":"product_tag-penguin-random-house","10":"first","11":"outofstock","12":"shipping-taxable","13":"purchasable","14":"product-type-simple"},"_links":{"self":[{"href":"https:\/\/libreriahistoriasdebolsillo.com\/index.php\/wp-json\/wp\/v2\/product\/4930","targetHints":{"allow":["GET"]}}],"collection":[{"href":"https:\/\/libreriahistoriasdebolsillo.com\/index.php\/wp-json\/wp\/v2\/product"}],"about":[{"href":"https:\/\/libreriahistoriasdebolsillo.com\/index.php\/wp-json\/wp\/v2\/types\/product"}],"wp:featuredmedia":[{"embeddable":true,"href":"https:\/\/libreriahistoriasdebolsillo.com\/index.php\/wp-json\/wp\/v2\/media\/4931"}],"wp:attachment":[{"href":"https:\/\/libreriahistoriasdebolsillo.com\/index.php\/wp-json\/wp\/v2\/media?parent=4930"}],"wp:term":[{"taxonomy":"product_brand","embeddable":true,"href":"https:\/\/libreriahistoriasdebolsillo.com\/index.php\/wp-json\/wp\/v2\/product_brand?post=4930"},{"taxonomy":"product_cat","embeddable":true,"href":"https:\/\/libreriahistoriasdebolsillo.com\/index.php\/wp-json\/wp\/v2\/product_cat?post=4930"},{"taxonomy":"product_tag","embeddable":true,"href":"https:\/\/libreriahistoriasdebolsillo.com\/index.php\/wp-json\/wp\/v2\/product_tag?post=4930"}],"curies":[{"name":"wp","href":"https:\/\/api.w.org\/{rel}","templated":true}]}}